{"id":34651,"date":"2015-04-01T18:48:05","date_gmt":"2015-04-01T18:48:05","guid":{"rendered":"http:\/\/homolog.saopaulo.sp.leg.br\/apartes-anteriores\/?page_id=34651"},"modified":"2016-11-30T18:34:47","modified_gmt":"2016-11-30T20:34:47","slug":"prioridade-as-gestantes","status":"publish","type":"page","link":"https:\/\/homolog.saopaulo.sp.leg.br\/apartes-anteriores\/revista-apartes\/numero-6-marco-abril2014\/prioridade-as-gestantes\/","title":{"rendered":"N\u00ba06 \u2013 Especial Mulher"},"content":{"rendered":"<h1><strong><span style=\"color: #800000\">Prioridade \u00e0s gestantes<\/span><\/strong><\/h1>\n<h2>Leis garantem vagas reservadas em estacionamento e exame de HIV gratuito para gr\u00e1vidas<\/h2>\n<p><strong>Gisele Machado<\/strong> | <a href=\"mailto:gisele@saopaulo.sp.leg.br\">gisele@saopaulo.sp.leg.br<\/a><\/p>\n<p><!-- imagem TOTAL - com legenda - CENTRALIZADA --><\/p>\n<div style=\"width: 100%;margin-right: 1.5em;margin-bottom: 1.5em\">\n<div style=\"padding: 5px;background-color: #eee !important\">\n<p><a href=\"http:\/\/homolog.saopaulo.sp.leg.br\/apartes-anteriores\/wp-content\/uploads\/sites\/9\/2015\/09\/apartes_marabr14__Page_12_Image_0001.jpg\"><img loading=\"lazy\" decoding=\"async\" class=\"alignnone wp-image-34736\" src=\"http:\/\/homolog.saopaulo.sp.leg.br\/apartes-anteriores\/wp-content\/uploads\/sites\/9\/2015\/09\/apartes_marabr14__Page_12_Image_0001.jpg\" alt=\"apartes_marabr14__Page_12_Image_0001\" width=\"640\" height=\"517\" srcset=\"https:\/\/homolog.saopaulo.sp.leg.br\/apartes-anteriores\/wp-content\/uploads\/sites\/9\/2015\/09\/apartes_marabr14__Page_12_Image_0001.jpg 700w, https:\/\/homolog.saopaulo.sp.leg.br\/apartes-anteriores\/wp-content\/uploads\/sites\/9\/2015\/09\/apartes_marabr14__Page_12_Image_0001-300x243.jpg 300w\" sizes=\"auto, (max-width: 640px) 100vw, 640px\" \/><\/a><\/p>\n<p style=\"font-size: 0.8em;line-height: 1.1em;text-align: center;margin: -1.5em 0px 7px 0px;color: #333;!important;background-color: transparent !important\" align=\"center\">ESPA\u00c7O &#8211; Shopping Frei Caneca reserva seis vagas para gestantes, pr\u00f3ximas aos elevadores<\/p>\n<\/div>\n<p style=\"font-size: 0.5em;line-height: 1.1em;text-align: right;margin: 4px 0px 7px 0px;background-color: transparent !important\">Divulga\u00e7\u00e3o<\/p>\n<\/div>\n<p><!-- imagem TOTAL - com legenda - CENTRALIZADA --><\/p>\n<p>Os estacionamentos de shopping centers, centros comerciais e hipermercados da cidade est\u00e3o obrigados, desde o final do ano passado, a ter vagas especiais para gestantes e pessoas com crian\u00e7as de at\u00e9 dois anos. De acordo com a Lei 15.763\/2013, do vereador Aur\u00e9lio Nomura (PSDB), a reserva de vagas especiais deve ser feita na propor\u00e7\u00e3o de uma a cada 250. O descumprimento pode acarretar multa di\u00e1ria de R$ 500, enquanto persistir a infra\u00e7\u00e3o.<\/p>\n<p><!-- imagem MEDIA - com legenda - LADO ESQUERDO --><\/p>\n<div style=\"float: left;width: 219px;margin-right: 1.5em;margin-bottom: 1.5em\">\n<div style=\"float: left;padding: 5px;background-color: #eee !important\">\n<p><a href=\"http:\/\/homolog.saopaulo.sp.leg.br\/apartes-anteriores\/wp-content\/uploads\/sites\/9\/2015\/09\/apartes_marabr14__Page_12_Image_0003.jpg\"><img loading=\"lazy\" decoding=\"async\" class=\"alignnone size-full wp-image-34738\" src=\"http:\/\/homolog.saopaulo.sp.leg.br\/apartes-anteriores\/wp-content\/uploads\/sites\/9\/2015\/09\/apartes_marabr14__Page_12_Image_0003.jpg\" alt=\"apartes_marabr14__Page_12_Image_0003\" width=\"209\" height=\"277\" \/><\/a><\/p>\n<p style=\"font-size: 0.8em;line-height: 1.1em;text-align: center;margin: -1.5em 0px 7px 0px;color: #333;!important;background-color: transparent !important\" align=\"center\">MULTA &#8211; Vereador Aur\u00e9lio Nomura, autor da lei que multa estabelecimentos sem vagas reservadas a gestantes<\/p>\n<\/div>\n<p style=\"font-size: 0.5em;line-height: 1.1em;text-align: right;margin: 4px 0px 7px 0px;background-color: transparent !important\">Marcelo Ximenez\/CMSP<\/p>\n<\/div>\n<p><!-- imagem MEDIA - com legenda - LADO ESQUERDO --><\/p>\n<p>Com essa iniciativa, o parlamentar pretende preencher uma lacuna: as leis j\u00e1 garantem atendimento priorit\u00e1rio \u00e0s gr\u00e1vidas e pessoas com beb\u00eas nas filas de bancos e de supermercados, al\u00e9m de assentos espec\u00edficos no transporte coletivo, mas faltava a reserva nos estacionamentos paulistanos.<\/p>\n<p>As vagas reservadas pela Lei 15.763 dever\u00e3o estar pr\u00f3ximas de elevadores, da entrada do estabelecimento ou da rua. \u201cToda gestante tem mobilidade reduzida, e o primeiro trimestre (da gesta\u00e7\u00e3o) \u00e9 o mais cr\u00edtico. Nos meses seguintes, o ganho de peso e o crescimento da barriga geram grande sobrecarga \u00e0 coluna vertebral e ao sistema cardiorrespirat\u00f3rio, gerando desconforto e cansa\u00e7o\u201d, explica Nomura na justificativa da lei.<\/p>\n<h2><strong>Teste de HIV gratuito<\/strong><\/h2>\n<p><!-- imagem MEDIA - com legenda - LADO DIREITO --><\/p>\n<div style=\"float: right;width: 219px;margin-left: 1.5em;margin-bottom: 1.5em\">\n<div style=\"float: right;padding: 5px;background-color: #eee !important\">\n<p><a href=\"http:\/\/homolog.saopaulo.sp.leg.br\/apartes-anteriores\/wp-content\/uploads\/sites\/9\/2015\/09\/apartes_marabr14__Page_12_Image_0002.jpg\"><img loading=\"lazy\" decoding=\"async\" class=\"alignnone size-full wp-image-34739\" src=\"http:\/\/homolog.saopaulo.sp.leg.br\/apartes-anteriores\/wp-content\/uploads\/sites\/9\/2015\/09\/apartes_marabr14__Page_12_Image_0002.jpg\" alt=\"apartes_marabr14__Page_12_Image_0002\" width=\"209\" height=\"275\" \/><\/a><\/p>\n<p style=\"font-size: 0.8em;line-height: 1.1em;text-align: center;margin: -1.5em 0px 7px 0px;color: #333;!important;background-color: transparent !important\" align=\"center\">PROTE\u00c7\u00c3O &#8211; Lei elaborada por Juliana Cardoso garante leite a beb\u00eas de m\u00e3es soropositivas<\/p>\n<\/div>\n<p style=\"font-size: 0.5em;line-height: 1.1em;text-align: right;margin: 4px 0px 7px 0px;background-color: transparent !important\">Ricardo Rocha\/CMSP<\/p>\n<\/div>\n<p><!-- imagem MEDIA - com legenda - LADO DIREITO --><\/p>\n<p>Tamb\u00e9m voltada \u00e0s gestantes, a Lei 15.943\/2013, sancionada pelo Executivo em dezembro, garante o teste para detec\u00e7\u00e3o do v\u00edrus HIV (que ataca o sistema imunol\u00f3gico humano e causa a aids) na rede p\u00fablica municipal de sa\u00fade. O projeto da lei, de autoria da vereadora Juliana Cardoso (PT) e do ex-vereador Carlos Neder (PT), diz que a gestante receber\u00e1 informa\u00e7\u00f5es antes do exame, para ent\u00e3o decidir se far\u00e1 o procedimento.<\/p>\n<p>Em caso de diagn\u00f3stico positivo para HIV, est\u00e1 garantido \u00e0 m\u00e3e e ao rec\u00e9m-nascido o recebimento de medicamentos antirretrovirais, al\u00e9m de outros que forem necess\u00e1rios. O governo tamb\u00e9m dever\u00e1 prover leite ao beb\u00ea da m\u00e3e soropositiva. \u201cO mais importante da lei, al\u00e9m da obrigatoriedade do teste nas gestantes, \u00e9 a garantia que a portadora do v\u00edrus receba da rede p\u00fablica leite necess\u00e1rio para a sobreviv\u00eancia do rec\u00e9m-nascido at\u00e9 seu segundo ano de vida\u201d, destaca Juliana Cardoso. \u201cCom isso, o risco de contamina\u00e7\u00e3o pelo leite materno \u00e9 eliminado\u201d, completa a parlamentar.<\/p>\n<p>Segundo o Minist\u00e9rio da Sa\u00fade, a taxa de transmiss\u00e3o do HIV de m\u00e3e para filho durante a gravidez, sem qualquer tratamento, pode ser de 20%. A possibilidade de infec\u00e7\u00e3o do beb\u00ea cai para menos de 1% se a gr\u00e1vida e a crian\u00e7a usarem rem\u00e9dios antirretrovirais, se houver parto ces\u00e1reo e se a m\u00e3e n\u00e3o amamentar.<\/p>\n<p><!-- COMENTE SOBRE ESSA MATERIA --><\/p>\n<table border=\"0\" width=\"640px\" cellspacing=\"0\" cellpadding=\"0\">\n<tbody>\n<tr>\n<td align=\"center\" width=\"50%\"><!-- imagem MEDIA - com legenda - LADO ESQUERDO --><\/p>\n<div style=\"float: left;width: 320px;margin-right: 1.5em;margin-bottom: 1.5em\">\n<div style=\"float: left;padding: 5px;background-color: transparent !important\"><a href=\"http:\/\/homolog.saopaulo.sp.leg.br\/apartes-anteriores\/wp-content\/uploads\/sites\/9\/2015\/09\/prevencao_ao_hiv.png\"><img loading=\"lazy\" decoding=\"async\" class=\"alignnone wp-image-34741\" src=\"http:\/\/homolog.saopaulo.sp.leg.br\/apartes-anteriores\/wp-content\/uploads\/sites\/9\/2015\/09\/prevencao_ao_hiv.png\" alt=\"prevencao_ao_hiv\" width=\"310\" height=\"310\" srcset=\"https:\/\/homolog.saopaulo.sp.leg.br\/apartes-anteriores\/wp-content\/uploads\/sites\/9\/2015\/09\/prevencao_ao_hiv.png 472w, https:\/\/homolog.saopaulo.sp.leg.br\/apartes-anteriores\/wp-content\/uploads\/sites\/9\/2015\/09\/prevencao_ao_hiv-150x150.png 150w, https:\/\/homolog.saopaulo.sp.leg.br\/apartes-anteriores\/wp-content\/uploads\/sites\/9\/2015\/09\/prevencao_ao_hiv-300x300.png 300w\" sizes=\"auto, (max-width: 310px) 100vw, 310px\" \/><\/a><\/div>\n<\/div>\n<p><!-- imagem MEDIA - com legenda - LADO ESQUERDO --><\/td>\n<td align=\"center\" width=\"50%\"><!-- imagem MEDIA - com legenda - LADO DIREITO --><\/p>\n<div style=\"float: right;width: 320px;margin-left: 1.5em;margin-bottom: 1.5em\">\n<div style=\"float: right;padding: 5px;background-color: transparent !important\"><a href=\"http:\/\/homolog.saopaulo.sp.leg.br\/apartes-anteriores\/wp-content\/uploads\/sites\/9\/2015\/09\/vagas_em_estacionamento.png\"><img loading=\"lazy\" decoding=\"async\" class=\"alignnone wp-image-34742\" src=\"http:\/\/homolog.saopaulo.sp.leg.br\/apartes-anteriores\/wp-content\/uploads\/sites\/9\/2015\/09\/vagas_em_estacionamento.png\" alt=\"vagas_em_estacionamento\" width=\"310\" height=\"310\" srcset=\"https:\/\/homolog.saopaulo.sp.leg.br\/apartes-anteriores\/wp-content\/uploads\/sites\/9\/2015\/09\/vagas_em_estacionamento.png 591w, https:\/\/homolog.saopaulo.sp.leg.br\/apartes-anteriores\/wp-content\/uploads\/sites\/9\/2015\/09\/vagas_em_estacionamento-150x150.png 150w, https:\/\/homolog.saopaulo.sp.leg.br\/apartes-anteriores\/wp-content\/uploads\/sites\/9\/2015\/09\/vagas_em_estacionamento-300x300.png 300w\" sizes=\"auto, (max-width: 310px) 100vw, 310px\" \/><\/a><\/div>\n<\/div>\n<p><!-- imagem MEDIA - com legenda - LADO DIREITO --><\/td>\n<\/tr>\n<\/tbody>\n<\/table>\n<p><!-- COMENTE SOBRE ESSA MATERIA --><\/p>\n<p><!-- COMENTE SOBRE ESSA MATERIA --><\/p>\n<table border=\"0\" cellspacing=\"0\" cellpadding=\"0\">\n<tbody>\n<tr>\n<td align=\"center\" width=\"50%\">\n<h5>Comente sobre essa mat\u00e9ria:<\/h5>\n<p><a style=\"font-family: 'Helvetica Neue', 'Helvetica', Helvetica, Arial, sans-serif;color: #fff;font-size: 12px;text-decoration: none;font-weight: bold;text-align: center;background-color: #3b5998 !important;margin: 0 0 10px;padding: 3px 7px\" title=\"Facebook da revista Apartes\" href=\"https:\/\/www.facebook.com\/RevistaApartes\" target=\"_blank\">Facebook<\/a> <a style=\"font-family: 'Helvetica Neue', 'Helvetica', Helvetica, Arial, sans-serif;color: #fff;font-size: 12px;text-decoration: none;font-weight: bold;text-align: center;background-color: #1daced !important;margin: 0 0 10px;padding: 3px 7px\" title=\"Twitter da revista Apartes\" href=\"https:\/\/twitter.com\/RevistaApartes\" target=\"_blank\">Twitter<\/a><\/td>\n<td align=\"center\" width=\"50%\">\n<h5>Envie cr\u00edticas ou sugest\u00f5es:<\/h5>\n<p>Email: <strong><a href=\"mailto:apartes@saopaulo.sp.leg.br\">apartes@saopaulo.sp.leg.br<\/a><\/strong><\/td>\n<\/tr>\n<\/tbody>\n<\/table>\n<p><!-- COMENTE SOBRE ESSA MATERIA --><\/p>\n","protected":false},"excerpt":{"rendered":"<p>Prioridade \u00e0s gestantes Leis garantem vagas reservadas em estacionamento e exame de HIV gratuito para gr\u00e1vidas Gisele Machado | gisele@saopaulo.sp.leg.br ESPA\u00c7O &#8211; Shopping Frei Caneca reserva seis vagas para gestantes, pr\u00f3ximas aos elevadores Divulga\u00e7\u00e3o Os estacionamentos de shopping centers, centros comerciais e hipermercados da cidade est\u00e3o obrigados, desde o final do ano passado, a ter [&hellip;]<\/p>\n","protected":false},"author":109,"featured_media":0,"parent":24326,"menu_order":6,"comment_status":"closed","ping_status":"closed","template":"","meta":{"footnotes":""},"class_list":["post-34651","page","type-page","status-publish","hentry"],"meta_all":{"_edit_lock":["1480537950:109"],"_edit_last":["109"],"_wp_page_template":["default"],"_cmsp_page_download-files":["a:1:{i:0;a:1:{s:4:\"type\";s:3:\"pdf\";}}"],"_cmsp_feature-page_title":["Prioridade \u00e0s gestantes"],"_yoast_wpseo_title":["Prioridade \u00e0s gestantes"],"_yoast_wpseo_bctitle":["Prioridade \u00e0s gestantes"],"_yoast_wpseo_opengraph-title":["Prioridade \u00e0s gestantes"],"_yoast_wpseo_opengraph-description":["Leis garantem vagas reservadas em estacionamento e exame de HIV gratuito para gr\u00e1vidas"],"_yoast_wpseo_twitter-title":["Prioridade \u00e0s gestantes"],"_yoast_wpseo_twitter-description":["Leis garantem vagas reservadas em estacionamento e exame de HIV gratuito para gr\u00e1vidas"],"_yoast_wpseo_content_score":["60"]},"meta_all_2":{"_edit_lock":["1480537950:109"],"_edit_last":["109"],"_wp_page_template":["default"],"_cmsp_page_download-files":["a:1:{i:0;a:1:{s:4:\"type\";s:3:\"pdf\";}}"],"_cmsp_feature-page_title":["Prioridade \u00e0s gestantes"],"_yoast_wpseo_title":["Prioridade \u00e0s gestantes"],"_yoast_wpseo_bctitle":["Prioridade \u00e0s gestantes"],"_yoast_wpseo_opengraph-title":["Prioridade \u00e0s gestantes"],"_yoast_wpseo_opengraph-description":["Leis garantem vagas reservadas em estacionamento e exame de HIV gratuito para gr\u00e1vidas"],"_yoast_wpseo_twitter-title":["Prioridade \u00e0s gestantes"],"_yoast_wpseo_twitter-description":["Leis garantem vagas reservadas em estacionamento e exame de HIV gratuito para gr\u00e1vidas"],"_yoast_wpseo_content_score":["60"]},"yoast_head":"<!-- This site is optimized with the Yoast SEO plugin v27.4 - https:\/\/yoast.com\/product\/yoast-seo-wordpress\/ -->\r\n<title>Prioridade \u00e0s gestantes<\/title>\r\n<meta name=\"robots\" content=\"noindex, follow, max-snippet:-1, max-image-preview:large, max-video-preview:-1\" \/>\r\n<meta property=\"og:locale\" content=\"pt_BR\" \/>\r\n<meta property=\"og:type\" content=\"article\" \/>\r\n<meta property=\"og:title\" content=\"Prioridade \u00e0s gestantes\" \/>\r\n<meta property=\"og:description\" content=\"Leis garantem vagas reservadas em estacionamento e exame de HIV gratuito para gr\u00e1vidas\" \/>\r\n<meta property=\"og:url\" content=\"https:\/\/www.saopaulo.sp.leg.br\/apartes-anteriores\/revista-apartes\/numero-6-marco-abril2014\/prioridade-as-gestantes\/\" \/>\r\n<meta property=\"og:site_name\" content=\"Revista Apartes (edi\u00e7\u00f5es anteriores)\" \/>\r\n<meta property=\"article:publisher\" content=\"https:\/\/www.facebook.com\/RevistaApartes\/\" \/>\r\n<meta property=\"article:modified_time\" content=\"2016-11-30T20:34:47+00:00\" \/>\r\n<meta property=\"og:image\" content=\"http:\/\/www.saopaulo.sp.leg.br\/apartes-anteriores\/wp-content\/uploads\/sites\/9\/2015\/09\/apartes_marabr14__Page_12_Image_0001.jpg\" \/>\r\n<meta name=\"twitter:card\" content=\"summary_large_image\" \/>\r\n<meta name=\"twitter:title\" content=\"Prioridade \u00e0s gestantes\" \/>\r\n<meta name=\"twitter:description\" content=\"Leis garantem vagas reservadas em estacionamento e exame de HIV gratuito para gr\u00e1vidas\" \/>\r\n<meta name=\"twitter:site\" content=\"@revistaapartes\" \/>\r\n<meta name=\"twitter:label1\" content=\"Est. tempo de leitura\" \/>\n\t<meta name=\"twitter:data1\" content=\"3 minutos\" \/>\r\n<script type=\"application\/ld+json\" class=\"yoast-schema-graph\">{\"@context\":\"https:\\\/\\\/schema.org\",\"@graph\":[{\"@type\":\"WebPage\",\"@id\":\"https:\\\/\\\/www.saopaulo.sp.leg.br\\\/apartes-anteriores\\\/revista-apartes\\\/numero-6-marco-abril2014\\\/prioridade-as-gestantes\\\/\",\"url\":\"https:\\\/\\\/www.saopaulo.sp.leg.br\\\/apartes-anteriores\\\/revista-apartes\\\/numero-6-marco-abril2014\\\/prioridade-as-gestantes\\\/\",\"name\":\"Prioridade \u00e0s gestantes\",\"isPartOf\":{\"@id\":\"https:\\\/\\\/homolog.saopaulo.sp.leg.br\\\/apartes-anteriores\\\/#website\"},\"primaryImageOfPage\":{\"@id\":\"https:\\\/\\\/www.saopaulo.sp.leg.br\\\/apartes-anteriores\\\/revista-apartes\\\/numero-6-marco-abril2014\\\/prioridade-as-gestantes\\\/#primaryimage\"},\"image\":{\"@id\":\"https:\\\/\\\/www.saopaulo.sp.leg.br\\\/apartes-anteriores\\\/revista-apartes\\\/numero-6-marco-abril2014\\\/prioridade-as-gestantes\\\/#primaryimage\"},\"thumbnailUrl\":\"http:\\\/\\\/homolog.saopaulo.sp.leg.br\\\/apartes-anteriores\\\/wp-content\\\/uploads\\\/sites\\\/9\\\/2015\\\/09\\\/apartes_marabr14__Page_12_Image_0001.jpg\",\"datePublished\":\"2015-04-01T18:48:05+00:00\",\"dateModified\":\"2016-11-30T20:34:47+00:00\",\"breadcrumb\":{\"@id\":\"https:\\\/\\\/www.saopaulo.sp.leg.br\\\/apartes-anteriores\\\/revista-apartes\\\/numero-6-marco-abril2014\\\/prioridade-as-gestantes\\\/#breadcrumb\"},\"inLanguage\":\"pt-BR\",\"potentialAction\":[{\"@type\":\"ReadAction\",\"target\":[\"https:\\\/\\\/www.saopaulo.sp.leg.br\\\/apartes-anteriores\\\/revista-apartes\\\/numero-6-marco-abril2014\\\/prioridade-as-gestantes\\\/\"]}]},{\"@type\":\"ImageObject\",\"inLanguage\":\"pt-BR\",\"@id\":\"https:\\\/\\\/www.saopaulo.sp.leg.br\\\/apartes-anteriores\\\/revista-apartes\\\/numero-6-marco-abril2014\\\/prioridade-as-gestantes\\\/#primaryimage\",\"url\":\"https:\\\/\\\/homolog.saopaulo.sp.leg.br\\\/apartes-anteriores\\\/wp-content\\\/uploads\\\/sites\\\/9\\\/2015\\\/09\\\/apartes_marabr14__Page_12_Image_0001.jpg\",\"contentUrl\":\"https:\\\/\\\/homolog.saopaulo.sp.leg.br\\\/apartes-anteriores\\\/wp-content\\\/uploads\\\/sites\\\/9\\\/2015\\\/09\\\/apartes_marabr14__Page_12_Image_0001.jpg\",\"width\":700,\"height\":566},{\"@type\":\"BreadcrumbList\",\"@id\":\"https:\\\/\\\/www.saopaulo.sp.leg.br\\\/apartes-anteriores\\\/revista-apartes\\\/numero-6-marco-abril2014\\\/prioridade-as-gestantes\\\/#breadcrumb\",\"itemListElement\":[{\"@type\":\"ListItem\",\"position\":1,\"name\":\"Home\",\"item\":\"https:\\\/\\\/www.saopaulo.sp.leg.br\\\/apartes-anteriores\\\/\"},{\"@type\":\"ListItem\",\"position\":2,\"name\":\"Revista Apartes\",\"item\":\"https:\\\/\\\/www.saopaulo.sp.leg.br\\\/apartes-anteriores\\\/\"},{\"@type\":\"ListItem\",\"position\":3,\"name\":\"N\u00famero 06 &#8211; mar-abr\\\/2014\",\"item\":\"https:\\\/\\\/www.saopaulo.sp.leg.br\\\/apartes-anteriores\\\/revista-apartes\\\/numero-6-marco-abril2014\\\/\"},{\"@type\":\"ListItem\",\"position\":4,\"name\":\"Prioridade \u00e0s gestantes\"}]},{\"@type\":\"WebSite\",\"@id\":\"https:\\\/\\\/homolog.saopaulo.sp.leg.br\\\/apartes-anteriores\\\/#website\",\"url\":\"https:\\\/\\\/homolog.saopaulo.sp.leg.br\\\/apartes-anteriores\\\/\",\"name\":\"Revista Apartes (edi\u00e7\u00f5es anteriores)\",\"description\":\"Revista Apartes (edi\u00e7\u00f5es anteriores)\",\"potentialAction\":[{\"@type\":\"SearchAction\",\"target\":{\"@type\":\"EntryPoint\",\"urlTemplate\":\"https:\\\/\\\/homolog.saopaulo.sp.leg.br\\\/apartes-anteriores\\\/?s={search_term_string}\"},\"query-input\":{\"@type\":\"PropertyValueSpecification\",\"valueRequired\":true,\"valueName\":\"search_term_string\"}}],\"inLanguage\":\"pt-BR\"}]}<\/script>\r\n<!-- \/ Yoast SEO plugin. -->","yoast_head_json":{"title":"Prioridade \u00e0s gestantes","robots":{"index":"noindex","follow":"follow","max-snippet":"max-snippet:-1","max-image-preview":"max-image-preview:large","max-video-preview":"max-video-preview:-1"},"og_locale":"pt_BR","og_type":"article","og_title":"Prioridade \u00e0s gestantes","og_description":"Leis garantem vagas reservadas em estacionamento e exame de HIV gratuito para gr\u00e1vidas","og_url":"https:\/\/www.saopaulo.sp.leg.br\/apartes-anteriores\/revista-apartes\/numero-6-marco-abril2014\/prioridade-as-gestantes\/","og_site_name":"Revista Apartes (edi\u00e7\u00f5es anteriores)","article_publisher":"https:\/\/www.facebook.com\/RevistaApartes\/","article_modified_time":"2016-11-30T20:34:47+00:00","og_image":[{"url":"http:\/\/www.saopaulo.sp.leg.br\/apartes-anteriores\/wp-content\/uploads\/sites\/9\/2015\/09\/apartes_marabr14__Page_12_Image_0001.jpg","type":"","width":"","height":""}],"twitter_card":"summary_large_image","twitter_title":"Prioridade \u00e0s gestantes","twitter_description":"Leis garantem vagas reservadas em estacionamento e exame de HIV gratuito para gr\u00e1vidas","twitter_site":"@revistaapartes","twitter_misc":{"Est. tempo de leitura":"3 minutos"},"schema":{"@context":"https:\/\/schema.org","@graph":[{"@type":"WebPage","@id":"https:\/\/www.saopaulo.sp.leg.br\/apartes-anteriores\/revista-apartes\/numero-6-marco-abril2014\/prioridade-as-gestantes\/","url":"https:\/\/www.saopaulo.sp.leg.br\/apartes-anteriores\/revista-apartes\/numero-6-marco-abril2014\/prioridade-as-gestantes\/","name":"Prioridade \u00e0s gestantes","isPartOf":{"@id":"https:\/\/homolog.saopaulo.sp.leg.br\/apartes-anteriores\/#website"},"primaryImageOfPage":{"@id":"https:\/\/www.saopaulo.sp.leg.br\/apartes-anteriores\/revista-apartes\/numero-6-marco-abril2014\/prioridade-as-gestantes\/#primaryimage"},"image":{"@id":"https:\/\/www.saopaulo.sp.leg.br\/apartes-anteriores\/revista-apartes\/numero-6-marco-abril2014\/prioridade-as-gestantes\/#primaryimage"},"thumbnailUrl":"http:\/\/homolog.saopaulo.sp.leg.br\/apartes-anteriores\/wp-content\/uploads\/sites\/9\/2015\/09\/apartes_marabr14__Page_12_Image_0001.jpg","datePublished":"2015-04-01T18:48:05+00:00","dateModified":"2016-11-30T20:34:47+00:00","breadcrumb":{"@id":"https:\/\/www.saopaulo.sp.leg.br\/apartes-anteriores\/revista-apartes\/numero-6-marco-abril2014\/prioridade-as-gestantes\/#breadcrumb"},"inLanguage":"pt-BR","potentialAction":[{"@type":"ReadAction","target":["https:\/\/www.saopaulo.sp.leg.br\/apartes-anteriores\/revista-apartes\/numero-6-marco-abril2014\/prioridade-as-gestantes\/"]}]},{"@type":"ImageObject","inLanguage":"pt-BR","@id":"https:\/\/www.saopaulo.sp.leg.br\/apartes-anteriores\/revista-apartes\/numero-6-marco-abril2014\/prioridade-as-gestantes\/#primaryimage","url":"https:\/\/homolog.saopaulo.sp.leg.br\/apartes-anteriores\/wp-content\/uploads\/sites\/9\/2015\/09\/apartes_marabr14__Page_12_Image_0001.jpg","contentUrl":"https:\/\/homolog.saopaulo.sp.leg.br\/apartes-anteriores\/wp-content\/uploads\/sites\/9\/2015\/09\/apartes_marabr14__Page_12_Image_0001.jpg","width":700,"height":566},{"@type":"BreadcrumbList","@id":"https:\/\/www.saopaulo.sp.leg.br\/apartes-anteriores\/revista-apartes\/numero-6-marco-abril2014\/prioridade-as-gestantes\/#breadcrumb","itemListElement":[{"@type":"ListItem","position":1,"name":"Home","item":"https:\/\/www.saopaulo.sp.leg.br\/apartes-anteriores\/"},{"@type":"ListItem","position":2,"name":"Revista Apartes","item":"https:\/\/www.saopaulo.sp.leg.br\/apartes-anteriores\/"},{"@type":"ListItem","position":3,"name":"N\u00famero 06 &#8211; mar-abr\/2014","item":"https:\/\/www.saopaulo.sp.leg.br\/apartes-anteriores\/revista-apartes\/numero-6-marco-abril2014\/"},{"@type":"ListItem","position":4,"name":"Prioridade \u00e0s gestantes"}]},{"@type":"WebSite","@id":"https:\/\/homolog.saopaulo.sp.leg.br\/apartes-anteriores\/#website","url":"https:\/\/homolog.saopaulo.sp.leg.br\/apartes-anteriores\/","name":"Revista Apartes (edi\u00e7\u00f5es anteriores)","description":"Revista Apartes (edi\u00e7\u00f5es anteriores)","potentialAction":[{"@type":"SearchAction","target":{"@type":"EntryPoint","urlTemplate":"https:\/\/homolog.saopaulo.sp.leg.br\/apartes-anteriores\/?s={search_term_string}"},"query-input":{"@type":"PropertyValueSpecification","valueRequired":true,"valueName":"search_term_string"}}],"inLanguage":"pt-BR"}]}},"_links":{"self":[{"href":"https:\/\/homolog.saopaulo.sp.leg.br\/apartes-anteriores\/wp-json\/wp\/v2\/pages\/34651","targetHints":{"allow":["GET"]}}],"collection":[{"href":"https:\/\/homolog.saopaulo.sp.leg.br\/apartes-anteriores\/wp-json\/wp\/v2\/pages"}],"about":[{"href":"https:\/\/homolog.saopaulo.sp.leg.br\/apartes-anteriores\/wp-json\/wp\/v2\/types\/page"}],"author":[{"embeddable":true,"href":"https:\/\/homolog.saopaulo.sp.leg.br\/apartes-anteriores\/wp-json\/wp\/v2\/users\/109"}],"replies":[{"embeddable":true,"href":"https:\/\/homolog.saopaulo.sp.leg.br\/apartes-anteriores\/wp-json\/wp\/v2\/comments?post=34651"}],"version-history":[{"count":5,"href":"https:\/\/homolog.saopaulo.sp.leg.br\/apartes-anteriores\/wp-json\/wp\/v2\/pages\/34651\/revisions"}],"predecessor-version":[{"id":34744,"href":"https:\/\/homolog.saopaulo.sp.leg.br\/apartes-anteriores\/wp-json\/wp\/v2\/pages\/34651\/revisions\/34744"}],"up":[{"embeddable":true,"href":"https:\/\/homolog.saopaulo.sp.leg.br\/apartes-anteriores\/wp-json\/wp\/v2\/pages\/24326"}],"wp:attachment":[{"href":"https:\/\/homolog.saopaulo.sp.leg.br\/apartes-anteriores\/wp-json\/wp\/v2\/media?parent=34651"}],"curies":[{"name":"wp","href":"https:\/\/api.w.org\/{rel}","templated":true}]}}