{"id":36154,"date":"2016-07-12T17:47:09","date_gmt":"2016-07-12T20:47:09","guid":{"rendered":"http:\/\/homolog.saopaulo.sp.leg.br\/apartes-anteriores\/?page_id=36154"},"modified":"2016-11-30T15:59:05","modified_gmt":"2016-11-30T17:59:05","slug":"do-bau-a-rede","status":"publish","type":"page","link":"https:\/\/homolog.saopaulo.sp.leg.br\/apartes-anteriores\/revista-apartes\/numero-20\/do-bau-a-rede\/","title":{"rendered":"N\u00ba20 &#8211; Hist\u00f3ria"},"content":{"rendered":"<h1 class=\"p1\"><b><\/b><span style=\"color: #800000\"><b>Do ba\u00fa \u00e0 rede<\/b><\/span><\/h1>\n<h2 class=\"p3\">C\u00e2mara Municipal lan\u00e7a site do Centro de Mem\u00f3ria para facilitar acesso a documentos hist\u00f3ricos de S\u00e3o Paulo<\/h2>\n<p class=\"p4\"><strong>Rodrigo Garcia<\/strong><b> | <\/b>rodrigogarcia@saopaulo.sp.leg.br<\/p>\n<p class=\"p4\"><a href=\"http:\/\/homolog.saopaulo.sp.leg.br\/apartes-anteriores\/wp-content\/uploads\/sites\/9\/2016\/07\/apartes_n20_20.jpg\"><img loading=\"lazy\" decoding=\"async\" class=\"aligncenter size-large wp-image-36180\" src=\"http:\/\/homolog.saopaulo.sp.leg.br\/apartes-anteriores\/wp-content\/uploads\/sites\/9\/2016\/07\/apartes_n20_20-968x1024.jpg\" alt=\"apartes_n20_20\" width=\"640\" height=\"677\" srcset=\"https:\/\/homolog.saopaulo.sp.leg.br\/apartes-anteriores\/wp-content\/uploads\/sites\/9\/2016\/07\/apartes_n20_20-968x1024.jpg 968w, https:\/\/homolog.saopaulo.sp.leg.br\/apartes-anteriores\/wp-content\/uploads\/sites\/9\/2016\/07\/apartes_n20_20-284x300.jpg 284w, https:\/\/homolog.saopaulo.sp.leg.br\/apartes-anteriores\/wp-content\/uploads\/sites\/9\/2016\/07\/apartes_n20_20-768x812.jpg 768w, https:\/\/homolog.saopaulo.sp.leg.br\/apartes-anteriores\/wp-content\/uploads\/sites\/9\/2016\/07\/apartes_n20_20.jpg 1058w\" sizes=\"auto, (max-width: 640px) 100vw, 640px\" \/><\/a><\/p>\n<p class=\"p4\">Em 8 de dezembro de 1562, os vereadores de S\u00e3o Paulo decidiram que os moradores dariam a Salvador Pires dinheiro para ir \u201cao mar (S\u00e3o Vicente) e gastar em algumas coisas em prol e proveito da vila\u201d. Esse fato da hist\u00f3ria paulistana \u00e9 conhecido hoje porque a C\u00e2mara Municipal de S\u00e3o Paulo (CMSP) guarda suas atas desde o s\u00e9culo 16. O documento \u00e9 um dos mais antigos preservados pela institui\u00e7\u00e3o e pertence ao Arquivo Hist\u00f3rico de S\u00e3o Paulo.<\/p>\n<p class=\"p4\">No come\u00e7o, as atas eram guardadas em um ba\u00fa. Com o tempo, passaram a ser arquivadas por profissionais especializados e, a partir deste ano, todas as transcri\u00e7\u00f5es est\u00e3o dispon\u00edveis na internet, ap\u00f3s o lan\u00e7amento do site do Centro de Mem\u00f3ria da CMSP (<a href=\"http:\/\/homolog.saopaulo.sp.leg.br\/memoria\"><i>homolog.saopaulo.sp.leg.br\/memoria<\/i><\/a>).<\/p>\n<p class=\"p4\">O site \u00e9 divido em tr\u00eas grandes se\u00e7\u00f5es. A primeira \u00e9 a linha do tempo, com os principais eventos que marcaram os 456 anos da C\u00e2mara. Entre os quais, a cria\u00e7\u00e3o da Vila de S\u00e3o Paulo, no s\u00e9culo 16, e a participa\u00e7\u00f5es dos vereadores na luta pela redemocratiza\u00e7\u00e3o do Brasil durante a ditadura militar (1964-1985).<\/p>\n<p class=\"p4\">Na parte Destaques encontram-se, entre outras informa\u00e7\u00f5es, obras de artes do Pal\u00e1cio Anchieta, atual sede da CMSP. <i>A partida dos bandeirantes<\/i>, por exemplo, \u00e9 uma pintura de Cl\u00f3vis Graciano que pode ser vista presencialmente ou pela internet. Perfis de ex-vereadores e reportagens da <b>Apartes<\/b> que contam a hist\u00f3ria da C\u00e2mara e da cidade tamb\u00e9m s\u00e3o encontrados no site do Centro de Mem\u00f3ria.<\/p>\n<p class=\"p4\">A se\u00e7\u00e3o Biblioteca traz informa\u00e7\u00f5es sobre os vereadores desde 1892, projetos de lei e leis a partir daquele ano, registros das atividades da C\u00e2mara Municipal em atas desde 1562 e \u00edntegra das sess\u00f5es plen\u00e1rias a partir de 1904. A pesquisa pode ser feita por data ou por assunto. \u201cA parte dos anais \u00e9 bem interessante porque os taqu\u00edgrafos transcreviam todos os discursos e as rea\u00e7\u00f5es da plateia, muitas vezes calorosas\u201d, comentou o supervisor do Arquivo Geral da CMSP e historiador Ubirajara Prestes de Farias Filho. \u201cSeja na \u00e1rea de hist\u00f3ria, sociologia, antropologia, urbanismo e direito, todos podem usar o material para entender a cidade\u201d, afirma.<\/p>\n<figure id=\"attachment_36181\" aria-describedby=\"caption-attachment-36181\" style=\"width: 640px\" class=\"wp-caption aligncenter\"><a href=\"http:\/\/homolog.saopaulo.sp.leg.br\/apartes-anteriores\/wp-content\/uploads\/sites\/9\/2016\/07\/apartes_n20_21.jpg\"><img loading=\"lazy\" decoding=\"async\" class=\"size-large wp-image-36181\" src=\"http:\/\/homolog.saopaulo.sp.leg.br\/apartes-anteriores\/wp-content\/uploads\/sites\/9\/2016\/07\/apartes_n20_21-1024x702.jpg\" alt=\"CUIDADOS - Antes de serem digitalizados, documentos passam por higieniza\u00e7\u00e3o | Foto:\u00a0Gute Garbelotto\/CMSP\" width=\"640\" height=\"439\" srcset=\"https:\/\/homolog.saopaulo.sp.leg.br\/apartes-anteriores\/wp-content\/uploads\/sites\/9\/2016\/07\/apartes_n20_21-1024x702.jpg 1024w, https:\/\/homolog.saopaulo.sp.leg.br\/apartes-anteriores\/wp-content\/uploads\/sites\/9\/2016\/07\/apartes_n20_21-300x206.jpg 300w, https:\/\/homolog.saopaulo.sp.leg.br\/apartes-anteriores\/wp-content\/uploads\/sites\/9\/2016\/07\/apartes_n20_21-768x527.jpg 768w, https:\/\/homolog.saopaulo.sp.leg.br\/apartes-anteriores\/wp-content\/uploads\/sites\/9\/2016\/07\/apartes_n20_21.jpg 1193w\" sizes=\"auto, (max-width: 640px) 100vw, 640px\" \/><\/a><figcaption id=\"caption-attachment-36181\" class=\"wp-caption-text\">CUIDADOS &#8211; Antes de serem digitalizados, documentos passam por higieniza\u00e7\u00e3o | Foto:\u00a0Gute Garbelotto\/CMSP<\/figcaption><\/figure>\n<p class=\"p4\">Parte da digitaliza\u00e7\u00e3o dos documentos do Arquivo Geral da C\u00e2mara ainda est\u00e1 sendo realizada. Segundo Prestes Filho, dos aproximadamente 11 mil documentos que datam de 1895 a 1947, mais de 6 mil j\u00e1 est\u00e3o no site. \u201cO restante passa por um trabalho de limpeza e deve ser digitalizado ao longo dos pr\u00f3ximos meses\u201d, prev\u00ea.<\/p>\n<p class=\"p4\">Limpar os documentos \u00e9 fundamental para que os textos possam ser consultados. \u201cUsamos uma mesa de higieniza\u00e7\u00e3o e outros instrumentos para tirar poeira, restos de insetos e outras marcas do passar do tempo\u201d, explica Cinara Trein de Aguiar, uma das respons\u00e1veis pela tarefa de higienizar os pap\u00e9is antigos do Arquivo Geral da C\u00e2mara.<\/p>\n<p class=\"p5\"><b>PRESERVA\u00c7\u00c3O<\/b><\/p>\n<p class=\"p4\">Institu\u00eddo em mar\u00e7o por uma decis\u00e3o da Mesa Diretora, o Centro de Mem\u00f3ria da C\u00e2mara tem o objetivo de preservar o acervo textual, fotogr\u00e1fico, cartogr\u00e1fico, filmogr\u00e1fico, fonogr\u00e1fico, bibliogr\u00e1fico e de objetos ligados \u00e0 hist\u00f3ria da C\u00e2mara e \u00e0 cidade, segundo o ato de sua cria\u00e7\u00e3o, o 1.333\/2016.<\/p>\n<p class=\"p4\">O site \u00e9 um dos primeiros projetos do Centro de Mem\u00f3ria. Uma das coordenadoras, Maria Isabel Lopes Correa, ressalta que h\u00e1 outros projetos previstos, como publicar um roteiro para visitas \u00e0s obras de arte do Pal\u00e1cio Anchieta, lan\u00e7ar uma edi\u00e7\u00e3o revista e ampliada do livro <i>C\u00e2mara Municipal de S\u00e3o Paulo: 450 anos de hist\u00f3ria<\/i>, al\u00e9m de organizar cursos e programas de TV sobre fatos hist\u00f3ricos marcantes da cidade.<\/p>\n<p class=\"p4\">Outra iniciativa ligada ao Centro de Mem\u00f3ria \u00e9 a se\u00e7\u00e3o Desarquivando, da <b>Apartes<\/b>, que tem o objetivo de divulgar a hist\u00f3ria do Legislativo municipal. As reportagens mostram documentos antigos e relevantes sob a guarda da C\u00e2mara Municipal de S\u00e3o Paulo. Todas as reportagens dessa editoria est\u00e3o dispon\u00edveis no site.<\/p>\n","protected":false},"excerpt":{"rendered":"<p>Do ba\u00fa \u00e0 rede C\u00e2mara Municipal lan\u00e7a site do Centro de Mem\u00f3ria para facilitar acesso a documentos hist\u00f3ricos de S\u00e3o Paulo Rodrigo Garcia | rodrigogarcia@saopaulo.sp.leg.br Em 8 de dezembro de 1562, os vereadores de S\u00e3o Paulo decidiram que os moradores dariam a Salvador Pires dinheiro para ir \u201cao mar (S\u00e3o Vicente) e gastar em algumas [&hellip;]<\/p>\n","protected":false},"author":109,"featured_media":0,"parent":36130,"menu_order":7,"comment_status":"closed","ping_status":"closed","template":"","meta":{"footnotes":""},"class_list":["post-36154","page","type-page","status-publish","hentry"],"meta_all":{"_edit_lock":["1567167591:109"],"_edit_last":["109"],"_wp_page_template":["default"],"_yoast_wpseo_content_score":["30"],"_cmsp_page_download-files":["a:1:{i:0;a:1:{s:4:\"type\";s:3:\"pdf\";}}"],"_yoast_wpseo_opengraph-title":["Do ba\u00fa \u00e0 rede"],"_yoast_wpseo_opengraph-description":["C\u00e2mara Municipal lan\u00e7a site do Centro de Mem\u00f3ria para facilitar acesso a documentos hist\u00f3ricos de S\u00e3o Paulo"],"_yoast_wpseo_twitter-title":["Do ba\u00fa \u00e0 rede"],"_yoast_wpseo_twitter-description":["C\u00e2mara Municipal lan\u00e7a site do Centro de Mem\u00f3ria para facilitar acesso a documentos hist\u00f3ricos de S\u00e3o Paulo"],"_yoast_wpseo_bctitle":["Do ba\u00fa \u00e0 rede"]},"meta_all_2":{"_edit_lock":["1567167591:109"],"_edit_last":["109"],"_wp_page_template":["default"],"_yoast_wpseo_content_score":["30"],"_cmsp_page_download-files":["a:1:{i:0;a:1:{s:4:\"type\";s:3:\"pdf\";}}"],"_yoast_wpseo_opengraph-title":["Do ba\u00fa \u00e0 rede"],"_yoast_wpseo_opengraph-description":["C\u00e2mara Municipal lan\u00e7a site do Centro de Mem\u00f3ria para facilitar acesso a documentos hist\u00f3ricos de S\u00e3o Paulo"],"_yoast_wpseo_twitter-title":["Do ba\u00fa \u00e0 rede"],"_yoast_wpseo_twitter-description":["C\u00e2mara Municipal lan\u00e7a site do Centro de Mem\u00f3ria para facilitar acesso a documentos hist\u00f3ricos de S\u00e3o Paulo"],"_yoast_wpseo_bctitle":["Do ba\u00fa \u00e0 rede"]},"yoast_head":"<!-- This site is optimized with the Yoast SEO plugin v27.4 - https:\/\/yoast.com\/product\/yoast-seo-wordpress\/ -->\r\n<title>N\u00ba20 - Hist\u00f3ria - Revista Apartes (edi\u00e7\u00f5es anteriores)<\/title>\r\n<meta name=\"robots\" content=\"noindex, follow, max-snippet:-1, max-image-preview:large, max-video-preview:-1\" \/>\r\n<meta property=\"og:locale\" content=\"pt_BR\" \/>\r\n<meta property=\"og:type\" content=\"article\" \/>\r\n<meta property=\"og:title\" content=\"Do ba\u00fa \u00e0 rede\" \/>\r\n<meta property=\"og:description\" content=\"C\u00e2mara Municipal lan\u00e7a site do Centro de Mem\u00f3ria para facilitar acesso a documentos hist\u00f3ricos de S\u00e3o Paulo\" \/>\r\n<meta property=\"og:url\" content=\"https:\/\/www.saopaulo.sp.leg.br\/apartes-anteriores\/revista-apartes\/numero-20\/do-bau-a-rede\/\" \/>\r\n<meta property=\"og:site_name\" content=\"Revista Apartes (edi\u00e7\u00f5es anteriores)\" \/>\r\n<meta property=\"article:publisher\" content=\"https:\/\/www.facebook.com\/RevistaApartes\/\" \/>\r\n<meta property=\"article:modified_time\" content=\"2016-11-30T17:59:05+00:00\" \/>\r\n<meta property=\"og:image\" content=\"http:\/\/www.saopaulo.sp.leg.br\/apartes-anteriores\/wp-content\/uploads\/sites\/9\/2016\/07\/apartes_n20_20-968x1024.jpg\" \/>\r\n<meta name=\"twitter:card\" content=\"summary_large_image\" \/>\r\n<meta name=\"twitter:title\" content=\"Do ba\u00fa \u00e0 rede\" \/>\r\n<meta name=\"twitter:description\" content=\"C\u00e2mara Municipal lan\u00e7a site do Centro de Mem\u00f3ria para facilitar acesso a documentos hist\u00f3ricos de S\u00e3o Paulo\" \/>\r\n<meta name=\"twitter:site\" content=\"@revistaapartes\" \/>\r\n<meta name=\"twitter:label1\" content=\"Est. tempo de leitura\" \/>\n\t<meta name=\"twitter:data1\" content=\"4 minutos\" \/>\r\n<script type=\"application\/ld+json\" class=\"yoast-schema-graph\">{\"@context\":\"https:\\\/\\\/schema.org\",\"@graph\":[{\"@type\":\"WebPage\",\"@id\":\"https:\\\/\\\/www.saopaulo.sp.leg.br\\\/apartes-anteriores\\\/revista-apartes\\\/numero-20\\\/do-bau-a-rede\\\/\",\"url\":\"https:\\\/\\\/www.saopaulo.sp.leg.br\\\/apartes-anteriores\\\/revista-apartes\\\/numero-20\\\/do-bau-a-rede\\\/\",\"name\":\"N\u00ba20 - Hist\u00f3ria - Revista Apartes (edi\u00e7\u00f5es anteriores)\",\"isPartOf\":{\"@id\":\"https:\\\/\\\/homolog.saopaulo.sp.leg.br\\\/apartes-anteriores\\\/#website\"},\"primaryImageOfPage\":{\"@id\":\"https:\\\/\\\/www.saopaulo.sp.leg.br\\\/apartes-anteriores\\\/revista-apartes\\\/numero-20\\\/do-bau-a-rede\\\/#primaryimage\"},\"image\":{\"@id\":\"https:\\\/\\\/www.saopaulo.sp.leg.br\\\/apartes-anteriores\\\/revista-apartes\\\/numero-20\\\/do-bau-a-rede\\\/#primaryimage\"},\"thumbnailUrl\":\"http:\\\/\\\/homolog.saopaulo.sp.leg.br\\\/apartes-anteriores\\\/wp-content\\\/uploads\\\/sites\\\/9\\\/2016\\\/07\\\/apartes_n20_20-968x1024.jpg\",\"datePublished\":\"2016-07-12T20:47:09+00:00\",\"dateModified\":\"2016-11-30T17:59:05+00:00\",\"breadcrumb\":{\"@id\":\"https:\\\/\\\/www.saopaulo.sp.leg.br\\\/apartes-anteriores\\\/revista-apartes\\\/numero-20\\\/do-bau-a-rede\\\/#breadcrumb\"},\"inLanguage\":\"pt-BR\",\"potentialAction\":[{\"@type\":\"ReadAction\",\"target\":[\"https:\\\/\\\/www.saopaulo.sp.leg.br\\\/apartes-anteriores\\\/revista-apartes\\\/numero-20\\\/do-bau-a-rede\\\/\"]}]},{\"@type\":\"ImageObject\",\"inLanguage\":\"pt-BR\",\"@id\":\"https:\\\/\\\/www.saopaulo.sp.leg.br\\\/apartes-anteriores\\\/revista-apartes\\\/numero-20\\\/do-bau-a-rede\\\/#primaryimage\",\"url\":\"https:\\\/\\\/homolog.saopaulo.sp.leg.br\\\/apartes-anteriores\\\/wp-content\\\/uploads\\\/sites\\\/9\\\/2016\\\/07\\\/apartes_n20_20.jpg\",\"contentUrl\":\"https:\\\/\\\/homolog.saopaulo.sp.leg.br\\\/apartes-anteriores\\\/wp-content\\\/uploads\\\/sites\\\/9\\\/2016\\\/07\\\/apartes_n20_20.jpg\",\"width\":1058,\"height\":1119},{\"@type\":\"BreadcrumbList\",\"@id\":\"https:\\\/\\\/www.saopaulo.sp.leg.br\\\/apartes-anteriores\\\/revista-apartes\\\/numero-20\\\/do-bau-a-rede\\\/#breadcrumb\",\"itemListElement\":[{\"@type\":\"ListItem\",\"position\":1,\"name\":\"Home\",\"item\":\"https:\\\/\\\/www.saopaulo.sp.leg.br\\\/apartes-anteriores\\\/\"},{\"@type\":\"ListItem\",\"position\":2,\"name\":\"Revista Apartes\",\"item\":\"https:\\\/\\\/www.saopaulo.sp.leg.br\\\/apartes-anteriores\\\/\"},{\"@type\":\"ListItem\",\"position\":3,\"name\":\"Edi\u00e7\u00e3o 20\",\"item\":\"https:\\\/\\\/www.saopaulo.sp.leg.br\\\/apartes-anteriores\\\/revista-apartes\\\/numero-20\\\/\"},{\"@type\":\"ListItem\",\"position\":4,\"name\":\"Do ba\u00fa \u00e0 rede\"}]},{\"@type\":\"WebSite\",\"@id\":\"https:\\\/\\\/homolog.saopaulo.sp.leg.br\\\/apartes-anteriores\\\/#website\",\"url\":\"https:\\\/\\\/homolog.saopaulo.sp.leg.br\\\/apartes-anteriores\\\/\",\"name\":\"Revista Apartes (edi\u00e7\u00f5es anteriores)\",\"description\":\"Revista Apartes (edi\u00e7\u00f5es anteriores)\",\"potentialAction\":[{\"@type\":\"SearchAction\",\"target\":{\"@type\":\"EntryPoint\",\"urlTemplate\":\"https:\\\/\\\/homolog.saopaulo.sp.leg.br\\\/apartes-anteriores\\\/?s={search_term_string}\"},\"query-input\":{\"@type\":\"PropertyValueSpecification\",\"valueRequired\":true,\"valueName\":\"search_term_string\"}}],\"inLanguage\":\"pt-BR\"}]}<\/script>\r\n<!-- \/ Yoast SEO plugin. -->","yoast_head_json":{"title":"N\u00ba20 - Hist\u00f3ria - Revista Apartes (edi\u00e7\u00f5es anteriores)","robots":{"index":"noindex","follow":"follow","max-snippet":"max-snippet:-1","max-image-preview":"max-image-preview:large","max-video-preview":"max-video-preview:-1"},"og_locale":"pt_BR","og_type":"article","og_title":"Do ba\u00fa \u00e0 rede","og_description":"C\u00e2mara Municipal lan\u00e7a site do Centro de Mem\u00f3ria para facilitar acesso a documentos hist\u00f3ricos de S\u00e3o Paulo","og_url":"https:\/\/www.saopaulo.sp.leg.br\/apartes-anteriores\/revista-apartes\/numero-20\/do-bau-a-rede\/","og_site_name":"Revista Apartes (edi\u00e7\u00f5es anteriores)","article_publisher":"https:\/\/www.facebook.com\/RevistaApartes\/","article_modified_time":"2016-11-30T17:59:05+00:00","og_image":[{"url":"http:\/\/www.saopaulo.sp.leg.br\/apartes-anteriores\/wp-content\/uploads\/sites\/9\/2016\/07\/apartes_n20_20-968x1024.jpg","type":"","width":"","height":""}],"twitter_card":"summary_large_image","twitter_title":"Do ba\u00fa \u00e0 rede","twitter_description":"C\u00e2mara Municipal lan\u00e7a site do Centro de Mem\u00f3ria para facilitar acesso a documentos hist\u00f3ricos de S\u00e3o Paulo","twitter_site":"@revistaapartes","twitter_misc":{"Est. tempo de leitura":"4 minutos"},"schema":{"@context":"https:\/\/schema.org","@graph":[{"@type":"WebPage","@id":"https:\/\/www.saopaulo.sp.leg.br\/apartes-anteriores\/revista-apartes\/numero-20\/do-bau-a-rede\/","url":"https:\/\/www.saopaulo.sp.leg.br\/apartes-anteriores\/revista-apartes\/numero-20\/do-bau-a-rede\/","name":"N\u00ba20 - Hist\u00f3ria - Revista Apartes (edi\u00e7\u00f5es anteriores)","isPartOf":{"@id":"https:\/\/homolog.saopaulo.sp.leg.br\/apartes-anteriores\/#website"},"primaryImageOfPage":{"@id":"https:\/\/www.saopaulo.sp.leg.br\/apartes-anteriores\/revista-apartes\/numero-20\/do-bau-a-rede\/#primaryimage"},"image":{"@id":"https:\/\/www.saopaulo.sp.leg.br\/apartes-anteriores\/revista-apartes\/numero-20\/do-bau-a-rede\/#primaryimage"},"thumbnailUrl":"http:\/\/homolog.saopaulo.sp.leg.br\/apartes-anteriores\/wp-content\/uploads\/sites\/9\/2016\/07\/apartes_n20_20-968x1024.jpg","datePublished":"2016-07-12T20:47:09+00:00","dateModified":"2016-11-30T17:59:05+00:00","breadcrumb":{"@id":"https:\/\/www.saopaulo.sp.leg.br\/apartes-anteriores\/revista-apartes\/numero-20\/do-bau-a-rede\/#breadcrumb"},"inLanguage":"pt-BR","potentialAction":[{"@type":"ReadAction","target":["https:\/\/www.saopaulo.sp.leg.br\/apartes-anteriores\/revista-apartes\/numero-20\/do-bau-a-rede\/"]}]},{"@type":"ImageObject","inLanguage":"pt-BR","@id":"https:\/\/www.saopaulo.sp.leg.br\/apartes-anteriores\/revista-apartes\/numero-20\/do-bau-a-rede\/#primaryimage","url":"https:\/\/homolog.saopaulo.sp.leg.br\/apartes-anteriores\/wp-content\/uploads\/sites\/9\/2016\/07\/apartes_n20_20.jpg","contentUrl":"https:\/\/homolog.saopaulo.sp.leg.br\/apartes-anteriores\/wp-content\/uploads\/sites\/9\/2016\/07\/apartes_n20_20.jpg","width":1058,"height":1119},{"@type":"BreadcrumbList","@id":"https:\/\/www.saopaulo.sp.leg.br\/apartes-anteriores\/revista-apartes\/numero-20\/do-bau-a-rede\/#breadcrumb","itemListElement":[{"@type":"ListItem","position":1,"name":"Home","item":"https:\/\/www.saopaulo.sp.leg.br\/apartes-anteriores\/"},{"@type":"ListItem","position":2,"name":"Revista Apartes","item":"https:\/\/www.saopaulo.sp.leg.br\/apartes-anteriores\/"},{"@type":"ListItem","position":3,"name":"Edi\u00e7\u00e3o 20","item":"https:\/\/www.saopaulo.sp.leg.br\/apartes-anteriores\/revista-apartes\/numero-20\/"},{"@type":"ListItem","position":4,"name":"Do ba\u00fa \u00e0 rede"}]},{"@type":"WebSite","@id":"https:\/\/homolog.saopaulo.sp.leg.br\/apartes-anteriores\/#website","url":"https:\/\/homolog.saopaulo.sp.leg.br\/apartes-anteriores\/","name":"Revista Apartes (edi\u00e7\u00f5es anteriores)","description":"Revista Apartes (edi\u00e7\u00f5es anteriores)","potentialAction":[{"@type":"SearchAction","target":{"@type":"EntryPoint","urlTemplate":"https:\/\/homolog.saopaulo.sp.leg.br\/apartes-anteriores\/?s={search_term_string}"},"query-input":{"@type":"PropertyValueSpecification","valueRequired":true,"valueName":"search_term_string"}}],"inLanguage":"pt-BR"}]}},"_links":{"self":[{"href":"https:\/\/homolog.saopaulo.sp.leg.br\/apartes-anteriores\/wp-json\/wp\/v2\/pages\/36154","targetHints":{"allow":["GET"]}}],"collection":[{"href":"https:\/\/homolog.saopaulo.sp.leg.br\/apartes-anteriores\/wp-json\/wp\/v2\/pages"}],"about":[{"href":"https:\/\/homolog.saopaulo.sp.leg.br\/apartes-anteriores\/wp-json\/wp\/v2\/types\/page"}],"author":[{"embeddable":true,"href":"https:\/\/homolog.saopaulo.sp.leg.br\/apartes-anteriores\/wp-json\/wp\/v2\/users\/109"}],"replies":[{"embeddable":true,"href":"https:\/\/homolog.saopaulo.sp.leg.br\/apartes-anteriores\/wp-json\/wp\/v2\/comments?post=36154"}],"version-history":[{"count":4,"href":"https:\/\/homolog.saopaulo.sp.leg.br\/apartes-anteriores\/wp-json\/wp\/v2\/pages\/36154\/revisions"}],"predecessor-version":[{"id":38497,"href":"https:\/\/homolog.saopaulo.sp.leg.br\/apartes-anteriores\/wp-json\/wp\/v2\/pages\/36154\/revisions\/38497"}],"up":[{"embeddable":true,"href":"https:\/\/homolog.saopaulo.sp.leg.br\/apartes-anteriores\/wp-json\/wp\/v2\/pages\/36130"}],"wp:attachment":[{"href":"https:\/\/homolog.saopaulo.sp.leg.br\/apartes-anteriores\/wp-json\/wp\/v2\/media?parent=36154"}],"curies":[{"name":"wp","href":"https:\/\/api.w.org\/{rel}","templated":true}]}}