{"id":37598,"date":"2016-11-17T19:17:33","date_gmt":"2016-11-17T21:17:33","guid":{"rendered":"http:\/\/homolog.saopaulo.sp.leg.br\/apartes-anteriores\/?page_id=37598"},"modified":"2016-12-15T18:03:02","modified_gmt":"2016-12-15T20:03:02","slug":"no02-premio-paulo-freire-valoriza-e-emociona-educadores","status":"publish","type":"page","link":"https:\/\/homolog.saopaulo.sp.leg.br\/apartes-anteriores\/revista-apartes\/numero-2-outubro2013\/no02-premio-paulo-freire-valoriza-e-emociona-educadores\/","title":{"rendered":"N\u00ba02 &#8211; Educa\u00e7\u00e3o"},"content":{"rendered":"<h1><span style=\"color: #800000\"><strong>Pr\u00eamio Paulo Freire valoriza e emociona educadores<\/strong><\/span><\/h1>\n<h2>Projeto vencedor estimula alunos a conhecer a hist\u00f3ria da Cohab Raposo Tavares<\/h2>\n<p><strong>Rodrigo Garcia<\/strong> | <a href=\"mailto:rodrigogarcia@saopaulo.sp.leg.br\">rodrigogarcia@saopaulo.sp.leg.br<\/a><\/p>\n<p><!-- imagem TOTAL - com legenda - CENTRALIZADA --><\/p>\n<div style=\"width: 100%;margin-right: 1.5em;margin-bottom: 1.5em\">\n<div style=\"padding: 5px;background-color: #eee !important\">\n<p><a href=\"http:\/\/homolog.saopaulo.sp.leg.br\/apartes-anteriores\/wp-content\/uploads\/sites\/9\/2016\/11\/apartes_n02_46.jpg\"><img loading=\"lazy\" decoding=\"async\" class=\"aligncenter wp-image-37423 size-full\" src=\"http:\/\/homolog.saopaulo.sp.leg.br\/apartes-anteriores\/wp-content\/uploads\/sites\/9\/2016\/11\/apartes_n02_46.jpg\" width=\"1792\" height=\"954\" srcset=\"https:\/\/homolog.saopaulo.sp.leg.br\/apartes-anteriores\/wp-content\/uploads\/sites\/9\/2016\/11\/apartes_n02_46.jpg 1792w, https:\/\/homolog.saopaulo.sp.leg.br\/apartes-anteriores\/wp-content\/uploads\/sites\/9\/2016\/11\/apartes_n02_46-300x160.jpg 300w, https:\/\/homolog.saopaulo.sp.leg.br\/apartes-anteriores\/wp-content\/uploads\/sites\/9\/2016\/11\/apartes_n02_46-768x409.jpg 768w, https:\/\/homolog.saopaulo.sp.leg.br\/apartes-anteriores\/wp-content\/uploads\/sites\/9\/2016\/11\/apartes_n02_46-1024x545.jpg 1024w\" sizes=\"auto, (max-width: 1792px) 100vw, 1792px\" \/><\/a><\/p>\n<p style=\"font-size: 0.8em;line-height: 1.1em;text-align: center;margin: -1.5em 0px 7px 0px;color: #333;!important;background-color: transparent !important\" align=\"center\">Vencedores: Aluno e professores do Centro de Mem\u00f3ria Cohab Raposo Tavares<\/p>\n<\/div>\n<p style=\"font-size: 0.5em;line-height: 1.1em;text-align: right;margin: 4px 0px 7px 0px;background-color: transparent !important\">Gute Garbelotto\/CMSP<\/p>\n<\/div>\n<p><!-- imagem TOTAL - com legenda - CENTRALIZADA --><\/p>\n<p>Para um educador, obter o reconhecimento de seu trabalho \u00e9 sempre bom, principalmente quando vem em forma de uma premia\u00e7\u00e3o com o nome de algu\u00e9m que se admira, como \u00e9 o caso do Pr\u00eamio Paulo Freire de Qualidade do Ensino Municipal. Afinal, o mestre tem livros publicados no mundo todo e \u00e9 o patrono da educa\u00e7\u00e3o brasileira.<\/p>\n<p>Essa emo\u00e7\u00e3o foi sentida pelos professores que foram ao Sal\u00e3o Nobre da C\u00e2mara Municipal de S\u00e3o Paulo (CMSP) no dia 19 de setembro, anivers\u00e1rio de nascimento de Paulo Freire, para participar da premia\u00e7\u00e3o. Entre os mais emocionados estavam Douglas Scaramussa Pereira, professor de Geografia, e Andr\u00e9ia Rodrigues Le\u00e3o, professora de Hist\u00f3ria. Eles receberam a Salva de Prata de 1\u00ba lugar do Pr\u00eamio, com o projeto Centro de Mem\u00f3ria Cohab Raposo Tavares, desenvolvido com alunos da Escola Municipal de Ensino Fundamental Maria Alice Borges Ghion. \u201cEsse pr\u00eamio n\u00e3o tem valor financeiro, mas o simb\u00f3lico \u00e9 muito maior, pois une nosso projeto ao nome de Paulo Freire\u201d, afirmou Douglas. \u201cEstamos felizes em compartilhar as ideias do mestre.\u201d<\/p>\n<p>No projeto Centro de Mem\u00f3ria Cohab Raposo Tavares, 20 alunos-pesquisadores, entre 10 e 14 anos, procuram contar e preservar a hist\u00f3ria do conjunto habitacional onde est\u00e1 a escola. Eles fazem entrevistas em v\u00eddeo com moradores e recolhem fotos, documentos e reportagens da imprensa sobre o bairro. \u201cEspero que o Pr\u00eamio Paulo Freire abra portas para a gente conseguir uma sede para o Centro de Mem\u00f3ria\u201d, diz Douglas.<\/p>\n<p><!-- imagem MEDIA - com legenda - LADO DIREITO --><\/p>\n<div style=\"float: right;width: 227px;margin-left: 1.5em;margin-bottom: 1.5em\">\n<div style=\"float: right;padding: 5px;background-color: #eee !important\">\n<p><a href=\"http:\/\/homolog.saopaulo.sp.leg.br\/apartes-anteriores\/wp-content\/uploads\/sites\/9\/2016\/11\/apartes_n02_47.jpg\"><img loading=\"lazy\" decoding=\"async\" class=\"aligncenter wp-image-37424\" src=\"http:\/\/homolog.saopaulo.sp.leg.br\/apartes-anteriores\/wp-content\/uploads\/sites\/9\/2016\/11\/apartes_n02_47-300x206.jpg\" width=\"240\" height=\"165\" srcset=\"https:\/\/homolog.saopaulo.sp.leg.br\/apartes-anteriores\/wp-content\/uploads\/sites\/9\/2016\/11\/apartes_n02_47-300x206.jpg 300w, https:\/\/homolog.saopaulo.sp.leg.br\/apartes-anteriores\/wp-content\/uploads\/sites\/9\/2016\/11\/apartes_n02_47-768x527.jpg 768w, https:\/\/homolog.saopaulo.sp.leg.br\/apartes-anteriores\/wp-content\/uploads\/sites\/9\/2016\/11\/apartes_n02_47-1024x703.jpg 1024w, https:\/\/homolog.saopaulo.sp.leg.br\/apartes-anteriores\/wp-content\/uploads\/sites\/9\/2016\/11\/apartes_n02_47.jpg 1381w\" sizes=\"auto, (max-width: 240px) 100vw, 240px\" \/><\/a><\/p>\n<p style=\"font-size: 0.8em;line-height: 1.1em;text-align: center;margin: -1.5em 0px 7px 0px;color: #333;!important;background-color: transparent !important\" align=\"center\">M\u00fasica: Alunos do CEU Dom Jos\u00e9 Gaspar se apresentam na Sess\u00e3o Solene<\/p>\n<\/div>\n<p style=\"font-size: 0.5em;line-height: 1.1em;text-align: right;margin: 4px 0px 7px 0px;background-color: transparent !important\">Gute Garbelotto\/CMSP<\/p>\n<\/div>\n<p><!-- imagem MEDIA - com legenda - LADO DIREITO --><\/p>\n<p>O 2\u00ba lugar foi para o projeto Cinema Surdo, no qual alunos da Escola Municipal de Educa\u00e7\u00e3o Bil\u00edngue para Surdos Vera L\u00facia Aparecida Ribeiro analisam filmes e produzem v\u00eddeos. J\u00e1 a 3\u00aa coloca\u00e7\u00e3o ficou com o projeto Click, da Escola Municipal de Educa\u00e7\u00e3o Infantil Princesa Isabel, em que os alunos fotografam o uso consciente de energia.<\/p>\n<p>Na Sess\u00e3o Solene, alunos da Escola Municipal de Educa\u00e7\u00e3o Infantil do Centro Educacional Unificado Dom Jos\u00e9 Gaspar \u2013 Aricanduva usaram claves de rumba e tambores para executar m\u00fasicas inspiradas no grupo Olodum.<\/p>\n<h3><strong>Ensino aprimorado<\/strong><\/h3>\n<p>O Pr\u00eamio Paulo Freire \u00e9 entregue \u00e0s unidades escolares que se destacam em iniciativas e projetos para aprimorar a qualidade do ensino na rede p\u00fablica municipal de S\u00e3o Paulo. Foi criado em 1998, por iniciativa do ent\u00e3o vereador Vicente C\u00e2ndido da Silva. Sua primeira edi\u00e7\u00e3o foi em 2006, com 68 projetos inscritos. Desde ent\u00e3o, 461 projetos j\u00e1 participaram. Na edi\u00e7\u00e3o deste ano, a oitava, foram inscritos 95 projetos.<\/p>\n<p>A premia\u00e7\u00e3o \u00e9 decidida por uma comiss\u00e3o de membros indicados por entidades ligadas \u00e0 educa\u00e7\u00e3o e ao meio estudantil. O representante da C\u00e2mara na comiss\u00e3o, vereador Toninho Vespoli (PSOL), presidiu a Sess\u00e3o Solene e ressaltou que a premia\u00e7\u00e3o \u201c\u00e9 importante n\u00e3o s\u00f3 pela figura do Paulo Freire, por sua a\u00e7\u00e3o libertadora, mas tamb\u00e9m pelo pr\u00f3prio pr\u00eamio, que valoriza os projetos pedag\u00f3gicos e reconhece o valor dos professores\u201d.<\/p>\n<p>O pr\u00eamio \u00e9 uma homenagem a um dos mais importantes educadores do s\u00e9culo 20, Paulo Reglus Neves Freire, nascido em 1921, no Recife (PE). Ele desenvolveu um m\u00e9todo que leva o seu nome e notabilizou-se pela alfabetiza\u00e7\u00e3o de adultos em curto espa\u00e7o de tempo.<\/p>\n<p>Entre os livros publicados, destaca-se a <em>Pedagogia do Oprimido<\/em>, de 1968. O professor, que tamb\u00e9m foi secret\u00e1rio de Educa\u00e7\u00e3o da cidade de S\u00e3o Paulo (1989-1991), morreu em 1997, aos 75 anos.<\/p>\n<div style=\"text-align: center;background-color: #72bb81\">\n<p><strong><span style=\"color: #ffffff\">Projetos Premiados<\/span><\/strong><\/p>\n<\/div>\n<div>\n<p><strong><span style=\"color: #800000\">1\u00ba lugar<\/span> &#8211; Centro de Mem\u00f3ria Cohab Raposo Tavares &#8211;\u00a0<\/strong>Institui\u00e7\u00e3o: Emef Maria Alice Borges Ghion<\/p>\n<p><strong><span style=\"color: #800000\">2\u00ba lugar<\/span> &#8211; Cinema Surdo &#8211;\u00a0<\/strong>Institui\u00e7\u00e3o: Emebs Vera L\u00facia Aparecida Ribeiro<\/p>\n<p><strong><span style=\"color: #800000\">3\u00ba lugar<\/span> &#8211; Click &#8211;\u00a0<\/strong>Institui\u00e7\u00e3o: Emei Princesa Isabel<\/p>\n<\/div>\n<div style=\"text-align: center;background-color: #72bb81\">\n<p><strong><span style=\"color: #ffffff\">Men\u00e7\u00f5es Honrosas<\/span><\/strong><\/p>\n<\/div>\n<p><strong>Alimentar-se bem, uma constru\u00e7\u00e3o de h\u00e1bitos saud\u00e1veis &#8211;\u00a0<\/strong>Institui\u00e7\u00e3o: Emei Professora Irene Manke Marques<\/p>\n<p><strong>Voc\u00ea \u00e9 o autor &#8211;\u00a0<\/strong>Institui\u00e7\u00e3o: Emei Tide Setubal<\/p>\n<p><strong>\u00c9tica, cidadania e solidariedade numa escola sustent\u00e1vel &#8211;\u00a0<\/strong>Institui\u00e7\u00e3o: Emef Jos\u00e9 Bonif\u00e1cio<\/p>\n<p><strong>Caf\u00e9 terap\u00eautico solid\u00e1rio &#8211;\u00a0<\/strong>Institui\u00e7\u00e3o: Cieja Campo Limpo<\/p>\n<p><strong>Graja\u00fa, onde minha hist\u00f3ria come\u00e7a: A urbaniza\u00e7\u00e3o de S\u00e3o Paulo &#8211;\u00a0<\/strong>Institui\u00e7\u00e3o: Emef Padre Jos\u00e9 Pegoraro<\/p>\n<p><strong>Ch\u00e1 das Minas &#8211;\u00a0<\/strong>Institui\u00e7\u00e3o: Emef Presidente Prudente de Morais<\/p>\n<p><strong>Canto e encanto por todos os cantos do CEI &#8211;\u00a0<\/strong>Institui\u00e7\u00e3o: CEI Vereador Joaquim Thom\u00e9 Filho<\/p>\n<p><strong>Tear &#8211;\u00a0<\/strong>Institui\u00e7\u00e3o: Emef Joaquim Bento Alves de Lima Neto<\/p>\n<p><strong>Princesinhas &#8211;\u00a0<\/strong>Institui\u00e7\u00e3o: CEU Parque S\u00e3o Carlos<\/p>\n<p><strong>Cooperativas: Uma experi\u00eancia das pr\u00e1ticas pol\u00edticas e econ\u00f4micas sustent\u00e1veis na educa\u00e7\u00e3o de jovens e adultos &#8211;\u00a0<\/strong>Institui\u00e7\u00e3o: Cieja Parelheiros<\/p>\n","protected":false},"excerpt":{"rendered":"<p>Pr\u00eamio Paulo Freire valoriza e emociona educadores Projeto vencedor estimula alunos a conhecer a hist\u00f3ria da Cohab Raposo Tavares Rodrigo Garcia | rodrigogarcia@saopaulo.sp.leg.br Vencedores: Aluno e professores do Centro de Mem\u00f3ria Cohab Raposo Tavares Gute Garbelotto\/CMSP Para um educador, obter o reconhecimento de seu trabalho \u00e9 sempre bom, principalmente quando vem em forma de uma [&hellip;]<\/p>\n","protected":false},"author":109,"featured_media":0,"parent":24341,"menu_order":0,"comment_status":"closed","ping_status":"closed","template":"","meta":{"footnotes":""},"class_list":["post-37598","page","type-page","status-publish","hentry"],"meta_all":{"_edit_lock":["1481832233:109"],"_edit_last":["109"],"_wp_page_template":["default"],"_yoast_wpseo_content_score":["30"],"_cmsp_page_download-files":["a:1:{i:0;a:1:{s:4:\"type\";s:3:\"pdf\";}}"],"_yoast_wpseo_opengraph-title":["Pr\u00eamio Paulo Freire valoriza e emociona educadores"],"_yoast_wpseo_opengraph-description":["Projeto vencedor estimula alunos a conhecer a hist\u00f3ria da Cohab Raposo Tavares"],"_yoast_wpseo_twitter-title":["Pr\u00eamio Paulo Freire valoriza e emociona educadores"],"_yoast_wpseo_twitter-description":["Projeto vencedor estimula alunos a conhecer a hist\u00f3ria da Cohab Raposo Tavares"]},"meta_all_2":{"_edit_lock":["1481832233:109"],"_edit_last":["109"],"_wp_page_template":["default"],"_yoast_wpseo_content_score":["30"],"_cmsp_page_download-files":["a:1:{i:0;a:1:{s:4:\"type\";s:3:\"pdf\";}}"],"_yoast_wpseo_opengraph-title":["Pr\u00eamio Paulo Freire valoriza e emociona educadores"],"_yoast_wpseo_opengraph-description":["Projeto vencedor estimula alunos a conhecer a hist\u00f3ria da Cohab Raposo Tavares"],"_yoast_wpseo_twitter-title":["Pr\u00eamio Paulo Freire valoriza e emociona educadores"],"_yoast_wpseo_twitter-description":["Projeto vencedor estimula alunos a conhecer a hist\u00f3ria da Cohab Raposo Tavares"]},"yoast_head":"<!-- This site is optimized with the Yoast SEO plugin v27.4 - https:\/\/yoast.com\/product\/yoast-seo-wordpress\/ -->\r\n<title>N\u00ba02 - Educa\u00e7\u00e3o - Revista Apartes (edi\u00e7\u00f5es anteriores)<\/title>\r\n<meta name=\"robots\" content=\"noindex, follow, max-snippet:-1, max-image-preview:large, max-video-preview:-1\" \/>\r\n<meta property=\"og:locale\" content=\"pt_BR\" \/>\r\n<meta property=\"og:type\" content=\"article\" \/>\r\n<meta property=\"og:title\" content=\"Pr\u00eamio Paulo Freire valoriza e emociona educadores\" \/>\r\n<meta property=\"og:description\" content=\"Projeto vencedor estimula alunos a conhecer a hist\u00f3ria da Cohab Raposo Tavares\" \/>\r\n<meta property=\"og:url\" content=\"https:\/\/www.saopaulo.sp.leg.br\/apartes-anteriores\/revista-apartes\/numero-2-outubro2013\/no02-premio-paulo-freire-valoriza-e-emociona-educadores\/\" \/>\r\n<meta property=\"og:site_name\" content=\"Revista Apartes (edi\u00e7\u00f5es anteriores)\" \/>\r\n<meta property=\"article:publisher\" content=\"https:\/\/www.facebook.com\/RevistaApartes\/\" \/>\r\n<meta property=\"article:modified_time\" content=\"2016-12-15T20:03:02+00:00\" \/>\r\n<meta property=\"og:image\" content=\"http:\/\/www.saopaulo.sp.leg.br\/apartes-anteriores\/wp-content\/uploads\/sites\/9\/2016\/11\/apartes_n02_46.jpg\" \/>\r\n<meta name=\"twitter:card\" content=\"summary_large_image\" \/>\r\n<meta name=\"twitter:title\" content=\"Pr\u00eamio Paulo Freire valoriza e emociona educadores\" \/>\r\n<meta name=\"twitter:description\" content=\"Projeto vencedor estimula alunos a conhecer a hist\u00f3ria da Cohab Raposo Tavares\" \/>\r\n<meta name=\"twitter:site\" content=\"@revistaapartes\" \/>\r\n<meta name=\"twitter:label1\" content=\"Est. tempo de leitura\" \/>\n\t<meta name=\"twitter:data1\" content=\"4 minutos\" \/>\r\n<script type=\"application\/ld+json\" class=\"yoast-schema-graph\">{\"@context\":\"https:\\\/\\\/schema.org\",\"@graph\":[{\"@type\":\"WebPage\",\"@id\":\"https:\\\/\\\/www.saopaulo.sp.leg.br\\\/apartes-anteriores\\\/revista-apartes\\\/numero-2-outubro2013\\\/no02-premio-paulo-freire-valoriza-e-emociona-educadores\\\/\",\"url\":\"https:\\\/\\\/www.saopaulo.sp.leg.br\\\/apartes-anteriores\\\/revista-apartes\\\/numero-2-outubro2013\\\/no02-premio-paulo-freire-valoriza-e-emociona-educadores\\\/\",\"name\":\"N\u00ba02 - Educa\u00e7\u00e3o - Revista Apartes (edi\u00e7\u00f5es anteriores)\",\"isPartOf\":{\"@id\":\"https:\\\/\\\/homolog.saopaulo.sp.leg.br\\\/apartes-anteriores\\\/#website\"},\"primaryImageOfPage\":{\"@id\":\"https:\\\/\\\/www.saopaulo.sp.leg.br\\\/apartes-anteriores\\\/revista-apartes\\\/numero-2-outubro2013\\\/no02-premio-paulo-freire-valoriza-e-emociona-educadores\\\/#primaryimage\"},\"image\":{\"@id\":\"https:\\\/\\\/www.saopaulo.sp.leg.br\\\/apartes-anteriores\\\/revista-apartes\\\/numero-2-outubro2013\\\/no02-premio-paulo-freire-valoriza-e-emociona-educadores\\\/#primaryimage\"},\"thumbnailUrl\":\"http:\\\/\\\/homolog.saopaulo.sp.leg.br\\\/apartes-anteriores\\\/wp-content\\\/uploads\\\/sites\\\/9\\\/2016\\\/11\\\/apartes_n02_46.jpg\",\"datePublished\":\"2016-11-17T21:17:33+00:00\",\"dateModified\":\"2016-12-15T20:03:02+00:00\",\"breadcrumb\":{\"@id\":\"https:\\\/\\\/www.saopaulo.sp.leg.br\\\/apartes-anteriores\\\/revista-apartes\\\/numero-2-outubro2013\\\/no02-premio-paulo-freire-valoriza-e-emociona-educadores\\\/#breadcrumb\"},\"inLanguage\":\"pt-BR\",\"potentialAction\":[{\"@type\":\"ReadAction\",\"target\":[\"https:\\\/\\\/www.saopaulo.sp.leg.br\\\/apartes-anteriores\\\/revista-apartes\\\/numero-2-outubro2013\\\/no02-premio-paulo-freire-valoriza-e-emociona-educadores\\\/\"]}]},{\"@type\":\"ImageObject\",\"inLanguage\":\"pt-BR\",\"@id\":\"https:\\\/\\\/www.saopaulo.sp.leg.br\\\/apartes-anteriores\\\/revista-apartes\\\/numero-2-outubro2013\\\/no02-premio-paulo-freire-valoriza-e-emociona-educadores\\\/#primaryimage\",\"url\":\"https:\\\/\\\/homolog.saopaulo.sp.leg.br\\\/apartes-anteriores\\\/wp-content\\\/uploads\\\/sites\\\/9\\\/2016\\\/11\\\/apartes_n02_46.jpg\",\"contentUrl\":\"https:\\\/\\\/homolog.saopaulo.sp.leg.br\\\/apartes-anteriores\\\/wp-content\\\/uploads\\\/sites\\\/9\\\/2016\\\/11\\\/apartes_n02_46.jpg\",\"width\":1792,\"height\":954},{\"@type\":\"BreadcrumbList\",\"@id\":\"https:\\\/\\\/www.saopaulo.sp.leg.br\\\/apartes-anteriores\\\/revista-apartes\\\/numero-2-outubro2013\\\/no02-premio-paulo-freire-valoriza-e-emociona-educadores\\\/#breadcrumb\",\"itemListElement\":[{\"@type\":\"ListItem\",\"position\":1,\"name\":\"Home\",\"item\":\"https:\\\/\\\/www.saopaulo.sp.leg.br\\\/apartes-anteriores\\\/\"},{\"@type\":\"ListItem\",\"position\":2,\"name\":\"Revista Apartes\",\"item\":\"https:\\\/\\\/www.saopaulo.sp.leg.br\\\/apartes-anteriores\\\/\"},{\"@type\":\"ListItem\",\"position\":3,\"name\":\"N\u00famero 02 &#8211; out\\\/2013\",\"item\":\"https:\\\/\\\/www.saopaulo.sp.leg.br\\\/apartes-anteriores\\\/revista-apartes\\\/numero-2-outubro2013\\\/\"},{\"@type\":\"ListItem\",\"position\":4,\"name\":\"N\u00ba02 &#8211; Educa\u00e7\u00e3o\"}]},{\"@type\":\"WebSite\",\"@id\":\"https:\\\/\\\/homolog.saopaulo.sp.leg.br\\\/apartes-anteriores\\\/#website\",\"url\":\"https:\\\/\\\/homolog.saopaulo.sp.leg.br\\\/apartes-anteriores\\\/\",\"name\":\"Revista Apartes (edi\u00e7\u00f5es anteriores)\",\"description\":\"Revista Apartes (edi\u00e7\u00f5es anteriores)\",\"potentialAction\":[{\"@type\":\"SearchAction\",\"target\":{\"@type\":\"EntryPoint\",\"urlTemplate\":\"https:\\\/\\\/homolog.saopaulo.sp.leg.br\\\/apartes-anteriores\\\/?s={search_term_string}\"},\"query-input\":{\"@type\":\"PropertyValueSpecification\",\"valueRequired\":true,\"valueName\":\"search_term_string\"}}],\"inLanguage\":\"pt-BR\"}]}<\/script>\r\n<!-- \/ Yoast SEO plugin. -->","yoast_head_json":{"title":"N\u00ba02 - Educa\u00e7\u00e3o - Revista Apartes (edi\u00e7\u00f5es anteriores)","robots":{"index":"noindex","follow":"follow","max-snippet":"max-snippet:-1","max-image-preview":"max-image-preview:large","max-video-preview":"max-video-preview:-1"},"og_locale":"pt_BR","og_type":"article","og_title":"Pr\u00eamio Paulo Freire valoriza e emociona educadores","og_description":"Projeto vencedor estimula alunos a conhecer a hist\u00f3ria da Cohab Raposo Tavares","og_url":"https:\/\/www.saopaulo.sp.leg.br\/apartes-anteriores\/revista-apartes\/numero-2-outubro2013\/no02-premio-paulo-freire-valoriza-e-emociona-educadores\/","og_site_name":"Revista Apartes (edi\u00e7\u00f5es anteriores)","article_publisher":"https:\/\/www.facebook.com\/RevistaApartes\/","article_modified_time":"2016-12-15T20:03:02+00:00","og_image":[{"url":"http:\/\/www.saopaulo.sp.leg.br\/apartes-anteriores\/wp-content\/uploads\/sites\/9\/2016\/11\/apartes_n02_46.jpg","type":"","width":"","height":""}],"twitter_card":"summary_large_image","twitter_title":"Pr\u00eamio Paulo Freire valoriza e emociona educadores","twitter_description":"Projeto vencedor estimula alunos a conhecer a hist\u00f3ria da Cohab Raposo Tavares","twitter_site":"@revistaapartes","twitter_misc":{"Est. tempo de leitura":"4 minutos"},"schema":{"@context":"https:\/\/schema.org","@graph":[{"@type":"WebPage","@id":"https:\/\/www.saopaulo.sp.leg.br\/apartes-anteriores\/revista-apartes\/numero-2-outubro2013\/no02-premio-paulo-freire-valoriza-e-emociona-educadores\/","url":"https:\/\/www.saopaulo.sp.leg.br\/apartes-anteriores\/revista-apartes\/numero-2-outubro2013\/no02-premio-paulo-freire-valoriza-e-emociona-educadores\/","name":"N\u00ba02 - Educa\u00e7\u00e3o - Revista Apartes (edi\u00e7\u00f5es anteriores)","isPartOf":{"@id":"https:\/\/homolog.saopaulo.sp.leg.br\/apartes-anteriores\/#website"},"primaryImageOfPage":{"@id":"https:\/\/www.saopaulo.sp.leg.br\/apartes-anteriores\/revista-apartes\/numero-2-outubro2013\/no02-premio-paulo-freire-valoriza-e-emociona-educadores\/#primaryimage"},"image":{"@id":"https:\/\/www.saopaulo.sp.leg.br\/apartes-anteriores\/revista-apartes\/numero-2-outubro2013\/no02-premio-paulo-freire-valoriza-e-emociona-educadores\/#primaryimage"},"thumbnailUrl":"http:\/\/homolog.saopaulo.sp.leg.br\/apartes-anteriores\/wp-content\/uploads\/sites\/9\/2016\/11\/apartes_n02_46.jpg","datePublished":"2016-11-17T21:17:33+00:00","dateModified":"2016-12-15T20:03:02+00:00","breadcrumb":{"@id":"https:\/\/www.saopaulo.sp.leg.br\/apartes-anteriores\/revista-apartes\/numero-2-outubro2013\/no02-premio-paulo-freire-valoriza-e-emociona-educadores\/#breadcrumb"},"inLanguage":"pt-BR","potentialAction":[{"@type":"ReadAction","target":["https:\/\/www.saopaulo.sp.leg.br\/apartes-anteriores\/revista-apartes\/numero-2-outubro2013\/no02-premio-paulo-freire-valoriza-e-emociona-educadores\/"]}]},{"@type":"ImageObject","inLanguage":"pt-BR","@id":"https:\/\/www.saopaulo.sp.leg.br\/apartes-anteriores\/revista-apartes\/numero-2-outubro2013\/no02-premio-paulo-freire-valoriza-e-emociona-educadores\/#primaryimage","url":"https:\/\/homolog.saopaulo.sp.leg.br\/apartes-anteriores\/wp-content\/uploads\/sites\/9\/2016\/11\/apartes_n02_46.jpg","contentUrl":"https:\/\/homolog.saopaulo.sp.leg.br\/apartes-anteriores\/wp-content\/uploads\/sites\/9\/2016\/11\/apartes_n02_46.jpg","width":1792,"height":954},{"@type":"BreadcrumbList","@id":"https:\/\/www.saopaulo.sp.leg.br\/apartes-anteriores\/revista-apartes\/numero-2-outubro2013\/no02-premio-paulo-freire-valoriza-e-emociona-educadores\/#breadcrumb","itemListElement":[{"@type":"ListItem","position":1,"name":"Home","item":"https:\/\/www.saopaulo.sp.leg.br\/apartes-anteriores\/"},{"@type":"ListItem","position":2,"name":"Revista Apartes","item":"https:\/\/www.saopaulo.sp.leg.br\/apartes-anteriores\/"},{"@type":"ListItem","position":3,"name":"N\u00famero 02 &#8211; out\/2013","item":"https:\/\/www.saopaulo.sp.leg.br\/apartes-anteriores\/revista-apartes\/numero-2-outubro2013\/"},{"@type":"ListItem","position":4,"name":"N\u00ba02 &#8211; Educa\u00e7\u00e3o"}]},{"@type":"WebSite","@id":"https:\/\/homolog.saopaulo.sp.leg.br\/apartes-anteriores\/#website","url":"https:\/\/homolog.saopaulo.sp.leg.br\/apartes-anteriores\/","name":"Revista Apartes (edi\u00e7\u00f5es anteriores)","description":"Revista Apartes (edi\u00e7\u00f5es anteriores)","potentialAction":[{"@type":"SearchAction","target":{"@type":"EntryPoint","urlTemplate":"https:\/\/homolog.saopaulo.sp.leg.br\/apartes-anteriores\/?s={search_term_string}"},"query-input":{"@type":"PropertyValueSpecification","valueRequired":true,"valueName":"search_term_string"}}],"inLanguage":"pt-BR"}]}},"_links":{"self":[{"href":"https:\/\/homolog.saopaulo.sp.leg.br\/apartes-anteriores\/wp-json\/wp\/v2\/pages\/37598","targetHints":{"allow":["GET"]}}],"collection":[{"href":"https:\/\/homolog.saopaulo.sp.leg.br\/apartes-anteriores\/wp-json\/wp\/v2\/pages"}],"about":[{"href":"https:\/\/homolog.saopaulo.sp.leg.br\/apartes-anteriores\/wp-json\/wp\/v2\/types\/page"}],"author":[{"embeddable":true,"href":"https:\/\/homolog.saopaulo.sp.leg.br\/apartes-anteriores\/wp-json\/wp\/v2\/users\/109"}],"replies":[{"embeddable":true,"href":"https:\/\/homolog.saopaulo.sp.leg.br\/apartes-anteriores\/wp-json\/wp\/v2\/comments?post=37598"}],"version-history":[{"count":5,"href":"https:\/\/homolog.saopaulo.sp.leg.br\/apartes-anteriores\/wp-json\/wp\/v2\/pages\/37598\/revisions"}],"predecessor-version":[{"id":38466,"href":"https:\/\/homolog.saopaulo.sp.leg.br\/apartes-anteriores\/wp-json\/wp\/v2\/pages\/37598\/revisions\/38466"}],"up":[{"embeddable":true,"href":"https:\/\/homolog.saopaulo.sp.leg.br\/apartes-anteriores\/wp-json\/wp\/v2\/pages\/24341"}],"wp:attachment":[{"href":"https:\/\/homolog.saopaulo.sp.leg.br\/apartes-anteriores\/wp-json\/wp\/v2\/media?parent=37598"}],"curies":[{"name":"wp","href":"https:\/\/api.w.org\/{rel}","templated":true}]}}