{"id":37722,"date":"2016-11-18T15:45:26","date_gmt":"2016-11-18T17:45:26","guid":{"rendered":"http:\/\/homolog.saopaulo.sp.leg.br\/apartes-anteriores\/?page_id=37722"},"modified":"2016-11-30T17:49:58","modified_gmt":"2016-11-30T19:49:58","slug":"no03-luz-pela-prevencao-do-cancer-de-mama","status":"publish","type":"page","link":"https:\/\/homolog.saopaulo.sp.leg.br\/apartes-anteriores\/revista-apartes\/numero-3-novembro2013\/no03-luz-pela-prevencao-do-cancer-de-mama\/","title":{"rendered":"N\u00ba03 &#8211; Campanha"},"content":{"rendered":"<h1><strong><span style=\"color: #800000\">Luz pela preven\u00e7\u00e3o do c\u00e2ncer de mama<\/span><\/strong><\/h1>\n<h2>C\u00e2mara iluminou sua sede em ades\u00e3o ao movimento mundial Outubro Rosa<\/h2>\n<p>Gisele Machado | <a href=\"mailto:gisele@saopaulo.sp.leg.br\">gisele@saopaulo.sp.leg.br<\/a><\/p>\n<p><!-- imagem TOTAL - com legenda - CENTRALIZADA --><\/p>\n<div style=\"width: 100%;margin-right: 1.5em;margin-bottom: 1.5em\">\n<div style=\"padding: 5px;background-color: #eee !important\">\n<p><a href=\"http:\/\/homolog.saopaulo.sp.leg.br\/apartes-anteriores\/wp-content\/uploads\/sites\/9\/2016\/11\/apartes_n03_14.jpg\"><img loading=\"lazy\" decoding=\"async\" class=\"aligncenter wp-image-37641 size-full\" src=\"http:\/\/homolog.saopaulo.sp.leg.br\/apartes-anteriores\/wp-content\/uploads\/sites\/9\/2016\/11\/apartes_n03_14.jpg\" width=\"1800\" height=\"1165\" srcset=\"https:\/\/homolog.saopaulo.sp.leg.br\/apartes-anteriores\/wp-content\/uploads\/sites\/9\/2016\/11\/apartes_n03_14.jpg 1800w, https:\/\/homolog.saopaulo.sp.leg.br\/apartes-anteriores\/wp-content\/uploads\/sites\/9\/2016\/11\/apartes_n03_14-300x194.jpg 300w, https:\/\/homolog.saopaulo.sp.leg.br\/apartes-anteriores\/wp-content\/uploads\/sites\/9\/2016\/11\/apartes_n03_14-768x497.jpg 768w, https:\/\/homolog.saopaulo.sp.leg.br\/apartes-anteriores\/wp-content\/uploads\/sites\/9\/2016\/11\/apartes_n03_14-1024x663.jpg 1024w\" sizes=\"auto, (max-width: 1800px) 100vw, 1800px\" \/><\/a><\/p>\n<p style=\"font-size: 0.8em;line-height: 1.1em;text-align: center;margin: -1.5em 0px 7px 0px;color: #333;!important;background-color: transparent !important\" align=\"center\">Conscientiza\u00e7\u00e3o: Pal\u00e1cio Anchieta ficou em tons de rosa pelo terceiro ano seguido<\/p>\n<\/div>\n<p style=\"font-size: 0.5em;line-height: 1.1em;text-align: right;margin: 4px 0px 7px 0px;background-color: transparent !important\">Ricardo Rocha\/CMSP<\/p>\n<\/div>\n<p><!-- imagem TOTAL - com legenda - CENTRALIZADA --><\/p>\n<p>A C\u00e2mara Municipal de S\u00e3o Paulo (CMSP) iluminou sua sede, o Pal\u00e1cio Anchieta, em ades\u00e3o ao Outubro Rosa, campanha mundial pela import\u00e2ncia da detec\u00e7\u00e3o precoce do c\u00e2ncer de mama. Este \u00e9 o terceiro ano consecutivo em que a C\u00e2mara participa da iniciativa, que surgiu na d\u00e9cada de 1990, nos Estados Unidos.<\/p>\n<p>Em S\u00e3o Paulo, outros pr\u00e9dios ic\u00f4nicos ganharam luzes cor-de-rosa, incluindo o da Prefeitura, o Edif\u00edcio Matarazzo, o Theatro Municipal, o Monumento \u00e0s Bandeiras, o Obelisco do Ibirapuera e a Ponte Estaiada. Em Bras\u00edlia, o Congresso Nacional foi um dos que tamb\u00e9m aderiram.<\/p>\n<p>Em 2013 estima-se que 52 mil novos casos da doen\u00e7a surjam entre as brasileiras, segundo o Instituto Nacional do C\u00e2ncer (Inca). Mulheres entre 40 e 49 anos devem se submeter a exame cl\u00ednico das mamas anualmente. Dos 50 aos 69 anos devem ser feitas mamografias a cada dois anos. Quem tem hist\u00f3rico de c\u00e2ncer de mama ou ov\u00e1rio na fam\u00edlia deve fazer acompanhamento a partir dos 35 anos.<\/p>\n<p>Em outras campanhas, a CMSP j\u00e1 ganhou luzes amarelas (iniciativa da Organiza\u00e7\u00e3o Mundial da Sa\u00fade pela redu\u00e7\u00e3o da viol\u00eancia no tr\u00e2nsito), verdes (comemora\u00e7\u00e3o ao Dia do Meio Ambiente) e azuis (pelo Dia Mundial da Diabete e pela promo\u00e7\u00e3o de h\u00e1bitos saud\u00e1veis). Em outras oportunidades, a sede do Legislativo paulistano teve as luzes apagadas em ades\u00e3o \u00e0 Hora do Planeta, ato que chama a aten\u00e7\u00e3o para o aquecimento global.<\/p>\n<p>Mais informa\u00e7\u00f5es sobre o c\u00e2ncer de mama em <a href=\"http:\/\/www.inca.gov.br\"><em>www.inca.gov.br<\/em><\/a>.<\/p>\n","protected":false},"excerpt":{"rendered":"<p>Luz pela preven\u00e7\u00e3o do c\u00e2ncer de mama C\u00e2mara iluminou sua sede em ades\u00e3o ao movimento mundial Outubro Rosa Gisele Machado | gisele@saopaulo.sp.leg.br Conscientiza\u00e7\u00e3o: Pal\u00e1cio Anchieta ficou em tons de rosa pelo terceiro ano seguido Ricardo Rocha\/CMSP A C\u00e2mara Municipal de S\u00e3o Paulo (CMSP) iluminou sua sede, o Pal\u00e1cio Anchieta, em ades\u00e3o ao Outubro Rosa, campanha [&hellip;]<\/p>\n","protected":false},"author":109,"featured_media":0,"parent":24338,"menu_order":0,"comment_status":"closed","ping_status":"closed","template":"","meta":{"footnotes":""},"class_list":["post-37722","page","type-page","status-publish","hentry"],"meta_all":{"_edit_lock":["1480535277:109"],"_edit_last":["109"],"_wp_page_template":["default"],"_yoast_wpseo_opengraph-title":["Luz pela preven\u00e7\u00e3o do c\u00e2ncer de mama"],"_yoast_wpseo_opengraph-description":["C\u00e2mara iluminou sua sede em ades\u00e3o ao movimento mundial Outubro Rosa"],"_yoast_wpseo_twitter-title":["Luz pela preven\u00e7\u00e3o do c\u00e2ncer de mama"],"_yoast_wpseo_twitter-description":["C\u00e2mara iluminou sua sede em ades\u00e3o ao movimento mundial Outubro Rosa"],"_yoast_wpseo_content_score":["60"],"_cmsp_page_download-files":["a:1:{i:0;a:1:{s:4:\"type\";s:3:\"pdf\";}}"]},"meta_all_2":{"_edit_lock":["1480535277:109"],"_edit_last":["109"],"_wp_page_template":["default"],"_yoast_wpseo_opengraph-title":["Luz pela preven\u00e7\u00e3o do c\u00e2ncer de mama"],"_yoast_wpseo_opengraph-description":["C\u00e2mara iluminou sua sede em ades\u00e3o ao movimento mundial Outubro Rosa"],"_yoast_wpseo_twitter-title":["Luz pela preven\u00e7\u00e3o do c\u00e2ncer de mama"],"_yoast_wpseo_twitter-description":["C\u00e2mara iluminou sua sede em ades\u00e3o ao movimento mundial Outubro Rosa"],"_yoast_wpseo_content_score":["60"],"_cmsp_page_download-files":["a:1:{i:0;a:1:{s:4:\"type\";s:3:\"pdf\";}}"]},"yoast_head":"<!-- This site is optimized with the Yoast SEO plugin v27.4 - https:\/\/yoast.com\/product\/yoast-seo-wordpress\/ -->\r\n<title>N\u00ba03 - Campanha - Revista Apartes (edi\u00e7\u00f5es anteriores)<\/title>\r\n<meta name=\"robots\" content=\"noindex, follow, max-snippet:-1, max-image-preview:large, max-video-preview:-1\" \/>\r\n<meta property=\"og:locale\" content=\"pt_BR\" \/>\r\n<meta property=\"og:type\" content=\"article\" \/>\r\n<meta property=\"og:title\" content=\"Luz pela preven\u00e7\u00e3o do c\u00e2ncer de mama\" \/>\r\n<meta property=\"og:description\" content=\"C\u00e2mara iluminou sua sede em ades\u00e3o ao movimento mundial Outubro Rosa\" \/>\r\n<meta property=\"og:url\" content=\"https:\/\/www.saopaulo.sp.leg.br\/apartes-anteriores\/revista-apartes\/numero-3-novembro2013\/no03-luz-pela-prevencao-do-cancer-de-mama\/\" \/>\r\n<meta property=\"og:site_name\" content=\"Revista Apartes (edi\u00e7\u00f5es anteriores)\" \/>\r\n<meta property=\"article:publisher\" content=\"https:\/\/www.facebook.com\/RevistaApartes\/\" \/>\r\n<meta property=\"article:modified_time\" content=\"2016-11-30T19:49:58+00:00\" \/>\r\n<meta property=\"og:image\" content=\"http:\/\/www.saopaulo.sp.leg.br\/apartes-anteriores\/wp-content\/uploads\/sites\/9\/2016\/11\/apartes_n03_14.jpg\" \/>\r\n<meta name=\"twitter:card\" content=\"summary_large_image\" \/>\r\n<meta name=\"twitter:title\" content=\"Luz pela preven\u00e7\u00e3o do c\u00e2ncer de mama\" \/>\r\n<meta name=\"twitter:description\" content=\"C\u00e2mara iluminou sua sede em ades\u00e3o ao movimento mundial Outubro Rosa\" \/>\r\n<meta name=\"twitter:site\" content=\"@revistaapartes\" \/>\r\n<meta name=\"twitter:label1\" content=\"Est. tempo de leitura\" \/>\n\t<meta name=\"twitter:data1\" content=\"2 minutos\" \/>\r\n<script type=\"application\/ld+json\" class=\"yoast-schema-graph\">{\"@context\":\"https:\\\/\\\/schema.org\",\"@graph\":[{\"@type\":\"WebPage\",\"@id\":\"https:\\\/\\\/www.saopaulo.sp.leg.br\\\/apartes-anteriores\\\/revista-apartes\\\/numero-3-novembro2013\\\/no03-luz-pela-prevencao-do-cancer-de-mama\\\/\",\"url\":\"https:\\\/\\\/www.saopaulo.sp.leg.br\\\/apartes-anteriores\\\/revista-apartes\\\/numero-3-novembro2013\\\/no03-luz-pela-prevencao-do-cancer-de-mama\\\/\",\"name\":\"N\u00ba03 - Campanha - Revista Apartes (edi\u00e7\u00f5es anteriores)\",\"isPartOf\":{\"@id\":\"https:\\\/\\\/homolog.saopaulo.sp.leg.br\\\/apartes-anteriores\\\/#website\"},\"primaryImageOfPage\":{\"@id\":\"https:\\\/\\\/www.saopaulo.sp.leg.br\\\/apartes-anteriores\\\/revista-apartes\\\/numero-3-novembro2013\\\/no03-luz-pela-prevencao-do-cancer-de-mama\\\/#primaryimage\"},\"image\":{\"@id\":\"https:\\\/\\\/www.saopaulo.sp.leg.br\\\/apartes-anteriores\\\/revista-apartes\\\/numero-3-novembro2013\\\/no03-luz-pela-prevencao-do-cancer-de-mama\\\/#primaryimage\"},\"thumbnailUrl\":\"http:\\\/\\\/homolog.saopaulo.sp.leg.br\\\/apartes-anteriores\\\/wp-content\\\/uploads\\\/sites\\\/9\\\/2016\\\/11\\\/apartes_n03_14.jpg\",\"datePublished\":\"2016-11-18T17:45:26+00:00\",\"dateModified\":\"2016-11-30T19:49:58+00:00\",\"breadcrumb\":{\"@id\":\"https:\\\/\\\/www.saopaulo.sp.leg.br\\\/apartes-anteriores\\\/revista-apartes\\\/numero-3-novembro2013\\\/no03-luz-pela-prevencao-do-cancer-de-mama\\\/#breadcrumb\"},\"inLanguage\":\"pt-BR\",\"potentialAction\":[{\"@type\":\"ReadAction\",\"target\":[\"https:\\\/\\\/www.saopaulo.sp.leg.br\\\/apartes-anteriores\\\/revista-apartes\\\/numero-3-novembro2013\\\/no03-luz-pela-prevencao-do-cancer-de-mama\\\/\"]}]},{\"@type\":\"ImageObject\",\"inLanguage\":\"pt-BR\",\"@id\":\"https:\\\/\\\/www.saopaulo.sp.leg.br\\\/apartes-anteriores\\\/revista-apartes\\\/numero-3-novembro2013\\\/no03-luz-pela-prevencao-do-cancer-de-mama\\\/#primaryimage\",\"url\":\"https:\\\/\\\/homolog.saopaulo.sp.leg.br\\\/apartes-anteriores\\\/wp-content\\\/uploads\\\/sites\\\/9\\\/2016\\\/11\\\/apartes_n03_14.jpg\",\"contentUrl\":\"https:\\\/\\\/homolog.saopaulo.sp.leg.br\\\/apartes-anteriores\\\/wp-content\\\/uploads\\\/sites\\\/9\\\/2016\\\/11\\\/apartes_n03_14.jpg\",\"width\":1800,\"height\":1165},{\"@type\":\"BreadcrumbList\",\"@id\":\"https:\\\/\\\/www.saopaulo.sp.leg.br\\\/apartes-anteriores\\\/revista-apartes\\\/numero-3-novembro2013\\\/no03-luz-pela-prevencao-do-cancer-de-mama\\\/#breadcrumb\",\"itemListElement\":[{\"@type\":\"ListItem\",\"position\":1,\"name\":\"Home\",\"item\":\"https:\\\/\\\/www.saopaulo.sp.leg.br\\\/apartes-anteriores\\\/\"},{\"@type\":\"ListItem\",\"position\":2,\"name\":\"Revista Apartes\",\"item\":\"https:\\\/\\\/www.saopaulo.sp.leg.br\\\/apartes-anteriores\\\/\"},{\"@type\":\"ListItem\",\"position\":3,\"name\":\"N\u00famero 03 &#8211; nov\\\/2013\",\"item\":\"https:\\\/\\\/www.saopaulo.sp.leg.br\\\/apartes-anteriores\\\/revista-apartes\\\/numero-3-novembro2013\\\/\"},{\"@type\":\"ListItem\",\"position\":4,\"name\":\"N\u00ba03 &#8211; Campanha\"}]},{\"@type\":\"WebSite\",\"@id\":\"https:\\\/\\\/homolog.saopaulo.sp.leg.br\\\/apartes-anteriores\\\/#website\",\"url\":\"https:\\\/\\\/homolog.saopaulo.sp.leg.br\\\/apartes-anteriores\\\/\",\"name\":\"Revista Apartes (edi\u00e7\u00f5es anteriores)\",\"description\":\"Revista Apartes (edi\u00e7\u00f5es anteriores)\",\"potentialAction\":[{\"@type\":\"SearchAction\",\"target\":{\"@type\":\"EntryPoint\",\"urlTemplate\":\"https:\\\/\\\/homolog.saopaulo.sp.leg.br\\\/apartes-anteriores\\\/?s={search_term_string}\"},\"query-input\":{\"@type\":\"PropertyValueSpecification\",\"valueRequired\":true,\"valueName\":\"search_term_string\"}}],\"inLanguage\":\"pt-BR\"}]}<\/script>\r\n<!-- \/ Yoast SEO plugin. -->","yoast_head_json":{"title":"N\u00ba03 - Campanha - Revista Apartes (edi\u00e7\u00f5es anteriores)","robots":{"index":"noindex","follow":"follow","max-snippet":"max-snippet:-1","max-image-preview":"max-image-preview:large","max-video-preview":"max-video-preview:-1"},"og_locale":"pt_BR","og_type":"article","og_title":"Luz pela preven\u00e7\u00e3o do c\u00e2ncer de mama","og_description":"C\u00e2mara iluminou sua sede em ades\u00e3o ao movimento mundial Outubro Rosa","og_url":"https:\/\/www.saopaulo.sp.leg.br\/apartes-anteriores\/revista-apartes\/numero-3-novembro2013\/no03-luz-pela-prevencao-do-cancer-de-mama\/","og_site_name":"Revista Apartes (edi\u00e7\u00f5es anteriores)","article_publisher":"https:\/\/www.facebook.com\/RevistaApartes\/","article_modified_time":"2016-11-30T19:49:58+00:00","og_image":[{"url":"http:\/\/www.saopaulo.sp.leg.br\/apartes-anteriores\/wp-content\/uploads\/sites\/9\/2016\/11\/apartes_n03_14.jpg","type":"","width":"","height":""}],"twitter_card":"summary_large_image","twitter_title":"Luz pela preven\u00e7\u00e3o do c\u00e2ncer de mama","twitter_description":"C\u00e2mara iluminou sua sede em ades\u00e3o ao movimento mundial Outubro Rosa","twitter_site":"@revistaapartes","twitter_misc":{"Est. tempo de leitura":"2 minutos"},"schema":{"@context":"https:\/\/schema.org","@graph":[{"@type":"WebPage","@id":"https:\/\/www.saopaulo.sp.leg.br\/apartes-anteriores\/revista-apartes\/numero-3-novembro2013\/no03-luz-pela-prevencao-do-cancer-de-mama\/","url":"https:\/\/www.saopaulo.sp.leg.br\/apartes-anteriores\/revista-apartes\/numero-3-novembro2013\/no03-luz-pela-prevencao-do-cancer-de-mama\/","name":"N\u00ba03 - Campanha - Revista Apartes (edi\u00e7\u00f5es anteriores)","isPartOf":{"@id":"https:\/\/homolog.saopaulo.sp.leg.br\/apartes-anteriores\/#website"},"primaryImageOfPage":{"@id":"https:\/\/www.saopaulo.sp.leg.br\/apartes-anteriores\/revista-apartes\/numero-3-novembro2013\/no03-luz-pela-prevencao-do-cancer-de-mama\/#primaryimage"},"image":{"@id":"https:\/\/www.saopaulo.sp.leg.br\/apartes-anteriores\/revista-apartes\/numero-3-novembro2013\/no03-luz-pela-prevencao-do-cancer-de-mama\/#primaryimage"},"thumbnailUrl":"http:\/\/homolog.saopaulo.sp.leg.br\/apartes-anteriores\/wp-content\/uploads\/sites\/9\/2016\/11\/apartes_n03_14.jpg","datePublished":"2016-11-18T17:45:26+00:00","dateModified":"2016-11-30T19:49:58+00:00","breadcrumb":{"@id":"https:\/\/www.saopaulo.sp.leg.br\/apartes-anteriores\/revista-apartes\/numero-3-novembro2013\/no03-luz-pela-prevencao-do-cancer-de-mama\/#breadcrumb"},"inLanguage":"pt-BR","potentialAction":[{"@type":"ReadAction","target":["https:\/\/www.saopaulo.sp.leg.br\/apartes-anteriores\/revista-apartes\/numero-3-novembro2013\/no03-luz-pela-prevencao-do-cancer-de-mama\/"]}]},{"@type":"ImageObject","inLanguage":"pt-BR","@id":"https:\/\/www.saopaulo.sp.leg.br\/apartes-anteriores\/revista-apartes\/numero-3-novembro2013\/no03-luz-pela-prevencao-do-cancer-de-mama\/#primaryimage","url":"https:\/\/homolog.saopaulo.sp.leg.br\/apartes-anteriores\/wp-content\/uploads\/sites\/9\/2016\/11\/apartes_n03_14.jpg","contentUrl":"https:\/\/homolog.saopaulo.sp.leg.br\/apartes-anteriores\/wp-content\/uploads\/sites\/9\/2016\/11\/apartes_n03_14.jpg","width":1800,"height":1165},{"@type":"BreadcrumbList","@id":"https:\/\/www.saopaulo.sp.leg.br\/apartes-anteriores\/revista-apartes\/numero-3-novembro2013\/no03-luz-pela-prevencao-do-cancer-de-mama\/#breadcrumb","itemListElement":[{"@type":"ListItem","position":1,"name":"Home","item":"https:\/\/www.saopaulo.sp.leg.br\/apartes-anteriores\/"},{"@type":"ListItem","position":2,"name":"Revista Apartes","item":"https:\/\/www.saopaulo.sp.leg.br\/apartes-anteriores\/"},{"@type":"ListItem","position":3,"name":"N\u00famero 03 &#8211; nov\/2013","item":"https:\/\/www.saopaulo.sp.leg.br\/apartes-anteriores\/revista-apartes\/numero-3-novembro2013\/"},{"@type":"ListItem","position":4,"name":"N\u00ba03 &#8211; Campanha"}]},{"@type":"WebSite","@id":"https:\/\/homolog.saopaulo.sp.leg.br\/apartes-anteriores\/#website","url":"https:\/\/homolog.saopaulo.sp.leg.br\/apartes-anteriores\/","name":"Revista Apartes (edi\u00e7\u00f5es anteriores)","description":"Revista Apartes (edi\u00e7\u00f5es anteriores)","potentialAction":[{"@type":"SearchAction","target":{"@type":"EntryPoint","urlTemplate":"https:\/\/homolog.saopaulo.sp.leg.br\/apartes-anteriores\/?s={search_term_string}"},"query-input":{"@type":"PropertyValueSpecification","valueRequired":true,"valueName":"search_term_string"}}],"inLanguage":"pt-BR"}]}},"_links":{"self":[{"href":"https:\/\/homolog.saopaulo.sp.leg.br\/apartes-anteriores\/wp-json\/wp\/v2\/pages\/37722","targetHints":{"allow":["GET"]}}],"collection":[{"href":"https:\/\/homolog.saopaulo.sp.leg.br\/apartes-anteriores\/wp-json\/wp\/v2\/pages"}],"about":[{"href":"https:\/\/homolog.saopaulo.sp.leg.br\/apartes-anteriores\/wp-json\/wp\/v2\/types\/page"}],"author":[{"embeddable":true,"href":"https:\/\/homolog.saopaulo.sp.leg.br\/apartes-anteriores\/wp-json\/wp\/v2\/users\/109"}],"replies":[{"embeddable":true,"href":"https:\/\/homolog.saopaulo.sp.leg.br\/apartes-anteriores\/wp-json\/wp\/v2\/comments?post=37722"}],"version-history":[{"count":4,"href":"https:\/\/homolog.saopaulo.sp.leg.br\/apartes-anteriores\/wp-json\/wp\/v2\/pages\/37722\/revisions"}],"predecessor-version":[{"id":38470,"href":"https:\/\/homolog.saopaulo.sp.leg.br\/apartes-anteriores\/wp-json\/wp\/v2\/pages\/37722\/revisions\/38470"}],"up":[{"embeddable":true,"href":"https:\/\/homolog.saopaulo.sp.leg.br\/apartes-anteriores\/wp-json\/wp\/v2\/pages\/24338"}],"wp:attachment":[{"href":"https:\/\/homolog.saopaulo.sp.leg.br\/apartes-anteriores\/wp-json\/wp\/v2\/media?parent=37722"}],"curies":[{"name":"wp","href":"https:\/\/api.w.org\/{rel}","templated":true}]}}