{"id":38321,"date":"2016-11-28T17:24:39","date_gmt":"2016-11-28T19:24:39","guid":{"rendered":"http:\/\/homolog.saopaulo.sp.leg.br\/apartes-anteriores\/?page_id=38321"},"modified":"2016-12-16T18:47:58","modified_gmt":"2016-12-16T20:47:58","slug":"no05-especializada-nas-questoes-paulistanas","status":"publish","type":"page","link":"https:\/\/homolog.saopaulo.sp.leg.br\/apartes-anteriores\/revista-apartes\/numero-5-janeiro-fevereiro2014\/no05-especializada-nas-questoes-paulistanas\/","title":{"rendered":"N\u00ba05 &#8211; Cultura"},"content":{"rendered":"<h1><strong><span style=\"color: #800000\">Especializada nas quest\u00f5es paulistanas<\/span><\/strong><\/h1>\n<h2>Acervo da biblioteca da C\u00e2mara est\u00e1 dispon\u00edvel a qualquer interessado em entender melhor a cidade<\/h2>\n<p><strong>Rodrigo Garcia<\/strong> | <a href=\"mailto:rodrigogarcia@saopaulo.sp.leg.br\">rodrigogarcia@saopaulo.sp.leg.br<\/a><\/p>\n<p><!-- imagem TOTAL - com legenda - CENTRALIZADA --><\/p>\n<div style=\"width: 100%;margin-right: 1.5em;margin-bottom: 1.5em\">\n<div style=\"padding: 5px;background-color: #eee !important\">\n<p><a href=\"http:\/\/homolog.saopaulo.sp.leg.br\/apartes-anteriores\/wp-content\/uploads\/sites\/9\/2016\/11\/apartes_n05_35.jpg\"><img loading=\"lazy\" decoding=\"async\" class=\"aligncenter wp-image-38224 size-full\" src=\"http:\/\/homolog.saopaulo.sp.leg.br\/apartes-anteriores\/wp-content\/uploads\/sites\/9\/2016\/11\/apartes_n05_35.jpg\" width=\"1595\" height=\"2095\" srcset=\"https:\/\/homolog.saopaulo.sp.leg.br\/apartes-anteriores\/wp-content\/uploads\/sites\/9\/2016\/11\/apartes_n05_35.jpg 1595w, https:\/\/homolog.saopaulo.sp.leg.br\/apartes-anteriores\/wp-content\/uploads\/sites\/9\/2016\/11\/apartes_n05_35-228x300.jpg 228w, https:\/\/homolog.saopaulo.sp.leg.br\/apartes-anteriores\/wp-content\/uploads\/sites\/9\/2016\/11\/apartes_n05_35-768x1009.jpg 768w, https:\/\/homolog.saopaulo.sp.leg.br\/apartes-anteriores\/wp-content\/uploads\/sites\/9\/2016\/11\/apartes_n05_35-780x1024.jpg 780w\" sizes=\"auto, (max-width: 1595px) 100vw, 1595px\" \/><\/a><\/p>\n<p style=\"font-size: 0.8em;line-height: 1.1em;text-align: center;margin: -1.5em 0px 7px 0px;color: #333;!important;background-color: transparent !important\" align=\"center\">ACERVO &#8211; Biblioteca tem mais de 22 mil volumes<\/p>\n<\/div>\n<p style=\"font-size: 0.5em;line-height: 1.1em;text-align: right;margin: 4px 0px 7px 0px;background-color: transparent !important\">Ricardo Rocha\/CMSP<\/p>\n<\/div>\n<p><!-- imagem TOTAL - com legenda - CENTRALIZADA --><\/p>\n<p>Com 460 anos, S\u00e3o Paulo coleciona muitas hist\u00f3rias, v\u00e1rios problemas e in\u00fameras solu\u00e7\u00f5es. Grande parte desses aspectos est\u00e1 registrada nos mais de 22 mil livros da biblioteca da C\u00e2mara Municipal de S\u00e3o Paulo (CMSP). Os textos podem ser acessados por vereadores, servidores e estagi\u00e1rios. Quem n\u00e3o \u00e9 funcion\u00e1rio precisa fazer a consulta no local, onde \u00e9 poss\u00edvel tirar fotoc\u00f3pias.<\/p>\n<p>O acervo inclui livros t\u00e9cnicos, de literatura nacional e estrangeira, jornais, revistas e publica\u00e7\u00f5es em braile, como a Constitui\u00e7\u00e3o Federal e contos de Artur Azevedo. Por dia, cerca de 50 pessoas visitam o espa\u00e7o, a maioria para ler jornais ou as revistas da semana. \u201cTamb\u00e9m v\u00eam aqueles que desejam estudar e os alunos de mestrado e doutorado\u201d, diz a supervisora da biblioteca, Roseli Sobral.<\/p>\n<p><!-- imagem MEDIA - com legenda - LADO DIREITO --><\/p>\n<div style=\"float: right;width: 310px;margin-left: 1.5em;margin-bottom: 1.5em\">\n<div style=\"float: right;padding: 5px;background-color: #eee !important\">\n<p><a href=\"http:\/\/homolog.saopaulo.sp.leg.br\/apartes-anteriores\/wp-content\/uploads\/sites\/9\/2016\/11\/apartes_n05_42.jpg\"><img loading=\"lazy\" decoding=\"async\" class=\"aligncenter wp-image-38231 size-medium\" src=\"http:\/\/homolog.saopaulo.sp.leg.br\/apartes-anteriores\/wp-content\/uploads\/sites\/9\/2016\/11\/apartes_n05_42-300x160.jpg\" width=\"300\" height=\"160\" srcset=\"https:\/\/homolog.saopaulo.sp.leg.br\/apartes-anteriores\/wp-content\/uploads\/sites\/9\/2016\/11\/apartes_n05_42-300x160.jpg 300w, https:\/\/homolog.saopaulo.sp.leg.br\/apartes-anteriores\/wp-content\/uploads\/sites\/9\/2016\/11\/apartes_n05_42-768x410.jpg 768w, https:\/\/homolog.saopaulo.sp.leg.br\/apartes-anteriores\/wp-content\/uploads\/sites\/9\/2016\/11\/apartes_n05_42-1024x546.jpg 1024w, https:\/\/homolog.saopaulo.sp.leg.br\/apartes-anteriores\/wp-content\/uploads\/sites\/9\/2016\/11\/apartes_n05_42.jpg 1112w\" sizes=\"auto, (max-width: 300px) 100vw, 300px\" \/><\/a><\/p>\n<p style=\"font-size: 0.8em;line-height: 1.1em;text-align: center;margin: -1.5em 0px 7px 0px;color: #333;!important;background-color: transparent !important\" align=\"center\">LEITURA &#8211; Funcion\u00e1rios e visitantes frequentam a biblioteca<\/p>\n<\/div>\n<p style=\"font-size: 0.5em;line-height: 1.1em;text-align: right;margin: 4px 0px 7px 0px;background-color: transparent !important\">Ricardo Rocha\/CMSP<\/p>\n<\/div>\n<p><!-- imagem MEDIA - com legenda - LADO DIREITO --><\/p>\n<p>Raimundo Nonato Alves Cavalcante, ex-funcion\u00e1rio da Companhia Brasileira de Alimentos (Cobal), \u00e9 frequentador ass\u00edduo. \u201cVenho desde 1989 para me manter informado; a qualidade do acervo \u00e9 muito boa e o ambiente \u00e9 acolhedor\u201d, garante Cavalcante. Ele tamb\u00e9m frequenta outras bibliotecas p\u00fablicas, mas diz que prefere a da C\u00e2mara.<\/p>\n<p>A biblioteca da CMSP foi criada em 17 de outubro de 1907, por determina\u00e7\u00e3o do prefeito Ant\u00f4nio da Silva Prado, para ser utilizada pelos vereadores e pelos funcion\u00e1rios das reparti\u00e7\u00f5es municipais. Era composta por livros de ci\u00eancias, artes e legisla\u00e7\u00e3o e ficava na Rua do Tesouro (Centro). Tamb\u00e9m funcionou em outros endere\u00e7os at\u00e9 que, em 1969, com a inaugura\u00e7\u00e3o do Pal\u00e1cio<br \/>\nAnchieta, foi transferida para a nova sede do Legislativo paulistano.<\/p>\n<h3><strong>\u201cN\u00e3o \u00e9 museu\u201d<\/strong><\/h3>\n<p>No acervo, h\u00e1 obras bem antigas, como uma edi\u00e7\u00e3o portuguesa de <em>Dom Quixote de la Mancha<\/em>, de 1876, e as edi\u00e7\u00f5es de 1857 e 1858 do <em>Almanak<\/em>, um guia de servi\u00e7os p\u00fablicos, da ind\u00fastria e do com\u00e9rcio na capital e nas comarcas da Prov\u00edncia de S\u00e3o Paulo.<\/p>\n<p><!-- imagem GRANDE - com legenda - LADO ESQUERDO --><\/p>\n<div style=\"float: left;width: 310px;margin-right: 1.5em;margin-bottom: 1.5em\">\n<div style=\"float: left;padding: 5px;background-color: #eee !important\">\n<p><a href=\"http:\/\/homolog.saopaulo.sp.leg.br\/apartes-anteriores\/wp-content\/uploads\/sites\/9\/2016\/11\/apartes_n05_45.jpg\"><img loading=\"lazy\" decoding=\"async\" class=\"aligncenter wp-image-38234 size-medium\" src=\"http:\/\/homolog.saopaulo.sp.leg.br\/apartes-anteriores\/wp-content\/uploads\/sites\/9\/2016\/11\/apartes_n05_45-300x217.jpg\" width=\"300\" height=\"217\" srcset=\"https:\/\/homolog.saopaulo.sp.leg.br\/apartes-anteriores\/wp-content\/uploads\/sites\/9\/2016\/11\/apartes_n05_45-300x217.jpg 300w, https:\/\/homolog.saopaulo.sp.leg.br\/apartes-anteriores\/wp-content\/uploads\/sites\/9\/2016\/11\/apartes_n05_45.jpg 759w\" sizes=\"auto, (max-width: 300px) 100vw, 300px\" \/><\/a><\/p>\n<p style=\"font-size: 0.8em;line-height: 1.1em;text-align: center;margin: -1.5em 0px 7px 0px;color: #333;!important;background-color: transparent !important\" align=\"center\">DINAMISMO &#8211; Para Cruz, \u201ca biblioteca n\u00e3o \u00e9 museu, \u00e9 um \u00f3rg\u00e3o vivo\u201d<\/p>\n<\/div>\n<p style=\"font-size: 0.5em;line-height: 1.1em;text-align: right;margin: 4px 0px 7px 0px;background-color: transparent !important\">Ricardo Rocha\/CMSP<\/p>\n<\/div>\n<p><!-- imagem GRANDE - com legenda - LADO ESQUERDO --><\/p>\n<p>A biblioteca da CMSP tem as transcri\u00e7\u00f5es das atas e dos anais da Casa desde 1562. Todas podem ser lidas em papel, embora grande parte j\u00e1 esteja digitalizada. O secret\u00e1rio de Documenta\u00e7\u00e3o da C\u00e2mara, bibliotec\u00e1rio \u00c2ngelo Caio Monteiro da Cruz, afirma que h\u00e1 planos para digitalizar e disponibilizar na internet todo esse material.<\/p>\n<p>Grande parte dos livros antigos foi doada \u00e0 biblioteca em 1974, pelo advogado, historiador, escritor e ex-deputado federal constituinte Aureliano Leite, eleito em 1946. Ele doou cerca de 10 mil volumes que tratam, principalmente, da cultura hist\u00f3rica brasileira, reunindo quase tudo o que foi escrito sobre as revolu\u00e7\u00f5es brasileiras de 1924, 30 e 32.<\/p>\n<p>Apesar de possuir importante acervo hist\u00f3rico, Cruz faz quest\u00e3o de ressaltar que a biblioteca \u201cn\u00e3o \u00e9 museu, um dep\u00f3sito\u201d. Ele afirma que o acervo est\u00e1 sempre se renovando, com a compra de obras rec\u00e9m-lan\u00e7adas. \u201cA biblioteca \u00e9 um \u00f3rg\u00e3o vivo\u201d, ressalta. O secret\u00e1rio explica que os frequentadores s\u00e3o consultados e, com as informa\u00e7\u00f5es sobre suas prefer\u00eancias e necessidades, a inten\u00e7\u00e3o \u00e9 ampliar o acervo. Entre as aquisi\u00e7\u00f5es recentes, destacam-se <em>S\u00e3o Paulo Metr\u00f3pole das Utopias: Hist\u00f3rias de Repress\u00e3o e Resist\u00eancia no Arquivo Deops<\/em>, de Maria Luiza Carneiro, <em>Um Olhar sobre S\u00e3o Paulo, <\/em>de Ricardo Viveiros, e<em> Um Batuque Memor\u00e1vel no Samba Paulistano<\/em>, de Carlos Antonio Gomes (veja outros t\u00edtulos no box ao lado). A lista completa das obras est\u00e1 no portal <a href=\"\/\/homolog.saopaulo.sp.leg.br\"><em>homolog.saopaulo.sp.leg.br<\/em><\/a>.<\/p>\n<p>Cruz, que tamb\u00e9m \u00e9 respons\u00e1vel pela documenta\u00e7\u00e3o e pelo arquivo da CMSP, est\u00e1 animado com o projeto que pretende transferir a biblioteca para o t\u00e9rreo do Pal\u00e1cio Anchieta. A expectativa \u00e9 que haja um aumento de 50% no n\u00famero de usu\u00e1rios, chegando a mais de 100 por dia. \u201cNossa visibilidade vai crescer, seremos um ponto de encontro\u201d, anima-se.<\/p>\n<h3><strong>Obras rec\u00e9m-chegadas<\/strong><\/h3>\n<div style=\"background-color: #eee\">\n<p><strong>A Dinastia do R\u00e1dio Paulista,<\/strong> de Thais Matarazzo Cantero e Valdir Comegno<\/p>\n<p><strong>A informa\u00e7\u00e3o: Uma Hist\u00f3ria, Uma teoria, Uma Enxurrada<\/strong>, de James Gleick<\/p>\n<p><strong>Chorando na Garoa: Mem\u00f3rias Musicais de S\u00e3o Paulo<\/strong>, de Jos\u00e9 de Almeida de Amaral Junior<\/p>\n<p><strong>Iconografia Paulistana<\/strong>, de Gustavo Piqueira<\/p>\n<p><strong>Mem\u00f3ria, Hist\u00f3ria, Imagem: A Presen\u00e7a do Espanhol em S\u00e3o Paulo; Primeira Metade do S\u00e9culo XX<\/strong>, de Manoel Belloto e Neide Marcondes<\/p>\n<p><strong>M\u00e9todo e arte: Urbaniza\u00e7\u00e3o e Forma\u00e7\u00e3o Territorial na Capitania de S\u00e3o Paulo, 1765-1811<\/strong>, de Maria Fernanda Derntl<\/p>\n<p><strong>Paulic\u00e9ia Afro: Lugares, Hist\u00f3rias e Pessoas<\/strong>, da Coordenadoria dos Assuntos da Popula\u00e7\u00e3o Negra<\/p>\n<p><strong>Sa\u00eddas de Emerg\u00eancia: Ganhar\/Perder a Vida na Periferia de S\u00e3o Paulo<\/strong>, de Robert Cabanes<\/p>\n<div>\n<div>\n<div style=\"float: left;width: 50%\">\n<figure id=\"attachment_38233\" aria-describedby=\"caption-attachment-38233\" style=\"width: 319px\" class=\"wp-caption aligncenter\"><a href=\"http:\/\/homolog.saopaulo.sp.leg.br\/apartes-anteriores\/wp-content\/uploads\/sites\/9\/2016\/11\/apartes_n05_44.jpg\"><img loading=\"lazy\" decoding=\"async\" class=\"wp-image-38233\" src=\"http:\/\/homolog.saopaulo.sp.leg.br\/apartes-anteriores\/wp-content\/uploads\/sites\/9\/2016\/11\/apartes_n05_44.jpg\" alt=\"Chorando na Garoa: Mem\u00f3rias Musicais de S\u00e3o Paulo\" width=\"319\" height=\"474\" srcset=\"https:\/\/homolog.saopaulo.sp.leg.br\/apartes-anteriores\/wp-content\/uploads\/sites\/9\/2016\/11\/apartes_n05_44.jpg 428w, https:\/\/homolog.saopaulo.sp.leg.br\/apartes-anteriores\/wp-content\/uploads\/sites\/9\/2016\/11\/apartes_n05_44-202x300.jpg 202w\" sizes=\"auto, (max-width: 319px) 100vw, 319px\" \/><\/a><figcaption id=\"caption-attachment-38233\" class=\"wp-caption-text\">Chorando na Garoa: Mem\u00f3rias Musicais de S\u00e3o Paulo<\/figcaption><\/figure>\n<\/div>\n<div style=\"float: left;width: 50%\">\n<figure id=\"attachment_38232\" aria-describedby=\"caption-attachment-38232\" style=\"width: 298px\" class=\"wp-caption aligncenter\"><a href=\"http:\/\/homolog.saopaulo.sp.leg.br\/apartes-anteriores\/wp-content\/uploads\/sites\/9\/2016\/11\/apartes_n05_43.jpg\"><img loading=\"lazy\" decoding=\"async\" class=\"wp-image-38232\" src=\"http:\/\/homolog.saopaulo.sp.leg.br\/apartes-anteriores\/wp-content\/uploads\/sites\/9\/2016\/11\/apartes_n05_43.jpg\" alt=\"M\u00e9todo e arte: Urbaniza\u00e7\u00e3o e Forma\u00e7\u00e3o Territorial na Capitania de S\u00e3o Paulo, 1765-1811\" width=\"298\" height=\"448\" srcset=\"https:\/\/homolog.saopaulo.sp.leg.br\/apartes-anteriores\/wp-content\/uploads\/sites\/9\/2016\/11\/apartes_n05_43.jpg 423w, https:\/\/homolog.saopaulo.sp.leg.br\/apartes-anteriores\/wp-content\/uploads\/sites\/9\/2016\/11\/apartes_n05_43-200x300.jpg 200w\" sizes=\"auto, (max-width: 298px) 100vw, 298px\" \/><\/a><figcaption id=\"caption-attachment-38232\" class=\"wp-caption-text\">M\u00e9todo e arte: Urbaniza\u00e7\u00e3o e Forma\u00e7\u00e3o Territorial na Capitania de S\u00e3o Paulo, 1765-1811<\/figcaption><\/figure>\n<\/div>\n<\/div>\n<\/div>\n<\/div>\n<div>\n<h4><\/h4>\n<h4><span style=\"color: #ffffff\">&#8211;<\/span><\/h4>\n<h4>SERVI\u00c7OS<\/h4>\n<\/div>\n<div style=\"text-align: center;background-color: #72bb81\">\n<p><strong><span style=\"color: #ffffff\">Biblioteca da CMSP<\/span><\/strong><\/p>\n<\/div>\n<div>Viaduto Jacare\u00ed, 100 &#8211; Bela Vista &#8211; 2\u00ba andar, Sala 207<br \/>\nTelefones: 3396-4331, 3396-4741, 3396-4550 e 3396-4454<br \/>\nHor\u00e1rio de funcionamento: de segunda a sexta, das 10h \u00e0s 18h30<\/div>\n","protected":false},"excerpt":{"rendered":"<p>Especializada nas quest\u00f5es paulistanas Acervo da biblioteca da C\u00e2mara est\u00e1 dispon\u00edvel a qualquer interessado em entender melhor a cidade Rodrigo Garcia | rodrigogarcia@saopaulo.sp.leg.br ACERVO &#8211; Biblioteca tem mais de 22 mil volumes Ricardo Rocha\/CMSP Com 460 anos, S\u00e3o Paulo coleciona muitas hist\u00f3rias, v\u00e1rios problemas e in\u00fameras solu\u00e7\u00f5es. Grande parte desses aspectos est\u00e1 registrada nos mais [&hellip;]<\/p>\n","protected":false},"author":109,"featured_media":0,"parent":24330,"menu_order":0,"comment_status":"closed","ping_status":"closed","template":"","meta":{"footnotes":""},"class_list":["post-38321","page","type-page","status-publish","hentry"],"meta_all":{"_edit_lock":["1481921304:109"],"_edit_last":["109"],"_wp_page_template":["default"],"_yoast_wpseo_content_score":["90"],"_cmsp_page_download-files":["a:1:{i:0;a:1:{s:4:\"type\";s:3:\"pdf\";}}"],"_yoast_wpseo_opengraph-title":["Especializada nas quest\u00f5es paulistanas"],"_yoast_wpseo_opengraph-description":["Acervo da biblioteca da C\u00e2mara est\u00e1 dispon\u00edvel a qualquer interessado em entender melhor a cidade"],"_yoast_wpseo_twitter-title":["Especializada nas quest\u00f5es paulistanas"],"_yoast_wpseo_twitter-description":["Acervo da biblioteca da C\u00e2mara est\u00e1 dispon\u00edvel a qualquer interessado em entender melhor a cidade"]},"meta_all_2":{"_edit_lock":["1481921304:109"],"_edit_last":["109"],"_wp_page_template":["default"],"_yoast_wpseo_content_score":["90"],"_cmsp_page_download-files":["a:1:{i:0;a:1:{s:4:\"type\";s:3:\"pdf\";}}"],"_yoast_wpseo_opengraph-title":["Especializada nas quest\u00f5es paulistanas"],"_yoast_wpseo_opengraph-description":["Acervo da biblioteca da C\u00e2mara est\u00e1 dispon\u00edvel a qualquer interessado em entender melhor a cidade"],"_yoast_wpseo_twitter-title":["Especializada nas quest\u00f5es paulistanas"],"_yoast_wpseo_twitter-description":["Acervo da biblioteca da C\u00e2mara est\u00e1 dispon\u00edvel a qualquer interessado em entender melhor a cidade"]},"yoast_head":"<!-- This site is optimized with the Yoast SEO plugin v27.4 - https:\/\/yoast.com\/product\/yoast-seo-wordpress\/ -->\r\n<title>N\u00ba05 - Cultura - Revista Apartes (edi\u00e7\u00f5es anteriores)<\/title>\r\n<meta name=\"robots\" content=\"noindex, follow, max-snippet:-1, max-image-preview:large, max-video-preview:-1\" \/>\r\n<meta property=\"og:locale\" content=\"pt_BR\" \/>\r\n<meta property=\"og:type\" content=\"article\" \/>\r\n<meta property=\"og:title\" content=\"Especializada nas quest\u00f5es paulistanas\" \/>\r\n<meta property=\"og:description\" content=\"Acervo da biblioteca da C\u00e2mara est\u00e1 dispon\u00edvel a qualquer interessado em entender melhor a cidade\" \/>\r\n<meta property=\"og:url\" content=\"https:\/\/www.saopaulo.sp.leg.br\/apartes-anteriores\/revista-apartes\/numero-5-janeiro-fevereiro2014\/no05-especializada-nas-questoes-paulistanas\/\" \/>\r\n<meta property=\"og:site_name\" content=\"Revista Apartes (edi\u00e7\u00f5es anteriores)\" \/>\r\n<meta property=\"article:publisher\" content=\"https:\/\/www.facebook.com\/RevistaApartes\/\" \/>\r\n<meta property=\"article:modified_time\" content=\"2016-12-16T20:47:58+00:00\" \/>\r\n<meta property=\"og:image\" content=\"http:\/\/www.saopaulo.sp.leg.br\/apartes-anteriores\/wp-content\/uploads\/sites\/9\/2016\/11\/apartes_n05_35.jpg\" \/>\r\n<meta name=\"twitter:card\" content=\"summary_large_image\" \/>\r\n<meta name=\"twitter:title\" content=\"Especializada nas quest\u00f5es paulistanas\" \/>\r\n<meta name=\"twitter:description\" content=\"Acervo da biblioteca da C\u00e2mara est\u00e1 dispon\u00edvel a qualquer interessado em entender melhor a cidade\" \/>\r\n<meta name=\"twitter:site\" content=\"@revistaapartes\" \/>\r\n<meta name=\"twitter:label1\" content=\"Est. tempo de leitura\" \/>\n\t<meta name=\"twitter:data1\" content=\"5 minutos\" \/>\r\n<script type=\"application\/ld+json\" class=\"yoast-schema-graph\">{\"@context\":\"https:\\\/\\\/schema.org\",\"@graph\":[{\"@type\":\"WebPage\",\"@id\":\"https:\\\/\\\/www.saopaulo.sp.leg.br\\\/apartes-anteriores\\\/revista-apartes\\\/numero-5-janeiro-fevereiro2014\\\/no05-especializada-nas-questoes-paulistanas\\\/\",\"url\":\"https:\\\/\\\/www.saopaulo.sp.leg.br\\\/apartes-anteriores\\\/revista-apartes\\\/numero-5-janeiro-fevereiro2014\\\/no05-especializada-nas-questoes-paulistanas\\\/\",\"name\":\"N\u00ba05 - Cultura - Revista Apartes (edi\u00e7\u00f5es anteriores)\",\"isPartOf\":{\"@id\":\"https:\\\/\\\/homolog.saopaulo.sp.leg.br\\\/apartes-anteriores\\\/#website\"},\"primaryImageOfPage\":{\"@id\":\"https:\\\/\\\/www.saopaulo.sp.leg.br\\\/apartes-anteriores\\\/revista-apartes\\\/numero-5-janeiro-fevereiro2014\\\/no05-especializada-nas-questoes-paulistanas\\\/#primaryimage\"},\"image\":{\"@id\":\"https:\\\/\\\/www.saopaulo.sp.leg.br\\\/apartes-anteriores\\\/revista-apartes\\\/numero-5-janeiro-fevereiro2014\\\/no05-especializada-nas-questoes-paulistanas\\\/#primaryimage\"},\"thumbnailUrl\":\"http:\\\/\\\/homolog.saopaulo.sp.leg.br\\\/apartes-anteriores\\\/wp-content\\\/uploads\\\/sites\\\/9\\\/2016\\\/11\\\/apartes_n05_35.jpg\",\"datePublished\":\"2016-11-28T19:24:39+00:00\",\"dateModified\":\"2016-12-16T20:47:58+00:00\",\"breadcrumb\":{\"@id\":\"https:\\\/\\\/www.saopaulo.sp.leg.br\\\/apartes-anteriores\\\/revista-apartes\\\/numero-5-janeiro-fevereiro2014\\\/no05-especializada-nas-questoes-paulistanas\\\/#breadcrumb\"},\"inLanguage\":\"pt-BR\",\"potentialAction\":[{\"@type\":\"ReadAction\",\"target\":[\"https:\\\/\\\/www.saopaulo.sp.leg.br\\\/apartes-anteriores\\\/revista-apartes\\\/numero-5-janeiro-fevereiro2014\\\/no05-especializada-nas-questoes-paulistanas\\\/\"]}]},{\"@type\":\"ImageObject\",\"inLanguage\":\"pt-BR\",\"@id\":\"https:\\\/\\\/www.saopaulo.sp.leg.br\\\/apartes-anteriores\\\/revista-apartes\\\/numero-5-janeiro-fevereiro2014\\\/no05-especializada-nas-questoes-paulistanas\\\/#primaryimage\",\"url\":\"https:\\\/\\\/homolog.saopaulo.sp.leg.br\\\/apartes-anteriores\\\/wp-content\\\/uploads\\\/sites\\\/9\\\/2016\\\/11\\\/apartes_n05_35.jpg\",\"contentUrl\":\"https:\\\/\\\/homolog.saopaulo.sp.leg.br\\\/apartes-anteriores\\\/wp-content\\\/uploads\\\/sites\\\/9\\\/2016\\\/11\\\/apartes_n05_35.jpg\",\"width\":1595,\"height\":2095},{\"@type\":\"BreadcrumbList\",\"@id\":\"https:\\\/\\\/www.saopaulo.sp.leg.br\\\/apartes-anteriores\\\/revista-apartes\\\/numero-5-janeiro-fevereiro2014\\\/no05-especializada-nas-questoes-paulistanas\\\/#breadcrumb\",\"itemListElement\":[{\"@type\":\"ListItem\",\"position\":1,\"name\":\"Home\",\"item\":\"https:\\\/\\\/www.saopaulo.sp.leg.br\\\/apartes-anteriores\\\/\"},{\"@type\":\"ListItem\",\"position\":2,\"name\":\"Revista Apartes\",\"item\":\"https:\\\/\\\/www.saopaulo.sp.leg.br\\\/apartes-anteriores\\\/\"},{\"@type\":\"ListItem\",\"position\":3,\"name\":\"N\u00famero 05 &#8211; jan-fev\\\/2014\",\"item\":\"https:\\\/\\\/www.saopaulo.sp.leg.br\\\/apartes-anteriores\\\/revista-apartes\\\/numero-5-janeiro-fevereiro2014\\\/\"},{\"@type\":\"ListItem\",\"position\":4,\"name\":\"N\u00ba05 &#8211; Cultura\"}]},{\"@type\":\"WebSite\",\"@id\":\"https:\\\/\\\/homolog.saopaulo.sp.leg.br\\\/apartes-anteriores\\\/#website\",\"url\":\"https:\\\/\\\/homolog.saopaulo.sp.leg.br\\\/apartes-anteriores\\\/\",\"name\":\"Revista Apartes (edi\u00e7\u00f5es anteriores)\",\"description\":\"Revista Apartes (edi\u00e7\u00f5es anteriores)\",\"potentialAction\":[{\"@type\":\"SearchAction\",\"target\":{\"@type\":\"EntryPoint\",\"urlTemplate\":\"https:\\\/\\\/homolog.saopaulo.sp.leg.br\\\/apartes-anteriores\\\/?s={search_term_string}\"},\"query-input\":{\"@type\":\"PropertyValueSpecification\",\"valueRequired\":true,\"valueName\":\"search_term_string\"}}],\"inLanguage\":\"pt-BR\"}]}<\/script>\r\n<!-- \/ Yoast SEO plugin. -->","yoast_head_json":{"title":"N\u00ba05 - Cultura - Revista Apartes (edi\u00e7\u00f5es anteriores)","robots":{"index":"noindex","follow":"follow","max-snippet":"max-snippet:-1","max-image-preview":"max-image-preview:large","max-video-preview":"max-video-preview:-1"},"og_locale":"pt_BR","og_type":"article","og_title":"Especializada nas quest\u00f5es paulistanas","og_description":"Acervo da biblioteca da C\u00e2mara est\u00e1 dispon\u00edvel a qualquer interessado em entender melhor a cidade","og_url":"https:\/\/www.saopaulo.sp.leg.br\/apartes-anteriores\/revista-apartes\/numero-5-janeiro-fevereiro2014\/no05-especializada-nas-questoes-paulistanas\/","og_site_name":"Revista Apartes (edi\u00e7\u00f5es anteriores)","article_publisher":"https:\/\/www.facebook.com\/RevistaApartes\/","article_modified_time":"2016-12-16T20:47:58+00:00","og_image":[{"url":"http:\/\/www.saopaulo.sp.leg.br\/apartes-anteriores\/wp-content\/uploads\/sites\/9\/2016\/11\/apartes_n05_35.jpg","type":"","width":"","height":""}],"twitter_card":"summary_large_image","twitter_title":"Especializada nas quest\u00f5es paulistanas","twitter_description":"Acervo da biblioteca da C\u00e2mara est\u00e1 dispon\u00edvel a qualquer interessado em entender melhor a cidade","twitter_site":"@revistaapartes","twitter_misc":{"Est. tempo de leitura":"5 minutos"},"schema":{"@context":"https:\/\/schema.org","@graph":[{"@type":"WebPage","@id":"https:\/\/www.saopaulo.sp.leg.br\/apartes-anteriores\/revista-apartes\/numero-5-janeiro-fevereiro2014\/no05-especializada-nas-questoes-paulistanas\/","url":"https:\/\/www.saopaulo.sp.leg.br\/apartes-anteriores\/revista-apartes\/numero-5-janeiro-fevereiro2014\/no05-especializada-nas-questoes-paulistanas\/","name":"N\u00ba05 - Cultura - Revista Apartes (edi\u00e7\u00f5es anteriores)","isPartOf":{"@id":"https:\/\/homolog.saopaulo.sp.leg.br\/apartes-anteriores\/#website"},"primaryImageOfPage":{"@id":"https:\/\/www.saopaulo.sp.leg.br\/apartes-anteriores\/revista-apartes\/numero-5-janeiro-fevereiro2014\/no05-especializada-nas-questoes-paulistanas\/#primaryimage"},"image":{"@id":"https:\/\/www.saopaulo.sp.leg.br\/apartes-anteriores\/revista-apartes\/numero-5-janeiro-fevereiro2014\/no05-especializada-nas-questoes-paulistanas\/#primaryimage"},"thumbnailUrl":"http:\/\/homolog.saopaulo.sp.leg.br\/apartes-anteriores\/wp-content\/uploads\/sites\/9\/2016\/11\/apartes_n05_35.jpg","datePublished":"2016-11-28T19:24:39+00:00","dateModified":"2016-12-16T20:47:58+00:00","breadcrumb":{"@id":"https:\/\/www.saopaulo.sp.leg.br\/apartes-anteriores\/revista-apartes\/numero-5-janeiro-fevereiro2014\/no05-especializada-nas-questoes-paulistanas\/#breadcrumb"},"inLanguage":"pt-BR","potentialAction":[{"@type":"ReadAction","target":["https:\/\/www.saopaulo.sp.leg.br\/apartes-anteriores\/revista-apartes\/numero-5-janeiro-fevereiro2014\/no05-especializada-nas-questoes-paulistanas\/"]}]},{"@type":"ImageObject","inLanguage":"pt-BR","@id":"https:\/\/www.saopaulo.sp.leg.br\/apartes-anteriores\/revista-apartes\/numero-5-janeiro-fevereiro2014\/no05-especializada-nas-questoes-paulistanas\/#primaryimage","url":"https:\/\/homolog.saopaulo.sp.leg.br\/apartes-anteriores\/wp-content\/uploads\/sites\/9\/2016\/11\/apartes_n05_35.jpg","contentUrl":"https:\/\/homolog.saopaulo.sp.leg.br\/apartes-anteriores\/wp-content\/uploads\/sites\/9\/2016\/11\/apartes_n05_35.jpg","width":1595,"height":2095},{"@type":"BreadcrumbList","@id":"https:\/\/www.saopaulo.sp.leg.br\/apartes-anteriores\/revista-apartes\/numero-5-janeiro-fevereiro2014\/no05-especializada-nas-questoes-paulistanas\/#breadcrumb","itemListElement":[{"@type":"ListItem","position":1,"name":"Home","item":"https:\/\/www.saopaulo.sp.leg.br\/apartes-anteriores\/"},{"@type":"ListItem","position":2,"name":"Revista Apartes","item":"https:\/\/www.saopaulo.sp.leg.br\/apartes-anteriores\/"},{"@type":"ListItem","position":3,"name":"N\u00famero 05 &#8211; jan-fev\/2014","item":"https:\/\/www.saopaulo.sp.leg.br\/apartes-anteriores\/revista-apartes\/numero-5-janeiro-fevereiro2014\/"},{"@type":"ListItem","position":4,"name":"N\u00ba05 &#8211; Cultura"}]},{"@type":"WebSite","@id":"https:\/\/homolog.saopaulo.sp.leg.br\/apartes-anteriores\/#website","url":"https:\/\/homolog.saopaulo.sp.leg.br\/apartes-anteriores\/","name":"Revista Apartes (edi\u00e7\u00f5es anteriores)","description":"Revista Apartes (edi\u00e7\u00f5es anteriores)","potentialAction":[{"@type":"SearchAction","target":{"@type":"EntryPoint","urlTemplate":"https:\/\/homolog.saopaulo.sp.leg.br\/apartes-anteriores\/?s={search_term_string}"},"query-input":{"@type":"PropertyValueSpecification","valueRequired":true,"valueName":"search_term_string"}}],"inLanguage":"pt-BR"}]}},"_links":{"self":[{"href":"https:\/\/homolog.saopaulo.sp.leg.br\/apartes-anteriores\/wp-json\/wp\/v2\/pages\/38321","targetHints":{"allow":["GET"]}}],"collection":[{"href":"https:\/\/homolog.saopaulo.sp.leg.br\/apartes-anteriores\/wp-json\/wp\/v2\/pages"}],"about":[{"href":"https:\/\/homolog.saopaulo.sp.leg.br\/apartes-anteriores\/wp-json\/wp\/v2\/types\/page"}],"author":[{"embeddable":true,"href":"https:\/\/homolog.saopaulo.sp.leg.br\/apartes-anteriores\/wp-json\/wp\/v2\/users\/109"}],"replies":[{"embeddable":true,"href":"https:\/\/homolog.saopaulo.sp.leg.br\/apartes-anteriores\/wp-json\/wp\/v2\/comments?post=38321"}],"version-history":[{"count":5,"href":"https:\/\/homolog.saopaulo.sp.leg.br\/apartes-anteriores\/wp-json\/wp\/v2\/pages\/38321\/revisions"}],"predecessor-version":[{"id":38347,"href":"https:\/\/homolog.saopaulo.sp.leg.br\/apartes-anteriores\/wp-json\/wp\/v2\/pages\/38321\/revisions\/38347"}],"up":[{"embeddable":true,"href":"https:\/\/homolog.saopaulo.sp.leg.br\/apartes-anteriores\/wp-json\/wp\/v2\/pages\/24330"}],"wp:attachment":[{"href":"https:\/\/homolog.saopaulo.sp.leg.br\/apartes-anteriores\/wp-json\/wp\/v2\/media?parent=38321"}],"curies":[{"name":"wp","href":"https:\/\/api.w.org\/{rel}","templated":true}]}}