{"id":38709,"date":"2016-12-20T17:17:17","date_gmt":"2016-12-20T19:17:17","guid":{"rendered":"http:\/\/homolog.saopaulo.sp.leg.br\/apartes-anteriores\/?page_id=38709"},"modified":"2016-12-20T17:26:06","modified_gmt":"2016-12-20T19:26:06","slug":"n22-palavra-do-presidente","status":"publish","type":"page","link":"https:\/\/homolog.saopaulo.sp.leg.br\/apartes-anteriores\/revista-apartes\/numero-22\/n22-palavra-do-presidente\/","title":{"rendered":"N\u00ba22 &#8211; Palavra do Presidente"},"content":{"rendered":"<div style=\"float: right;width: 160px;margin-left: 1.5em;margin-bottom: 1.5em\">\n<div style=\"float: right;padding: 5px;background-color: #eee !important\">\n<p style=\"margin-bottom: 0px\"><a href=\"http:\/\/homolog.saopaulo.sp.leg.br\/apartes-anteriores\/wp-content\/uploads\/sites\/9\/2016\/05\/apartes_n19_1.jpg\"><img loading=\"lazy\" decoding=\"async\" class=\"aligncenter wp-image-35821 size-thumbnail\" src=\"http:\/\/homolog.saopaulo.sp.leg.br\/apartes-anteriores\/wp-content\/uploads\/sites\/9\/2016\/05\/apartes_n19_1-150x150.jpg\" width=\"150\" height=\"150\" \/><\/a><\/p>\n<p style=\"font-size: 0.8em;line-height: 1.1em;text-align: center;margin: 0em 0px 7px 0px;color: #333;!important;background-color: transparent !important\" align=\"center\">Vereador Antonio Donato<br \/>\nPresidente da CMSP<\/p>\n<\/div>\n<p style=\"font-size: 0.5em;line-height: 1.1em;text-align: right;margin: 4px 0px 0px 0px;background-color: transparent !important\">Assessoria vereador<br \/>\nAntonio Donato<\/p>\n<\/div>\n<h1 class=\"p1\"><span style=\"color: #800000\"><strong>Palavra do Presidente<\/strong><\/span><\/h1>\n<p>Considerado o primeiro urbanista do Pa\u00eds, o engenheiro Augusto Carlos da Silva Telles foi tamb\u00e9m vereador em S\u00e3o Paulo e, nessa condi\u00e7\u00e3o, deu o pontap\u00e9 inicial na urbaniza\u00e7\u00e3o do Vale do Anhangaba\u00fa. Em 1906, ele se incomodava com o fato de os futuros frequentadores do Theatro Municipal, ainda em constru\u00e7\u00e3o, serem obrigados a ver os fundos das casas da Rua L\u00edbero Badar\u00f3 repletos de sujeira.<\/p>\n<p>Por isso, prop\u00f4s uma solu\u00e7\u00e3o: transformar o Vale em um parque. Foi o come\u00e7o da discuss\u00e3o sobre o que fazer com o local, que, na d\u00e9cada de 1920, transformou-se em um dos endere\u00e7os mais elegantes da cidade. Essa pol\u00eamica envolvendo o Anhangaba\u00fa \u00e9 contada na reportagem <em>Vale da disc\u00f3rdia<\/em>, na se\u00e7\u00e3o Desarquivando desta edi\u00e7\u00e3o.<\/p>\n<p>Se h\u00e1 mais de cem anos o vereador Telles mudou radicalmente uma parte da cidade, neste ano vereadores, especialistas de diversas \u00e1reas do conhecimento e representantes de movimentos sociais juntaram-se para olhar para o futuro e desenhar uma cidade com menos desigualdade, mais conhecimento e sustentabilidade, al\u00e9m de melhores solu\u00e7\u00f5es de mobilidade. O resultado desse debate, chamado SP 2030, est\u00e1 na mat\u00e9ria de capa, <em>Projetos para a metr\u00f3pole<\/em>.<\/p>\n<p>Outra das grandes quest\u00f5es para a capital paulista e demais grandes centros resolverem \u00e9 a seguran\u00e7a alimentar, tema da se\u00e7\u00e3o Com a Palavra, que nesta edi\u00e7\u00e3o entrevista Andr\u00e9 Luzzi, especialista no tema e membro da A\u00e7\u00e3o da Cidadania, ONG criada pelo soci\u00f3logo Betinho. Para ele, h\u00e1 em nossa sociedade uma sobreposi\u00e7\u00e3o entre a m\u00e1 alimenta\u00e7\u00e3o e a aus\u00eancia de alimenta\u00e7\u00e3o.<\/p>\n<p>Ainda no assunto alimenta\u00e7\u00e3o, a reportagem <em>Press\u00e3o nas alturas<\/em> mostra como o consumo inadequado de comida leva a doen\u00e7as como a hipertens\u00e3o. Esse mal aumentou muito nos \u00faltimos anos e j\u00e1 atinge mais de 20% dos paulistanos. O poder p\u00fablico tem tomado medidas para reagir \u00e0 situa\u00e7\u00e3o, mas h\u00e1 a\u00e7\u00f5es que podem ser realizadas pelos pr\u00f3prios cidad\u00e3os, e o texto traz v\u00e1rias sugest\u00f5es para quem quer repensar os h\u00e1bitos.<\/p>\n<p>No perfil deste n\u00famero, a revista traz a trajet\u00f3ria de Ephraim de Campos, m\u00e9dico de carreira consolidada que aos 50 anos decidiu ser vereador para denunciar os abusos do governo no auge da ditadura militar. A ideia de contar essa hist\u00f3ria de coragem surgiu de uma parceria com a Equipe de Arquivo Geral da C\u00e2mara, que encontrou documentos internos sobre o pol\u00edtico e enviou \u00e0 <strong>Apartes<\/strong>, como sugest\u00e3o de reportagem. A elabora\u00e7\u00e3o contou tamb\u00e9m com a participa\u00e7\u00e3o do Centro de Mem\u00f3ria da CMSP.<\/p>\n<p>&nbsp;<\/p>\n","protected":false},"excerpt":{"rendered":"<p>Vereador Antonio Donato Presidente da CMSP Assessoria vereador Antonio Donato Palavra do Presidente Considerado o primeiro urbanista do Pa\u00eds, o engenheiro Augusto Carlos da Silva Telles foi tamb\u00e9m vereador em S\u00e3o Paulo e, nessa condi\u00e7\u00e3o, deu o pontap\u00e9 inicial na urbaniza\u00e7\u00e3o do Vale do Anhangaba\u00fa. Em 1906, ele se incomodava com o fato de os [&hellip;]<\/p>\n","protected":false},"author":109,"featured_media":0,"parent":38684,"menu_order":1,"comment_status":"closed","ping_status":"closed","template":"","meta":{"footnotes":""},"class_list":["post-38709","page","type-page","status-publish","hentry"],"meta_all":{"_edit_lock":["1498257850:109"],"_edit_last":["109"],"_wp_page_template":["default"],"_yoast_wpseo_content_score":["30"],"_cmsp_page_download-files":["a:1:{i:0;a:1:{s:4:\"type\";s:3:\"pdf\";}}"],"_yoast_wpseo_opengraph-title":["Palavra do Presidente - Revista Apartes - edi\u00e7\u00e3o 22"],"_yoast_wpseo_twitter-title":["Palavra do Presidente - Revista Apartes - edi\u00e7\u00e3o 22"],"_yoast_wpseo_opengraph-description":["Palavra do Presidente - Revista Apartes - edi\u00e7\u00e3o 22"],"_yoast_wpseo_twitter-description":["Palavra do Presidente - Revista Apartes - edi\u00e7\u00e3o 22"]},"meta_all_2":{"_edit_lock":["1498257850:109"],"_edit_last":["109"],"_wp_page_template":["default"],"_yoast_wpseo_content_score":["30"],"_cmsp_page_download-files":["a:1:{i:0;a:1:{s:4:\"type\";s:3:\"pdf\";}}"],"_yoast_wpseo_opengraph-title":["Palavra do Presidente - Revista Apartes - edi\u00e7\u00e3o 22"],"_yoast_wpseo_twitter-title":["Palavra do Presidente - Revista Apartes - edi\u00e7\u00e3o 22"],"_yoast_wpseo_opengraph-description":["Palavra do Presidente - Revista Apartes - edi\u00e7\u00e3o 22"],"_yoast_wpseo_twitter-description":["Palavra do Presidente - Revista Apartes - edi\u00e7\u00e3o 22"]},"yoast_head":"<!-- This site is optimized with the Yoast SEO plugin v27.4 - https:\/\/yoast.com\/product\/yoast-seo-wordpress\/ -->\r\n<title>N\u00ba22 - Palavra do Presidente - Revista Apartes (edi\u00e7\u00f5es anteriores)<\/title>\r\n<meta name=\"robots\" content=\"noindex, follow, max-snippet:-1, max-image-preview:large, max-video-preview:-1\" \/>\r\n<meta property=\"og:locale\" content=\"pt_BR\" \/>\r\n<meta property=\"og:type\" content=\"article\" \/>\r\n<meta property=\"og:title\" content=\"Palavra do Presidente - Revista Apartes - edi\u00e7\u00e3o 22\" \/>\r\n<meta property=\"og:description\" content=\"Palavra do Presidente - Revista Apartes - edi\u00e7\u00e3o 22\" \/>\r\n<meta property=\"og:url\" content=\"https:\/\/www.saopaulo.sp.leg.br\/apartes-anteriores\/revista-apartes\/numero-22\/n22-palavra-do-presidente\/\" \/>\r\n<meta property=\"og:site_name\" content=\"Revista Apartes (edi\u00e7\u00f5es anteriores)\" \/>\r\n<meta property=\"article:publisher\" content=\"https:\/\/www.facebook.com\/RevistaApartes\/\" \/>\r\n<meta property=\"article:modified_time\" content=\"2016-12-20T19:26:06+00:00\" \/>\r\n<meta property=\"og:image\" content=\"http:\/\/www.saopaulo.sp.leg.br\/apartes-anteriores\/wp-content\/uploads\/sites\/9\/2016\/05\/apartes_n19_1-150x150.jpg\" \/>\r\n<meta name=\"twitter:card\" content=\"summary_large_image\" \/>\r\n<meta name=\"twitter:title\" content=\"Palavra do Presidente - Revista Apartes - edi\u00e7\u00e3o 22\" \/>\r\n<meta name=\"twitter:description\" content=\"Palavra do Presidente - Revista Apartes - edi\u00e7\u00e3o 22\" \/>\r\n<meta name=\"twitter:site\" content=\"@revistaapartes\" \/>\r\n<meta name=\"twitter:label1\" content=\"Est. tempo de leitura\" \/>\n\t<meta name=\"twitter:data1\" content=\"2 minutos\" \/>\r\n<script type=\"application\/ld+json\" class=\"yoast-schema-graph\">{\"@context\":\"https:\\\/\\\/schema.org\",\"@graph\":[{\"@type\":\"WebPage\",\"@id\":\"https:\\\/\\\/www.saopaulo.sp.leg.br\\\/apartes-anteriores\\\/revista-apartes\\\/numero-22\\\/n22-palavra-do-presidente\\\/\",\"url\":\"https:\\\/\\\/www.saopaulo.sp.leg.br\\\/apartes-anteriores\\\/revista-apartes\\\/numero-22\\\/n22-palavra-do-presidente\\\/\",\"name\":\"N\u00ba22 - Palavra do Presidente - Revista Apartes (edi\u00e7\u00f5es anteriores)\",\"isPartOf\":{\"@id\":\"https:\\\/\\\/homolog.saopaulo.sp.leg.br\\\/apartes-anteriores\\\/#website\"},\"primaryImageOfPage\":{\"@id\":\"https:\\\/\\\/www.saopaulo.sp.leg.br\\\/apartes-anteriores\\\/revista-apartes\\\/numero-22\\\/n22-palavra-do-presidente\\\/#primaryimage\"},\"image\":{\"@id\":\"https:\\\/\\\/www.saopaulo.sp.leg.br\\\/apartes-anteriores\\\/revista-apartes\\\/numero-22\\\/n22-palavra-do-presidente\\\/#primaryimage\"},\"thumbnailUrl\":\"http:\\\/\\\/homolog.saopaulo.sp.leg.br\\\/apartes-anteriores\\\/wp-content\\\/uploads\\\/sites\\\/9\\\/2016\\\/05\\\/apartes_n19_1-150x150.jpg\",\"datePublished\":\"2016-12-20T19:17:17+00:00\",\"dateModified\":\"2016-12-20T19:26:06+00:00\",\"breadcrumb\":{\"@id\":\"https:\\\/\\\/www.saopaulo.sp.leg.br\\\/apartes-anteriores\\\/revista-apartes\\\/numero-22\\\/n22-palavra-do-presidente\\\/#breadcrumb\"},\"inLanguage\":\"pt-BR\",\"potentialAction\":[{\"@type\":\"ReadAction\",\"target\":[\"https:\\\/\\\/www.saopaulo.sp.leg.br\\\/apartes-anteriores\\\/revista-apartes\\\/numero-22\\\/n22-palavra-do-presidente\\\/\"]}]},{\"@type\":\"ImageObject\",\"inLanguage\":\"pt-BR\",\"@id\":\"https:\\\/\\\/www.saopaulo.sp.leg.br\\\/apartes-anteriores\\\/revista-apartes\\\/numero-22\\\/n22-palavra-do-presidente\\\/#primaryimage\",\"url\":\"https:\\\/\\\/homolog.saopaulo.sp.leg.br\\\/apartes-anteriores\\\/wp-content\\\/uploads\\\/sites\\\/9\\\/2016\\\/05\\\/apartes_n19_1.jpg\",\"contentUrl\":\"https:\\\/\\\/homolog.saopaulo.sp.leg.br\\\/apartes-anteriores\\\/wp-content\\\/uploads\\\/sites\\\/9\\\/2016\\\/05\\\/apartes_n19_1.jpg\",\"width\":559,\"height\":604},{\"@type\":\"BreadcrumbList\",\"@id\":\"https:\\\/\\\/www.saopaulo.sp.leg.br\\\/apartes-anteriores\\\/revista-apartes\\\/numero-22\\\/n22-palavra-do-presidente\\\/#breadcrumb\",\"itemListElement\":[{\"@type\":\"ListItem\",\"position\":1,\"name\":\"Home\",\"item\":\"https:\\\/\\\/www.saopaulo.sp.leg.br\\\/apartes-anteriores\\\/\"},{\"@type\":\"ListItem\",\"position\":2,\"name\":\"Revista Apartes\",\"item\":\"https:\\\/\\\/www.saopaulo.sp.leg.br\\\/apartes-anteriores\\\/\"},{\"@type\":\"ListItem\",\"position\":3,\"name\":\"N\u00famero 22 &#8211; set-dez\\\/2016\",\"item\":\"https:\\\/\\\/www.saopaulo.sp.leg.br\\\/apartes-anteriores\\\/revista-apartes\\\/numero-22\\\/\"},{\"@type\":\"ListItem\",\"position\":4,\"name\":\"N\u00ba22 &#8211; Palavra do Presidente\"}]},{\"@type\":\"WebSite\",\"@id\":\"https:\\\/\\\/homolog.saopaulo.sp.leg.br\\\/apartes-anteriores\\\/#website\",\"url\":\"https:\\\/\\\/homolog.saopaulo.sp.leg.br\\\/apartes-anteriores\\\/\",\"name\":\"Revista Apartes (edi\u00e7\u00f5es anteriores)\",\"description\":\"Revista Apartes (edi\u00e7\u00f5es anteriores)\",\"potentialAction\":[{\"@type\":\"SearchAction\",\"target\":{\"@type\":\"EntryPoint\",\"urlTemplate\":\"https:\\\/\\\/homolog.saopaulo.sp.leg.br\\\/apartes-anteriores\\\/?s={search_term_string}\"},\"query-input\":{\"@type\":\"PropertyValueSpecification\",\"valueRequired\":true,\"valueName\":\"search_term_string\"}}],\"inLanguage\":\"pt-BR\"}]}<\/script>\r\n<!-- \/ Yoast SEO plugin. -->","yoast_head_json":{"title":"N\u00ba22 - Palavra do Presidente - Revista Apartes (edi\u00e7\u00f5es anteriores)","robots":{"index":"noindex","follow":"follow","max-snippet":"max-snippet:-1","max-image-preview":"max-image-preview:large","max-video-preview":"max-video-preview:-1"},"og_locale":"pt_BR","og_type":"article","og_title":"Palavra do Presidente - Revista Apartes - edi\u00e7\u00e3o 22","og_description":"Palavra do Presidente - Revista Apartes - edi\u00e7\u00e3o 22","og_url":"https:\/\/www.saopaulo.sp.leg.br\/apartes-anteriores\/revista-apartes\/numero-22\/n22-palavra-do-presidente\/","og_site_name":"Revista Apartes (edi\u00e7\u00f5es anteriores)","article_publisher":"https:\/\/www.facebook.com\/RevistaApartes\/","article_modified_time":"2016-12-20T19:26:06+00:00","og_image":[{"url":"http:\/\/www.saopaulo.sp.leg.br\/apartes-anteriores\/wp-content\/uploads\/sites\/9\/2016\/05\/apartes_n19_1-150x150.jpg","type":"","width":"","height":""}],"twitter_card":"summary_large_image","twitter_title":"Palavra do Presidente - Revista Apartes - edi\u00e7\u00e3o 22","twitter_description":"Palavra do Presidente - Revista Apartes - edi\u00e7\u00e3o 22","twitter_site":"@revistaapartes","twitter_misc":{"Est. tempo de leitura":"2 minutos"},"schema":{"@context":"https:\/\/schema.org","@graph":[{"@type":"WebPage","@id":"https:\/\/www.saopaulo.sp.leg.br\/apartes-anteriores\/revista-apartes\/numero-22\/n22-palavra-do-presidente\/","url":"https:\/\/www.saopaulo.sp.leg.br\/apartes-anteriores\/revista-apartes\/numero-22\/n22-palavra-do-presidente\/","name":"N\u00ba22 - Palavra do Presidente - Revista Apartes (edi\u00e7\u00f5es anteriores)","isPartOf":{"@id":"https:\/\/homolog.saopaulo.sp.leg.br\/apartes-anteriores\/#website"},"primaryImageOfPage":{"@id":"https:\/\/www.saopaulo.sp.leg.br\/apartes-anteriores\/revista-apartes\/numero-22\/n22-palavra-do-presidente\/#primaryimage"},"image":{"@id":"https:\/\/www.saopaulo.sp.leg.br\/apartes-anteriores\/revista-apartes\/numero-22\/n22-palavra-do-presidente\/#primaryimage"},"thumbnailUrl":"http:\/\/homolog.saopaulo.sp.leg.br\/apartes-anteriores\/wp-content\/uploads\/sites\/9\/2016\/05\/apartes_n19_1-150x150.jpg","datePublished":"2016-12-20T19:17:17+00:00","dateModified":"2016-12-20T19:26:06+00:00","breadcrumb":{"@id":"https:\/\/www.saopaulo.sp.leg.br\/apartes-anteriores\/revista-apartes\/numero-22\/n22-palavra-do-presidente\/#breadcrumb"},"inLanguage":"pt-BR","potentialAction":[{"@type":"ReadAction","target":["https:\/\/www.saopaulo.sp.leg.br\/apartes-anteriores\/revista-apartes\/numero-22\/n22-palavra-do-presidente\/"]}]},{"@type":"ImageObject","inLanguage":"pt-BR","@id":"https:\/\/www.saopaulo.sp.leg.br\/apartes-anteriores\/revista-apartes\/numero-22\/n22-palavra-do-presidente\/#primaryimage","url":"https:\/\/homolog.saopaulo.sp.leg.br\/apartes-anteriores\/wp-content\/uploads\/sites\/9\/2016\/05\/apartes_n19_1.jpg","contentUrl":"https:\/\/homolog.saopaulo.sp.leg.br\/apartes-anteriores\/wp-content\/uploads\/sites\/9\/2016\/05\/apartes_n19_1.jpg","width":559,"height":604},{"@type":"BreadcrumbList","@id":"https:\/\/www.saopaulo.sp.leg.br\/apartes-anteriores\/revista-apartes\/numero-22\/n22-palavra-do-presidente\/#breadcrumb","itemListElement":[{"@type":"ListItem","position":1,"name":"Home","item":"https:\/\/www.saopaulo.sp.leg.br\/apartes-anteriores\/"},{"@type":"ListItem","position":2,"name":"Revista Apartes","item":"https:\/\/www.saopaulo.sp.leg.br\/apartes-anteriores\/"},{"@type":"ListItem","position":3,"name":"N\u00famero 22 &#8211; set-dez\/2016","item":"https:\/\/www.saopaulo.sp.leg.br\/apartes-anteriores\/revista-apartes\/numero-22\/"},{"@type":"ListItem","position":4,"name":"N\u00ba22 &#8211; Palavra do Presidente"}]},{"@type":"WebSite","@id":"https:\/\/homolog.saopaulo.sp.leg.br\/apartes-anteriores\/#website","url":"https:\/\/homolog.saopaulo.sp.leg.br\/apartes-anteriores\/","name":"Revista Apartes (edi\u00e7\u00f5es anteriores)","description":"Revista Apartes (edi\u00e7\u00f5es anteriores)","potentialAction":[{"@type":"SearchAction","target":{"@type":"EntryPoint","urlTemplate":"https:\/\/homolog.saopaulo.sp.leg.br\/apartes-anteriores\/?s={search_term_string}"},"query-input":{"@type":"PropertyValueSpecification","valueRequired":true,"valueName":"search_term_string"}}],"inLanguage":"pt-BR"}]}},"_links":{"self":[{"href":"https:\/\/homolog.saopaulo.sp.leg.br\/apartes-anteriores\/wp-json\/wp\/v2\/pages\/38709","targetHints":{"allow":["GET"]}}],"collection":[{"href":"https:\/\/homolog.saopaulo.sp.leg.br\/apartes-anteriores\/wp-json\/wp\/v2\/pages"}],"about":[{"href":"https:\/\/homolog.saopaulo.sp.leg.br\/apartes-anteriores\/wp-json\/wp\/v2\/types\/page"}],"author":[{"embeddable":true,"href":"https:\/\/homolog.saopaulo.sp.leg.br\/apartes-anteriores\/wp-json\/wp\/v2\/users\/109"}],"replies":[{"embeddable":true,"href":"https:\/\/homolog.saopaulo.sp.leg.br\/apartes-anteriores\/wp-json\/wp\/v2\/comments?post=38709"}],"version-history":[{"count":1,"href":"https:\/\/homolog.saopaulo.sp.leg.br\/apartes-anteriores\/wp-json\/wp\/v2\/pages\/38709\/revisions"}],"predecessor-version":[{"id":38751,"href":"https:\/\/homolog.saopaulo.sp.leg.br\/apartes-anteriores\/wp-json\/wp\/v2\/pages\/38709\/revisions\/38751"}],"up":[{"embeddable":true,"href":"https:\/\/homolog.saopaulo.sp.leg.br\/apartes-anteriores\/wp-json\/wp\/v2\/pages\/38684"}],"wp:attachment":[{"href":"https:\/\/homolog.saopaulo.sp.leg.br\/apartes-anteriores\/wp-json\/wp\/v2\/media?parent=38709"}],"curies":[{"name":"wp","href":"https:\/\/api.w.org\/{rel}","templated":true}]}}