{"id":38755,"date":"2016-12-20T17:28:25","date_gmt":"2016-12-20T19:28:25","guid":{"rendered":"http:\/\/homolog.saopaulo.sp.leg.br\/apartes-anteriores\/?page_id=38755"},"modified":"2016-12-20T17:29:58","modified_gmt":"2016-12-20T19:29:58","slug":"apartes-22-notas","status":"publish","type":"page","link":"https:\/\/homolog.saopaulo.sp.leg.br\/apartes-anteriores\/revista-apartes\/numero-22\/apartes-22-notas\/","title":{"rendered":"N\u00ba22 &#8211; Notas"},"content":{"rendered":"<h1><span style=\"color: #800000\"><strong>Notas<\/strong><\/span><\/h1>\n<h2><strong>CPI do Theatro Municipal aponta respons\u00e1veis por contratos irregulares<\/strong><\/h2>\n<figure id=\"attachment_38711\" aria-describedby=\"caption-attachment-38711\" style=\"width: 640px\" class=\"wp-caption aligncenter\"><a href=\"http:\/\/homolog.saopaulo.sp.leg.br\/apartes-anteriores\/wp-content\/uploads\/sites\/9\/2016\/12\/apartes_n22_02.jpg\"><img loading=\"lazy\" decoding=\"async\" class=\"wp-image-38711 size-large\" src=\"http:\/\/homolog.saopaulo.sp.leg.br\/apartes-anteriores\/wp-content\/uploads\/sites\/9\/2016\/12\/apartes_n22_02-1024x591.jpg\" width=\"640\" height=\"369\" srcset=\"https:\/\/homolog.saopaulo.sp.leg.br\/apartes-anteriores\/wp-content\/uploads\/sites\/9\/2016\/12\/apartes_n22_02-1024x591.jpg 1024w, https:\/\/homolog.saopaulo.sp.leg.br\/apartes-anteriores\/wp-content\/uploads\/sites\/9\/2016\/12\/apartes_n22_02-300x173.jpg 300w, https:\/\/homolog.saopaulo.sp.leg.br\/apartes-anteriores\/wp-content\/uploads\/sites\/9\/2016\/12\/apartes_n22_02-768x444.jpg 768w, https:\/\/homolog.saopaulo.sp.leg.br\/apartes-anteriores\/wp-content\/uploads\/sites\/9\/2016\/12\/apartes_n22_02.jpg 1037w\" sizes=\"auto, (max-width: 640px) 100vw, 640px\" \/><\/a><figcaption id=\"caption-attachment-38711\" class=\"wp-caption-text\">Foto: The Photographer\/Wikimedia Commons<\/figcaption><\/figure>\n<p>&nbsp;<\/p>\n<p>O relat\u00f3rio final da Comiss\u00e3o Parlamentar de Inqu\u00e9rito (CPI) do Theatro Municipal foi aprovado em 20 de outubro, pela maioria dos vereadores integrantes. O documento responsabiliza o secret\u00e1rio de Comunica\u00e7\u00e3o da Prefeitura, Nunzio Briguglio, o maestro e ex-diretor do Theatro John Neschling, o ex-diretor da Funda\u00e7\u00e3o Theatro Municipal Jos\u00e9 Luiz Her\u00eancia e o ex-diretor do Instituto Brasileiro de Gest\u00e3o Cultural (IBGC) William Nacked por \u201ccontrata\u00e7\u00f5es irregulares e pelos preju\u00edzos apurados na Funda\u00e7\u00e3o Theatro Municipal e no IBGC\u201d. Eles s\u00e3o acusados de terem participado de um esquema que desviou milh\u00f5es de reais dos cofres p\u00fablicos.<\/p>\n<p>\u201cAs provas que conseguimos s\u00e3o concretas e fizemos o nosso trabalho dignamente para melhorar a gest\u00e3o dos recursos p\u00fablicos\u201d, declara o presidente da CPI, vereador Quito Formiga (PSDB). Durante as investiga\u00e7\u00f5es, foram analisados cerca de 3 mil documentos. O relat\u00f3rio aprovado n\u00e3o foi o elaborado pelo relator Alfredinho (PT), mas um documento apresentado em separado por Ricardo Nunes (PMDB). Tamb\u00e9m participaram da Comiss\u00e3o a vice-presidenta Sandra Tadeu (Democratas), Jos\u00e9 Police Neto (PSD), Paulo Frange (PTB) e Salom\u00e3o Pereira (PSDB). Os relat\u00f3rios est\u00e3o dispon\u00edveis no Portal da C\u00e2mara (<a href=\"\/\/homolog.saopaulo.sp.leg.br\/comissao\/comissoes-parlamentares-de-inquerito-cpis\/cpi-do-theatro-municipal\"><em>homolog.saopaulo.sp.leg.br\/comissao\/comissoes-parlamentares-de-inquerito-cpis\/cpi-do-theatro-municipal<\/em><\/a>).<\/p>\n<h2><strong>Bombeiros e GCMs s\u00e3o homenageados na C\u00e2mara<\/strong><\/h2>\n<p>O Pr\u00eamio Coronel H\u00e9lio Barbosa Caldas, que homenageia os bombeiros que mais se destacaram em suas fun\u00e7\u00f5es na cidade, foi entregue na C\u00e2mara Municipal em 29 de agosto. As Salvas de Prata foram concedidas a cinco bombeiros, indica\u00e7\u00f5es do Comando Geral da Pol\u00edcia Militar.<\/p>\n<p>Os homenageados foram o segundo-tenente da PM da reserva Gerk Sullivam Luiz de Carvalho Silva, o capit\u00e3o da PM Robson Dias Pereira, a primeira-tenente da PM Daniela Santos Oliveira, a cabo da PM Ilma de Lima Francisco e o cabo da PM Paulo Roberto de Abreu.<\/p>\n<p>O pr\u00eamio lembra as miss\u00f5es do Coronel H\u00e9lio Barbosa Caldas, que atuou ativamente pelo Corpo de Bombeiros durante os inc\u00eandios do Edif\u00edcio Andraus, em 1972, e do Joelma, em 1974.<\/p>\n<p>J\u00e1 a Medalha J\u00e2nio Quadros foi entregue na CMSP em 15 de setembro a Guardas Civis Metropolitanos (GCMs), militares e personalidades da sociedade civil que se destacaram em a\u00e7\u00f5es ben\u00e9ficas para a cidade. Foram 90 homenageados. As indica\u00e7\u00f5es s\u00e3o feitas pelo comandante-geral da GCM.<\/p>\n<h2><strong>CMSP oferece visita guiada \u00e0s obras de arte de sua sede<\/strong><\/h2>\n<figure id=\"attachment_38713\" aria-describedby=\"caption-attachment-38713\" style=\"width: 1038px\" class=\"wp-caption aligncenter\"><a href=\"http:\/\/homolog.saopaulo.sp.leg.br\/apartes-anteriores\/wp-content\/uploads\/sites\/9\/2016\/12\/apartes_n22_04.jpg\"><img loading=\"lazy\" decoding=\"async\" class=\"wp-image-38713 size-full\" src=\"http:\/\/homolog.saopaulo.sp.leg.br\/apartes-anteriores\/wp-content\/uploads\/sites\/9\/2016\/12\/apartes_n22_04.jpg\" width=\"1038\" height=\"689\" srcset=\"https:\/\/homolog.saopaulo.sp.leg.br\/apartes-anteriores\/wp-content\/uploads\/sites\/9\/2016\/12\/apartes_n22_04.jpg 1038w, https:\/\/homolog.saopaulo.sp.leg.br\/apartes-anteriores\/wp-content\/uploads\/sites\/9\/2016\/12\/apartes_n22_04-300x199.jpg 300w, https:\/\/homolog.saopaulo.sp.leg.br\/apartes-anteriores\/wp-content\/uploads\/sites\/9\/2016\/12\/apartes_n22_04-768x510.jpg 768w, https:\/\/homolog.saopaulo.sp.leg.br\/apartes-anteriores\/wp-content\/uploads\/sites\/9\/2016\/12\/apartes_n22_04-1024x680.jpg 1024w\" sizes=\"auto, (max-width: 1038px) 100vw, 1038px\" \/><\/a><figcaption id=\"caption-attachment-38713\" class=\"wp-caption-text\">Visitantes recebem informa\u00e7\u00f5es sobre o painel Integra\u00e7\u00e3o do Brasil na cidade de S\u00e3o Paulo, de Aldemir Martins <br \/>Foto: Andr\u00e9 Bueno\/CMSP<\/figcaption><\/figure>\n<p>&nbsp;<\/p>\n<p>O Centro de Mem\u00f3ria da C\u00e2mara Municipal de S\u00e3o Paulo (CMSP) oferece \u00e0 popula\u00e7\u00e3o, desde 21 de setembro, um programa de visita orientada \u00e0s pinturas e esculturas do Pal\u00e1cio Anchieta, sede da institui\u00e7\u00e3o. Por cerca de duas horas, os visitantes aprendem sobre a rela\u00e7\u00e3o entre fatos marcantes da hist\u00f3ria de S\u00e3o Paulo e as obras de pintores como C\u00e2ndido Portinari, Benedito Calixto e Cl\u00f3vis Graciano, entre outros. O agendamento pode ser feito pelo e-mail <a href=\"mailto:programadevisita@saopaulo.sp.leg.br\"><em>programadevisita@saopaulo.sp.leg.br<\/em><\/a>.<\/p>\n<h2><strong>Projeto de incentivo \u00e0 poesia vence o Pr\u00eamio Paulo Freire<\/strong><\/h2>\n<p>O Pr\u00eamio Paulo Freire de Qualidade do Ensino Municipal, criado pela CMSP para estimular iniciativas que melhorem o processo de ensino-aprendizagem, foi entregue em 2016 ao projeto &#8220;C\u00edrculo liter\u00e1rio de Itaquera: a poesia que fazemos, a poesia que somos&#8221;, coordenado por Daniel Carvalho de Almeida. Ele recebeu a Salva de Prata em 19 de setembro, dia do nascimento de Paulo Freire, patrono da educa\u00e7\u00e3o brasileira.<\/p>\n<p>Em segundo lugar ficou o trabalho Alegrias de quintal, da Escola Municipal de Ensino Infantil (Emei) Jardim Monte Belo. Na terceira posi\u00e7\u00e3o ficou o projeto &#8220;Democracia se constr\u00f3i nas escolas e no territ\u00f3rio com consci\u00eancia pol\u00edtica e participa\u00e7\u00e3o&#8221;, da Escola Municipal de Ensino Fundamental (Emef) Doutor S\u00f3crates Brasileiro. Outras sete iniciativas receberam a men\u00e7\u00e3o honrosa.<\/p>\n<h2><strong>C\u00e2mara inaugura est\u00e1tua de Herzog<\/strong><\/h2>\n<figure id=\"attachment_38712\" aria-describedby=\"caption-attachment-38712\" style=\"width: 552px\" class=\"wp-caption aligncenter\"><a href=\"http:\/\/homolog.saopaulo.sp.leg.br\/apartes-anteriores\/wp-content\/uploads\/sites\/9\/2016\/12\/apartes_n22_03.jpg\"><img loading=\"lazy\" decoding=\"async\" class=\"wp-image-38712 size-full\" src=\"http:\/\/homolog.saopaulo.sp.leg.br\/apartes-anteriores\/wp-content\/uploads\/sites\/9\/2016\/12\/apartes_n22_03.jpg\" width=\"552\" height=\"1111\" srcset=\"https:\/\/homolog.saopaulo.sp.leg.br\/apartes-anteriores\/wp-content\/uploads\/sites\/9\/2016\/12\/apartes_n22_03.jpg 552w, https:\/\/homolog.saopaulo.sp.leg.br\/apartes-anteriores\/wp-content\/uploads\/sites\/9\/2016\/12\/apartes_n22_03-149x300.jpg 149w, https:\/\/homolog.saopaulo.sp.leg.br\/apartes-anteriores\/wp-content\/uploads\/sites\/9\/2016\/12\/apartes_n22_03-509x1024.jpg 509w\" sizes=\"auto, (max-width: 552px) 100vw, 552px\" \/><\/a><figcaption id=\"caption-attachment-38712\" class=\"wp-caption-text\">Vlado vitorioso celebra a luta pelos direitos humanos e pela democracia <br \/>Foto: Ricardo Rocha\/CMSP<\/figcaption><\/figure>\n<p>&nbsp;<\/p>\n<p>A est\u00e1tua <em>Vlado vitorioso,<\/em> em homenagem ao jornalista Vladimir Herzog, foi inaugurada na pra\u00e7a que leva seu nome, em 25 de outubro. A data lembra o dia em que Vlado foi assassinado pela ditadura, em 1975, o que o tornou um s\u00edmbolo da luta pelos direitos humanos e pela democracia. A cerim\u00f4nia teve a presen\u00e7a de vereadores, de Clarice e Ivo Herzog (vi\u00fava e filho do jornalista) e de Elifas Andreato, criador da obra feita a pedido da ONU, em comemora\u00e7\u00e3o aos 60 anos da Declara\u00e7\u00e3o Universal dos Direitos Humanos.<\/p>\n<p>A pra\u00e7a fica ao lado do Pal\u00e1cio Anchieta e abriga tamb\u00e9m um mosaico reproduzindo o quadro <em>25 de outubro<\/em>, de Andreato, feito pela ONG Projeto \u00c2ncora.<\/p>\n<h2><strong>Ma\u00e7ons recebem Medalha Jos\u00e9 Bonif\u00e1cio<\/strong><\/h2>\n<p>Os ma\u00e7ons que se destacaram em a\u00e7\u00f5es sociais na cidade receberam, em 5 de setembro, a Medalha Jos\u00e9 Bonif\u00e1cio e o Diploma de Reconhecimento da C\u00e2mara Municipal de S\u00e3o Paulo. Os homenageados foram Ant\u00f4nio Carlos Galdino, Francis Ricardo Bassi de Melo e Nelson Luiz Frare, da loja Grande Oriente de S\u00e3o Paulo; Eduardo de Freitas, Henrique Alexandre Get\u00falio de Barros e Nelson B\u00e1rbaro, da loja Grande Oriente Paulista; e Abr\u00e3o Bernardo Zweiman, Albery Martins e Silva e Reinaldo Jos\u00e9 Gonzalez Gomes, da Grande Loja Ma\u00e7\u00f4nica do Estado de S\u00e3o Paulo.<\/p>\n<p>Entre as a\u00e7\u00f5es premiadas est\u00e3o distribui\u00e7\u00e3o de cadeiras de rodas, muletas e andadores, inser\u00e7\u00e3o de jovens carentes no mercado de trabalho e distribui\u00e7\u00e3o de cestas b\u00e1sicas.<\/p>\n<h2><strong>Reportagem da Apartes \u00e9 finalista do Pr\u00eamio Abear de Jornalismo<\/strong><\/h2>\n<p>A reportagem <em>O voo do Jo\u00e3o Barros<\/em>, de Gisele Machado, publicada na edi\u00e7\u00e3o 19 da <strong>Apartes<\/strong>, ficou entre as cinco finalistas do Pr\u00eamio Associa\u00e7\u00e3o Brasileira das Empresas A\u00e9reas (Abear) de Jornalismo 2016, na categoria Experi\u00eancia de Voo. A vencedora dessa categoria foi a reportagem <em>Crian\u00e7as a bordo, viaje de avi\u00e3o sem ter complica\u00e7\u00f5es<\/em>, feita por Ana Paula da Costa Gaspar para a ag\u00eancia Radioweb.<\/p>\n<h1><span style=\"color: #800000\"><strong>Errata<\/strong><\/span><\/h1>\n<p>No Recado da Reda\u00e7\u00e3o da edi\u00e7\u00e3o 21, houve um erro no ano da morte do ex-vereador Rog\u00e9rio Farhat. Ele morreu em 2014, e n\u00e3o em 2008. Na mesma edi\u00e7\u00e3o, no perfil de Farhat, o nome correto do deputado estadual com quem ele trabalhou \u00e9 Nabi Abi Chedid, e n\u00e3o Nabil Chedid.<\/p>\n","protected":false},"excerpt":{"rendered":"<p>Notas CPI do Theatro Municipal aponta respons\u00e1veis por contratos irregulares &nbsp; O relat\u00f3rio final da Comiss\u00e3o Parlamentar de Inqu\u00e9rito (CPI) do Theatro Municipal foi aprovado em 20 de outubro, pela maioria dos vereadores integrantes. O documento responsabiliza o secret\u00e1rio de Comunica\u00e7\u00e3o da Prefeitura, Nunzio Briguglio, o maestro e ex-diretor do Theatro John Neschling, o ex-diretor [&hellip;]<\/p>\n","protected":false},"author":109,"featured_media":0,"parent":38684,"menu_order":2,"comment_status":"closed","ping_status":"closed","template":"","meta":{"footnotes":""},"class_list":["post-38755","page","type-page","status-publish","hentry"],"meta_all":{"_edit_lock":["1490642635:109"],"_edit_last":["109"],"_wp_page_template":["default"],"_yoast_wpseo_content_score":["60"],"_cmsp_page_download-files":["a:1:{i:0;a:1:{s:4:\"type\";s:3:\"pdf\";}}"],"_yoast_wpseo_opengraph-title":["Notas - Revista Apartes - Edi\u00e7\u00e3o 22"],"_yoast_wpseo_twitter-title":["Notas - Revista Apartes - Edi\u00e7\u00e3o 22"],"_yoast_wpseo_opengraph-description":["Notas - Revista Apartes - Edi\u00e7\u00e3o 22"],"_yoast_wpseo_twitter-description":["Notas - Revista Apartes - Edi\u00e7\u00e3o 22"]},"meta_all_2":{"_edit_lock":["1490642635:109"],"_edit_last":["109"],"_wp_page_template":["default"],"_yoast_wpseo_content_score":["60"],"_cmsp_page_download-files":["a:1:{i:0;a:1:{s:4:\"type\";s:3:\"pdf\";}}"],"_yoast_wpseo_opengraph-title":["Notas - Revista Apartes - Edi\u00e7\u00e3o 22"],"_yoast_wpseo_twitter-title":["Notas - Revista Apartes - Edi\u00e7\u00e3o 22"],"_yoast_wpseo_opengraph-description":["Notas - Revista Apartes - Edi\u00e7\u00e3o 22"],"_yoast_wpseo_twitter-description":["Notas - Revista Apartes - Edi\u00e7\u00e3o 22"]},"yoast_head":"<!-- This site is optimized with the Yoast SEO plugin v27.4 - https:\/\/yoast.com\/product\/yoast-seo-wordpress\/ -->\r\n<title>N\u00ba22 - Notas - Revista Apartes (edi\u00e7\u00f5es anteriores)<\/title>\r\n<meta name=\"robots\" content=\"noindex, follow, max-snippet:-1, max-image-preview:large, max-video-preview:-1\" \/>\r\n<meta property=\"og:locale\" content=\"pt_BR\" \/>\r\n<meta property=\"og:type\" content=\"article\" \/>\r\n<meta property=\"og:title\" content=\"Notas - Revista Apartes - Edi\u00e7\u00e3o 22\" \/>\r\n<meta property=\"og:description\" content=\"Notas - Revista Apartes - Edi\u00e7\u00e3o 22\" \/>\r\n<meta property=\"og:url\" content=\"https:\/\/www.saopaulo.sp.leg.br\/apartes-anteriores\/revista-apartes\/numero-22\/apartes-22-notas\/\" \/>\r\n<meta property=\"og:site_name\" content=\"Revista Apartes (edi\u00e7\u00f5es anteriores)\" \/>\r\n<meta property=\"article:publisher\" content=\"https:\/\/www.facebook.com\/RevistaApartes\/\" \/>\r\n<meta property=\"article:modified_time\" content=\"2016-12-20T19:29:58+00:00\" \/>\r\n<meta property=\"og:image\" content=\"http:\/\/www.saopaulo.sp.leg.br\/apartes-anteriores\/wp-content\/uploads\/sites\/9\/2016\/12\/apartes_n22_02-1024x591.jpg\" \/>\r\n<meta name=\"twitter:card\" content=\"summary_large_image\" \/>\r\n<meta name=\"twitter:title\" content=\"Notas - Revista Apartes - Edi\u00e7\u00e3o 22\" \/>\r\n<meta name=\"twitter:description\" content=\"Notas - Revista Apartes - Edi\u00e7\u00e3o 22\" \/>\r\n<meta name=\"twitter:site\" content=\"@revistaapartes\" \/>\r\n<meta name=\"twitter:label1\" content=\"Est. tempo de leitura\" \/>\n\t<meta name=\"twitter:data1\" content=\"6 minutos\" \/>\r\n<script type=\"application\/ld+json\" class=\"yoast-schema-graph\">{\"@context\":\"https:\\\/\\\/schema.org\",\"@graph\":[{\"@type\":\"WebPage\",\"@id\":\"https:\\\/\\\/www.saopaulo.sp.leg.br\\\/apartes-anteriores\\\/revista-apartes\\\/numero-22\\\/apartes-22-notas\\\/\",\"url\":\"https:\\\/\\\/www.saopaulo.sp.leg.br\\\/apartes-anteriores\\\/revista-apartes\\\/numero-22\\\/apartes-22-notas\\\/\",\"name\":\"N\u00ba22 - Notas - Revista Apartes (edi\u00e7\u00f5es anteriores)\",\"isPartOf\":{\"@id\":\"https:\\\/\\\/homolog.saopaulo.sp.leg.br\\\/apartes-anteriores\\\/#website\"},\"primaryImageOfPage\":{\"@id\":\"https:\\\/\\\/www.saopaulo.sp.leg.br\\\/apartes-anteriores\\\/revista-apartes\\\/numero-22\\\/apartes-22-notas\\\/#primaryimage\"},\"image\":{\"@id\":\"https:\\\/\\\/www.saopaulo.sp.leg.br\\\/apartes-anteriores\\\/revista-apartes\\\/numero-22\\\/apartes-22-notas\\\/#primaryimage\"},\"thumbnailUrl\":\"http:\\\/\\\/homolog.saopaulo.sp.leg.br\\\/apartes-anteriores\\\/wp-content\\\/uploads\\\/sites\\\/9\\\/2016\\\/12\\\/apartes_n22_02-1024x591.jpg\",\"datePublished\":\"2016-12-20T19:28:25+00:00\",\"dateModified\":\"2016-12-20T19:29:58+00:00\",\"breadcrumb\":{\"@id\":\"https:\\\/\\\/www.saopaulo.sp.leg.br\\\/apartes-anteriores\\\/revista-apartes\\\/numero-22\\\/apartes-22-notas\\\/#breadcrumb\"},\"inLanguage\":\"pt-BR\",\"potentialAction\":[{\"@type\":\"ReadAction\",\"target\":[\"https:\\\/\\\/www.saopaulo.sp.leg.br\\\/apartes-anteriores\\\/revista-apartes\\\/numero-22\\\/apartes-22-notas\\\/\"]}]},{\"@type\":\"ImageObject\",\"inLanguage\":\"pt-BR\",\"@id\":\"https:\\\/\\\/www.saopaulo.sp.leg.br\\\/apartes-anteriores\\\/revista-apartes\\\/numero-22\\\/apartes-22-notas\\\/#primaryimage\",\"url\":\"https:\\\/\\\/homolog.saopaulo.sp.leg.br\\\/apartes-anteriores\\\/wp-content\\\/uploads\\\/sites\\\/9\\\/2016\\\/12\\\/apartes_n22_02.jpg\",\"contentUrl\":\"https:\\\/\\\/homolog.saopaulo.sp.leg.br\\\/apartes-anteriores\\\/wp-content\\\/uploads\\\/sites\\\/9\\\/2016\\\/12\\\/apartes_n22_02.jpg\",\"width\":1037,\"height\":599},{\"@type\":\"BreadcrumbList\",\"@id\":\"https:\\\/\\\/www.saopaulo.sp.leg.br\\\/apartes-anteriores\\\/revista-apartes\\\/numero-22\\\/apartes-22-notas\\\/#breadcrumb\",\"itemListElement\":[{\"@type\":\"ListItem\",\"position\":1,\"name\":\"Home\",\"item\":\"https:\\\/\\\/www.saopaulo.sp.leg.br\\\/apartes-anteriores\\\/\"},{\"@type\":\"ListItem\",\"position\":2,\"name\":\"Revista Apartes\",\"item\":\"https:\\\/\\\/www.saopaulo.sp.leg.br\\\/apartes-anteriores\\\/\"},{\"@type\":\"ListItem\",\"position\":3,\"name\":\"N\u00famero 22 &#8211; set-dez\\\/2016\",\"item\":\"https:\\\/\\\/www.saopaulo.sp.leg.br\\\/apartes-anteriores\\\/revista-apartes\\\/numero-22\\\/\"},{\"@type\":\"ListItem\",\"position\":4,\"name\":\"N\u00ba22 &#8211; Notas\"}]},{\"@type\":\"WebSite\",\"@id\":\"https:\\\/\\\/homolog.saopaulo.sp.leg.br\\\/apartes-anteriores\\\/#website\",\"url\":\"https:\\\/\\\/homolog.saopaulo.sp.leg.br\\\/apartes-anteriores\\\/\",\"name\":\"Revista Apartes (edi\u00e7\u00f5es anteriores)\",\"description\":\"Revista Apartes (edi\u00e7\u00f5es anteriores)\",\"potentialAction\":[{\"@type\":\"SearchAction\",\"target\":{\"@type\":\"EntryPoint\",\"urlTemplate\":\"https:\\\/\\\/homolog.saopaulo.sp.leg.br\\\/apartes-anteriores\\\/?s={search_term_string}\"},\"query-input\":{\"@type\":\"PropertyValueSpecification\",\"valueRequired\":true,\"valueName\":\"search_term_string\"}}],\"inLanguage\":\"pt-BR\"}]}<\/script>\r\n<!-- \/ Yoast SEO plugin. -->","yoast_head_json":{"title":"N\u00ba22 - Notas - Revista Apartes (edi\u00e7\u00f5es anteriores)","robots":{"index":"noindex","follow":"follow","max-snippet":"max-snippet:-1","max-image-preview":"max-image-preview:large","max-video-preview":"max-video-preview:-1"},"og_locale":"pt_BR","og_type":"article","og_title":"Notas - Revista Apartes - Edi\u00e7\u00e3o 22","og_description":"Notas - Revista Apartes - Edi\u00e7\u00e3o 22","og_url":"https:\/\/www.saopaulo.sp.leg.br\/apartes-anteriores\/revista-apartes\/numero-22\/apartes-22-notas\/","og_site_name":"Revista Apartes (edi\u00e7\u00f5es anteriores)","article_publisher":"https:\/\/www.facebook.com\/RevistaApartes\/","article_modified_time":"2016-12-20T19:29:58+00:00","og_image":[{"url":"http:\/\/www.saopaulo.sp.leg.br\/apartes-anteriores\/wp-content\/uploads\/sites\/9\/2016\/12\/apartes_n22_02-1024x591.jpg","type":"","width":"","height":""}],"twitter_card":"summary_large_image","twitter_title":"Notas - Revista Apartes - Edi\u00e7\u00e3o 22","twitter_description":"Notas - Revista Apartes - Edi\u00e7\u00e3o 22","twitter_site":"@revistaapartes","twitter_misc":{"Est. tempo de leitura":"6 minutos"},"schema":{"@context":"https:\/\/schema.org","@graph":[{"@type":"WebPage","@id":"https:\/\/www.saopaulo.sp.leg.br\/apartes-anteriores\/revista-apartes\/numero-22\/apartes-22-notas\/","url":"https:\/\/www.saopaulo.sp.leg.br\/apartes-anteriores\/revista-apartes\/numero-22\/apartes-22-notas\/","name":"N\u00ba22 - Notas - Revista Apartes (edi\u00e7\u00f5es anteriores)","isPartOf":{"@id":"https:\/\/homolog.saopaulo.sp.leg.br\/apartes-anteriores\/#website"},"primaryImageOfPage":{"@id":"https:\/\/www.saopaulo.sp.leg.br\/apartes-anteriores\/revista-apartes\/numero-22\/apartes-22-notas\/#primaryimage"},"image":{"@id":"https:\/\/www.saopaulo.sp.leg.br\/apartes-anteriores\/revista-apartes\/numero-22\/apartes-22-notas\/#primaryimage"},"thumbnailUrl":"http:\/\/homolog.saopaulo.sp.leg.br\/apartes-anteriores\/wp-content\/uploads\/sites\/9\/2016\/12\/apartes_n22_02-1024x591.jpg","datePublished":"2016-12-20T19:28:25+00:00","dateModified":"2016-12-20T19:29:58+00:00","breadcrumb":{"@id":"https:\/\/www.saopaulo.sp.leg.br\/apartes-anteriores\/revista-apartes\/numero-22\/apartes-22-notas\/#breadcrumb"},"inLanguage":"pt-BR","potentialAction":[{"@type":"ReadAction","target":["https:\/\/www.saopaulo.sp.leg.br\/apartes-anteriores\/revista-apartes\/numero-22\/apartes-22-notas\/"]}]},{"@type":"ImageObject","inLanguage":"pt-BR","@id":"https:\/\/www.saopaulo.sp.leg.br\/apartes-anteriores\/revista-apartes\/numero-22\/apartes-22-notas\/#primaryimage","url":"https:\/\/homolog.saopaulo.sp.leg.br\/apartes-anteriores\/wp-content\/uploads\/sites\/9\/2016\/12\/apartes_n22_02.jpg","contentUrl":"https:\/\/homolog.saopaulo.sp.leg.br\/apartes-anteriores\/wp-content\/uploads\/sites\/9\/2016\/12\/apartes_n22_02.jpg","width":1037,"height":599},{"@type":"BreadcrumbList","@id":"https:\/\/www.saopaulo.sp.leg.br\/apartes-anteriores\/revista-apartes\/numero-22\/apartes-22-notas\/#breadcrumb","itemListElement":[{"@type":"ListItem","position":1,"name":"Home","item":"https:\/\/www.saopaulo.sp.leg.br\/apartes-anteriores\/"},{"@type":"ListItem","position":2,"name":"Revista Apartes","item":"https:\/\/www.saopaulo.sp.leg.br\/apartes-anteriores\/"},{"@type":"ListItem","position":3,"name":"N\u00famero 22 &#8211; set-dez\/2016","item":"https:\/\/www.saopaulo.sp.leg.br\/apartes-anteriores\/revista-apartes\/numero-22\/"},{"@type":"ListItem","position":4,"name":"N\u00ba22 &#8211; Notas"}]},{"@type":"WebSite","@id":"https:\/\/homolog.saopaulo.sp.leg.br\/apartes-anteriores\/#website","url":"https:\/\/homolog.saopaulo.sp.leg.br\/apartes-anteriores\/","name":"Revista Apartes (edi\u00e7\u00f5es anteriores)","description":"Revista Apartes (edi\u00e7\u00f5es anteriores)","potentialAction":[{"@type":"SearchAction","target":{"@type":"EntryPoint","urlTemplate":"https:\/\/homolog.saopaulo.sp.leg.br\/apartes-anteriores\/?s={search_term_string}"},"query-input":{"@type":"PropertyValueSpecification","valueRequired":true,"valueName":"search_term_string"}}],"inLanguage":"pt-BR"}]}},"_links":{"self":[{"href":"https:\/\/homolog.saopaulo.sp.leg.br\/apartes-anteriores\/wp-json\/wp\/v2\/pages\/38755","targetHints":{"allow":["GET"]}}],"collection":[{"href":"https:\/\/homolog.saopaulo.sp.leg.br\/apartes-anteriores\/wp-json\/wp\/v2\/pages"}],"about":[{"href":"https:\/\/homolog.saopaulo.sp.leg.br\/apartes-anteriores\/wp-json\/wp\/v2\/types\/page"}],"author":[{"embeddable":true,"href":"https:\/\/homolog.saopaulo.sp.leg.br\/apartes-anteriores\/wp-json\/wp\/v2\/users\/109"}],"replies":[{"embeddable":true,"href":"https:\/\/homolog.saopaulo.sp.leg.br\/apartes-anteriores\/wp-json\/wp\/v2\/comments?post=38755"}],"version-history":[{"count":4,"href":"https:\/\/homolog.saopaulo.sp.leg.br\/apartes-anteriores\/wp-json\/wp\/v2\/pages\/38755\/revisions"}],"predecessor-version":[{"id":38840,"href":"https:\/\/homolog.saopaulo.sp.leg.br\/apartes-anteriores\/wp-json\/wp\/v2\/pages\/38755\/revisions\/38840"}],"up":[{"embeddable":true,"href":"https:\/\/homolog.saopaulo.sp.leg.br\/apartes-anteriores\/wp-json\/wp\/v2\/pages\/38684"}],"wp:attachment":[{"href":"https:\/\/homolog.saopaulo.sp.leg.br\/apartes-anteriores\/wp-json\/wp\/v2\/media?parent=38755"}],"curies":[{"name":"wp","href":"https:\/\/api.w.org\/{rel}","templated":true}]}}