{"id":40935,"date":"2017-10-05T19:45:56","date_gmt":"2017-10-05T22:45:56","guid":{"rendered":"http:\/\/homolog.saopaulo.sp.leg.br\/apartes-anteriores\/?page_id=40935"},"modified":"2017-10-05T19:45:56","modified_gmt":"2017-10-05T22:45:56","slug":"no25-palavra-do-presidente","status":"publish","type":"page","link":"https:\/\/homolog.saopaulo.sp.leg.br\/apartes-anteriores\/revista-apartes\/numero-25-jul-dez2017\/no25-palavra-do-presidente\/","title":{"rendered":"N\u00ba25 &#8211; Palavra do Presidente"},"content":{"rendered":"<div style=\"float: right;width: 160px;margin-left: 1.5em;margin-bottom: 1.5em\">\n<div style=\"float: right;padding: 5px;background-color: #eee !important\">\n<p><a href=\"http:\/\/homolog.saopaulo.sp.leg.br\/apartes-anteriores\/wp-content\/uploads\/sites\/9\/2017\/06\/revista_apartes_n24_04.jpg\"><img loading=\"lazy\" decoding=\"async\" class=\"aligncenter wp-image-40100 size-thumbnail\" src=\"http:\/\/homolog.saopaulo.sp.leg.br\/apartes-anteriores\/wp-content\/uploads\/sites\/9\/2017\/06\/revista_apartes_n24_04-150x150.jpg\" alt=\"\" width=\"150\" height=\"150\" \/><\/a><\/p>\n<p style=\"font-size: 0.8em;line-height: 1.1em;text-align: center;margin: 0em 0px 7px 0px;color: #333;!important;background-color: transparent !important\" align=\"center\">Vereador Milton Leite<br \/>\nPresidente da CMSP<\/p>\n<\/div>\n<p style=\"font-size: 0.5em;line-height: 1.1em;text-align: right;margin: 4px 0px 0px 0px;background-color: transparent !important\">Gute Garbelotto\/CMSP<\/p>\n<\/div>\n<h1><span style=\"color: #993300\"><strong>Palavra do Presidente<\/strong><\/span><\/h1>\n<p>Na cl\u00e1ssica divis\u00e3o de poderes dos Estados democr\u00e1ticos, o Poder Legislativo representa o povo. Diante da impossibilidade do exerc\u00edcio da democracia direta, os eleitores escolhem seus representantes que ir\u00e3o produzir leis e fiscalizar o Executivo.<\/p>\n<p>A separa\u00e7\u00e3o entre Judici\u00e1rio, Executivo e Legislativo tem como objetivo evitar a tirania, pois cada um dos poderes tem sua independ\u00eancia. No caso desta C\u00e2mara Municipal de S\u00e3o Paulo, os moradores da cidade escolhem os 55 vereadores que v\u00e3o, cada um deles, representar as diferentes for\u00e7as da sociedade civil.<\/p>\n<p>Com esse perfil, a Casa do Povo tem participado neste ano de todas as grandes discuss\u00f5es da cidade. Em suas audi\u00eancias p\u00fablicas, est\u00e3o sendo debatidos os diversos projetos de lei (PLs) que comp\u00f5em o Plano Municipal de Desestatiza\u00e7\u00f5es (PMD), uma das bandeiras da gest\u00e3o do prefeito Jo\u00e3o Doria (PSDB).<\/p>\n<p>S\u00f3 o PL 367, pacote de concess\u00f5es de equipamentos como parques, terminais de \u00f4nibus e mercados, teve mais de 20 audi\u00eancias. Outro PL, o 364, que trata da concess\u00e3o do complexo esportivo do Pacaembu, foi foco de audi\u00eancias, j\u00e1 foi aprovado em definitivo e sancionado pelo Executivo.<\/p>\n<p>Fora da esfera do PMD, outros grandes temas passam por discuss\u00e3o na C\u00e2mara. Em tempos de crise econ\u00f4mica, uma das Comiss\u00f5es Parlamentares de Inqu\u00e9rito (CPIs) da Casa \u00e9 sobre os grandes devedores. Prop\u00f5e-se a tentar reaver ao menos parte do total da d\u00edvida ativa da cidade, de cerca de R$ 100 bilh\u00f5es, de grandes empresas, bancos e pessoas f\u00edsicas. O objetivo \u00e9 us\u00e1-los em \u00e1reas priorit\u00e1rias, como sa\u00fade e educa\u00e7\u00e3o.<\/p>\n<p>J\u00e1 a CPI da Mulher discutiu recentemente um tema atual\u00edssimo: a viol\u00eancia contra as mulheres nos transportes coletivos da cidade.<\/p>\n<p>Diversos projetos do Executivo ou de interesse da Prefeitura, como o PLs 277, que criou o Programa de Parcelamento Incentivado (PPI), e 56\/2005, que instituiu a lei antipicha\u00e7\u00e3o, foram exaustivamente debatidos e aprovados com modifica\u00e7\u00f5es propostas at\u00e9 pela oposi\u00e7\u00e3o.<\/p>\n<p>Em suma, \u00e9 este esp\u00edrito democr\u00e1tico que bem resume a ess\u00eancia de uma C\u00e2mara Municipal.<\/p>\n","protected":false},"excerpt":{"rendered":"<p>Vereador Milton Leite Presidente da CMSP Gute Garbelotto\/CMSP Palavra do Presidente Na cl\u00e1ssica divis\u00e3o de poderes dos Estados democr\u00e1ticos, o Poder Legislativo representa o povo. Diante da impossibilidade do exerc\u00edcio da democracia direta, os eleitores escolhem seus representantes que ir\u00e3o produzir leis e fiscalizar o Executivo. A separa\u00e7\u00e3o entre Judici\u00e1rio, Executivo e Legislativo tem como [&hellip;]<\/p>\n","protected":false},"author":109,"featured_media":0,"parent":41085,"menu_order":2,"comment_status":"closed","ping_status":"closed","template":"","meta":{"footnotes":""},"class_list":["post-40935","page","type-page","status-publish","hentry"],"meta_all":{"_edit_lock":["1507571118:109"],"_edit_last":["109"],"_wp_page_template":["default"],"_yoast_wpseo_content_score":["30"],"_cmsp_page_download-files":["a:1:{i:0;a:1:{s:4:\"type\";s:3:\"pdf\";}}"]},"meta_all_2":{"_edit_lock":["1507571118:109"],"_edit_last":["109"],"_wp_page_template":["default"],"_yoast_wpseo_content_score":["30"],"_cmsp_page_download-files":["a:1:{i:0;a:1:{s:4:\"type\";s:3:\"pdf\";}}"]},"yoast_head":"<!-- This site is optimized with the Yoast SEO plugin v27.4 - https:\/\/yoast.com\/product\/yoast-seo-wordpress\/ -->\r\n<title>N\u00ba25 - Palavra do Presidente - Revista Apartes (edi\u00e7\u00f5es anteriores)<\/title>\r\n<meta name=\"robots\" content=\"noindex, follow, max-snippet:-1, max-image-preview:large, max-video-preview:-1\" \/>\r\n<meta property=\"og:locale\" content=\"pt_BR\" \/>\r\n<meta property=\"og:type\" content=\"article\" \/>\r\n<meta property=\"og:title\" content=\"N\u00ba25 - Palavra do Presidente - Revista Apartes (edi\u00e7\u00f5es anteriores)\" \/>\r\n<meta property=\"og:description\" content=\"Vereador Milton Leite Presidente da CMSP Gute Garbelotto\/CMSP Palavra do Presidente Na cl\u00e1ssica divis\u00e3o de poderes dos Estados democr\u00e1ticos, o Poder Legislativo representa o povo. Diante da impossibilidade do exerc\u00edcio da democracia direta, os eleitores escolhem seus representantes que ir\u00e3o produzir leis e fiscalizar o Executivo. A separa\u00e7\u00e3o entre Judici\u00e1rio, Executivo e Legislativo tem como [&hellip;]\" \/>\r\n<meta property=\"og:url\" content=\"https:\/\/www.saopaulo.sp.leg.br\/apartes-anteriores\/revista-apartes\/numero-25-jul-dez2017\/no25-palavra-do-presidente\/\" \/>\r\n<meta property=\"og:site_name\" content=\"Revista Apartes (edi\u00e7\u00f5es anteriores)\" \/>\r\n<meta property=\"article:publisher\" content=\"https:\/\/www.facebook.com\/RevistaApartes\/\" \/>\r\n<meta property=\"og:image\" content=\"http:\/\/www.saopaulo.sp.leg.br\/apartes-anteriores\/wp-content\/uploads\/sites\/9\/2017\/06\/revista_apartes_n24_04-150x150.jpg\" \/>\r\n<meta name=\"twitter:card\" content=\"summary_large_image\" \/>\r\n<meta name=\"twitter:site\" content=\"@revistaapartes\" \/>\r\n<meta name=\"twitter:label1\" content=\"Est. tempo de leitura\" \/>\n\t<meta name=\"twitter:data1\" content=\"2 minutos\" \/>\r\n<script type=\"application\/ld+json\" class=\"yoast-schema-graph\">{\"@context\":\"https:\\\/\\\/schema.org\",\"@graph\":[{\"@type\":\"WebPage\",\"@id\":\"https:\\\/\\\/www.saopaulo.sp.leg.br\\\/apartes-anteriores\\\/revista-apartes\\\/numero-25-jul-dez2017\\\/no25-palavra-do-presidente\\\/\",\"url\":\"https:\\\/\\\/www.saopaulo.sp.leg.br\\\/apartes-anteriores\\\/revista-apartes\\\/numero-25-jul-dez2017\\\/no25-palavra-do-presidente\\\/\",\"name\":\"N\u00ba25 - Palavra do Presidente - Revista Apartes (edi\u00e7\u00f5es anteriores)\",\"isPartOf\":{\"@id\":\"https:\\\/\\\/homolog.saopaulo.sp.leg.br\\\/apartes-anteriores\\\/#website\"},\"primaryImageOfPage\":{\"@id\":\"https:\\\/\\\/www.saopaulo.sp.leg.br\\\/apartes-anteriores\\\/revista-apartes\\\/numero-25-jul-dez2017\\\/no25-palavra-do-presidente\\\/#primaryimage\"},\"image\":{\"@id\":\"https:\\\/\\\/www.saopaulo.sp.leg.br\\\/apartes-anteriores\\\/revista-apartes\\\/numero-25-jul-dez2017\\\/no25-palavra-do-presidente\\\/#primaryimage\"},\"thumbnailUrl\":\"http:\\\/\\\/homolog.saopaulo.sp.leg.br\\\/apartes-anteriores\\\/wp-content\\\/uploads\\\/sites\\\/9\\\/2017\\\/06\\\/revista_apartes_n24_04-150x150.jpg\",\"datePublished\":\"2017-10-05T22:45:56+00:00\",\"breadcrumb\":{\"@id\":\"https:\\\/\\\/www.saopaulo.sp.leg.br\\\/apartes-anteriores\\\/revista-apartes\\\/numero-25-jul-dez2017\\\/no25-palavra-do-presidente\\\/#breadcrumb\"},\"inLanguage\":\"pt-BR\",\"potentialAction\":[{\"@type\":\"ReadAction\",\"target\":[\"https:\\\/\\\/www.saopaulo.sp.leg.br\\\/apartes-anteriores\\\/revista-apartes\\\/numero-25-jul-dez2017\\\/no25-palavra-do-presidente\\\/\"]}]},{\"@type\":\"ImageObject\",\"inLanguage\":\"pt-BR\",\"@id\":\"https:\\\/\\\/www.saopaulo.sp.leg.br\\\/apartes-anteriores\\\/revista-apartes\\\/numero-25-jul-dez2017\\\/no25-palavra-do-presidente\\\/#primaryimage\",\"url\":\"https:\\\/\\\/homolog.saopaulo.sp.leg.br\\\/apartes-anteriores\\\/wp-content\\\/uploads\\\/sites\\\/9\\\/2017\\\/06\\\/revista_apartes_n24_04.jpg\",\"contentUrl\":\"https:\\\/\\\/homolog.saopaulo.sp.leg.br\\\/apartes-anteriores\\\/wp-content\\\/uploads\\\/sites\\\/9\\\/2017\\\/06\\\/revista_apartes_n24_04.jpg\",\"width\":403,\"height\":437,\"caption\":\"Foto: Gute Garbelotto\\\/CMSP\"},{\"@type\":\"BreadcrumbList\",\"@id\":\"https:\\\/\\\/www.saopaulo.sp.leg.br\\\/apartes-anteriores\\\/revista-apartes\\\/numero-25-jul-dez2017\\\/no25-palavra-do-presidente\\\/#breadcrumb\",\"itemListElement\":[{\"@type\":\"ListItem\",\"position\":1,\"name\":\"Home\",\"item\":\"https:\\\/\\\/www.saopaulo.sp.leg.br\\\/apartes-anteriores\\\/\"},{\"@type\":\"ListItem\",\"position\":2,\"name\":\"Revista Apartes\",\"item\":\"https:\\\/\\\/www.saopaulo.sp.leg.br\\\/apartes-anteriores\\\/\"},{\"@type\":\"ListItem\",\"position\":3,\"name\":\"N\u00famero 25 &#8211; jul-dez\\\/2017\",\"item\":\"https:\\\/\\\/www.saopaulo.sp.leg.br\\\/apartes-anteriores\\\/revista-apartes\\\/numero-25-jul-dez2017\\\/\"},{\"@type\":\"ListItem\",\"position\":4,\"name\":\"N\u00ba25 &#8211; Palavra do Presidente\"}]},{\"@type\":\"WebSite\",\"@id\":\"https:\\\/\\\/homolog.saopaulo.sp.leg.br\\\/apartes-anteriores\\\/#website\",\"url\":\"https:\\\/\\\/homolog.saopaulo.sp.leg.br\\\/apartes-anteriores\\\/\",\"name\":\"Revista Apartes (edi\u00e7\u00f5es anteriores)\",\"description\":\"Revista Apartes (edi\u00e7\u00f5es anteriores)\",\"potentialAction\":[{\"@type\":\"SearchAction\",\"target\":{\"@type\":\"EntryPoint\",\"urlTemplate\":\"https:\\\/\\\/homolog.saopaulo.sp.leg.br\\\/apartes-anteriores\\\/?s={search_term_string}\"},\"query-input\":{\"@type\":\"PropertyValueSpecification\",\"valueRequired\":true,\"valueName\":\"search_term_string\"}}],\"inLanguage\":\"pt-BR\"}]}<\/script>\r\n<!-- \/ Yoast SEO plugin. -->","yoast_head_json":{"title":"N\u00ba25 - Palavra do Presidente - Revista Apartes (edi\u00e7\u00f5es anteriores)","robots":{"index":"noindex","follow":"follow","max-snippet":"max-snippet:-1","max-image-preview":"max-image-preview:large","max-video-preview":"max-video-preview:-1"},"og_locale":"pt_BR","og_type":"article","og_title":"N\u00ba25 - Palavra do Presidente - Revista Apartes (edi\u00e7\u00f5es anteriores)","og_description":"Vereador Milton Leite Presidente da CMSP Gute Garbelotto\/CMSP Palavra do Presidente Na cl\u00e1ssica divis\u00e3o de poderes dos Estados democr\u00e1ticos, o Poder Legislativo representa o povo. Diante da impossibilidade do exerc\u00edcio da democracia direta, os eleitores escolhem seus representantes que ir\u00e3o produzir leis e fiscalizar o Executivo. A separa\u00e7\u00e3o entre Judici\u00e1rio, Executivo e Legislativo tem como [&hellip;]","og_url":"https:\/\/www.saopaulo.sp.leg.br\/apartes-anteriores\/revista-apartes\/numero-25-jul-dez2017\/no25-palavra-do-presidente\/","og_site_name":"Revista Apartes (edi\u00e7\u00f5es anteriores)","article_publisher":"https:\/\/www.facebook.com\/RevistaApartes\/","og_image":[{"url":"http:\/\/www.saopaulo.sp.leg.br\/apartes-anteriores\/wp-content\/uploads\/sites\/9\/2017\/06\/revista_apartes_n24_04-150x150.jpg","type":"","width":"","height":""}],"twitter_card":"summary_large_image","twitter_site":"@revistaapartes","twitter_misc":{"Est. tempo de leitura":"2 minutos"},"schema":{"@context":"https:\/\/schema.org","@graph":[{"@type":"WebPage","@id":"https:\/\/www.saopaulo.sp.leg.br\/apartes-anteriores\/revista-apartes\/numero-25-jul-dez2017\/no25-palavra-do-presidente\/","url":"https:\/\/www.saopaulo.sp.leg.br\/apartes-anteriores\/revista-apartes\/numero-25-jul-dez2017\/no25-palavra-do-presidente\/","name":"N\u00ba25 - Palavra do Presidente - Revista Apartes (edi\u00e7\u00f5es anteriores)","isPartOf":{"@id":"https:\/\/homolog.saopaulo.sp.leg.br\/apartes-anteriores\/#website"},"primaryImageOfPage":{"@id":"https:\/\/www.saopaulo.sp.leg.br\/apartes-anteriores\/revista-apartes\/numero-25-jul-dez2017\/no25-palavra-do-presidente\/#primaryimage"},"image":{"@id":"https:\/\/www.saopaulo.sp.leg.br\/apartes-anteriores\/revista-apartes\/numero-25-jul-dez2017\/no25-palavra-do-presidente\/#primaryimage"},"thumbnailUrl":"http:\/\/homolog.saopaulo.sp.leg.br\/apartes-anteriores\/wp-content\/uploads\/sites\/9\/2017\/06\/revista_apartes_n24_04-150x150.jpg","datePublished":"2017-10-05T22:45:56+00:00","breadcrumb":{"@id":"https:\/\/www.saopaulo.sp.leg.br\/apartes-anteriores\/revista-apartes\/numero-25-jul-dez2017\/no25-palavra-do-presidente\/#breadcrumb"},"inLanguage":"pt-BR","potentialAction":[{"@type":"ReadAction","target":["https:\/\/www.saopaulo.sp.leg.br\/apartes-anteriores\/revista-apartes\/numero-25-jul-dez2017\/no25-palavra-do-presidente\/"]}]},{"@type":"ImageObject","inLanguage":"pt-BR","@id":"https:\/\/www.saopaulo.sp.leg.br\/apartes-anteriores\/revista-apartes\/numero-25-jul-dez2017\/no25-palavra-do-presidente\/#primaryimage","url":"https:\/\/homolog.saopaulo.sp.leg.br\/apartes-anteriores\/wp-content\/uploads\/sites\/9\/2017\/06\/revista_apartes_n24_04.jpg","contentUrl":"https:\/\/homolog.saopaulo.sp.leg.br\/apartes-anteriores\/wp-content\/uploads\/sites\/9\/2017\/06\/revista_apartes_n24_04.jpg","width":403,"height":437,"caption":"Foto: Gute Garbelotto\/CMSP"},{"@type":"BreadcrumbList","@id":"https:\/\/www.saopaulo.sp.leg.br\/apartes-anteriores\/revista-apartes\/numero-25-jul-dez2017\/no25-palavra-do-presidente\/#breadcrumb","itemListElement":[{"@type":"ListItem","position":1,"name":"Home","item":"https:\/\/www.saopaulo.sp.leg.br\/apartes-anteriores\/"},{"@type":"ListItem","position":2,"name":"Revista Apartes","item":"https:\/\/www.saopaulo.sp.leg.br\/apartes-anteriores\/"},{"@type":"ListItem","position":3,"name":"N\u00famero 25 &#8211; jul-dez\/2017","item":"https:\/\/www.saopaulo.sp.leg.br\/apartes-anteriores\/revista-apartes\/numero-25-jul-dez2017\/"},{"@type":"ListItem","position":4,"name":"N\u00ba25 &#8211; Palavra do Presidente"}]},{"@type":"WebSite","@id":"https:\/\/homolog.saopaulo.sp.leg.br\/apartes-anteriores\/#website","url":"https:\/\/homolog.saopaulo.sp.leg.br\/apartes-anteriores\/","name":"Revista Apartes (edi\u00e7\u00f5es anteriores)","description":"Revista Apartes (edi\u00e7\u00f5es anteriores)","potentialAction":[{"@type":"SearchAction","target":{"@type":"EntryPoint","urlTemplate":"https:\/\/homolog.saopaulo.sp.leg.br\/apartes-anteriores\/?s={search_term_string}"},"query-input":{"@type":"PropertyValueSpecification","valueRequired":true,"valueName":"search_term_string"}}],"inLanguage":"pt-BR"}]}},"_links":{"self":[{"href":"https:\/\/homolog.saopaulo.sp.leg.br\/apartes-anteriores\/wp-json\/wp\/v2\/pages\/40935","targetHints":{"allow":["GET"]}}],"collection":[{"href":"https:\/\/homolog.saopaulo.sp.leg.br\/apartes-anteriores\/wp-json\/wp\/v2\/pages"}],"about":[{"href":"https:\/\/homolog.saopaulo.sp.leg.br\/apartes-anteriores\/wp-json\/wp\/v2\/types\/page"}],"author":[{"embeddable":true,"href":"https:\/\/homolog.saopaulo.sp.leg.br\/apartes-anteriores\/wp-json\/wp\/v2\/users\/109"}],"replies":[{"embeddable":true,"href":"https:\/\/homolog.saopaulo.sp.leg.br\/apartes-anteriores\/wp-json\/wp\/v2\/comments?post=40935"}],"version-history":[{"count":2,"href":"https:\/\/homolog.saopaulo.sp.leg.br\/apartes-anteriores\/wp-json\/wp\/v2\/pages\/40935\/revisions"}],"predecessor-version":[{"id":40938,"href":"https:\/\/homolog.saopaulo.sp.leg.br\/apartes-anteriores\/wp-json\/wp\/v2\/pages\/40935\/revisions\/40938"}],"up":[{"embeddable":true,"href":"https:\/\/homolog.saopaulo.sp.leg.br\/apartes-anteriores\/wp-json\/wp\/v2\/pages\/41085"}],"wp:attachment":[{"href":"https:\/\/homolog.saopaulo.sp.leg.br\/apartes-anteriores\/wp-json\/wp\/v2\/media?parent=40935"}],"curies":[{"name":"wp","href":"https:\/\/api.w.org\/{rel}","templated":true}]}}