{"id":41003,"date":"2017-10-05T19:45:54","date_gmt":"2017-10-05T22:45:54","guid":{"rendered":"http:\/\/homolog.saopaulo.sp.leg.br\/apartes-anteriores\/?page_id=41003"},"modified":"2017-10-09T14:46:51","modified_gmt":"2017-10-09T17:46:51","slug":"no25-clique-paulistano","status":"publish","type":"page","link":"https:\/\/homolog.saopaulo.sp.leg.br\/apartes-anteriores\/revista-apartes\/numero-25-jul-dez2017\/no25-clique-paulistano\/","title":{"rendered":"N\u00ba25 &#8211; Clique Paulistano"},"content":{"rendered":"<figure id=\"attachment_41293\" aria-describedby=\"caption-attachment-41293\" style=\"width: 640px\" class=\"wp-caption aligncenter\"><a href=\"http:\/\/homolog.saopaulo.sp.leg.br\/apartes-anteriores\/wp-content\/uploads\/sites\/9\/2017\/10\/apartes_n25_01.jpg\"><img loading=\"lazy\" decoding=\"async\" class=\"wp-image-41293 size-large\" src=\"http:\/\/homolog.saopaulo.sp.leg.br\/apartes-anteriores\/wp-content\/uploads\/sites\/9\/2017\/10\/apartes_n25_01-1024x662.jpg\" alt=\"\" width=\"640\" height=\"414\" srcset=\"https:\/\/homolog.saopaulo.sp.leg.br\/apartes-anteriores\/wp-content\/uploads\/sites\/9\/2017\/10\/apartes_n25_01-1024x662.jpg 1024w, https:\/\/homolog.saopaulo.sp.leg.br\/apartes-anteriores\/wp-content\/uploads\/sites\/9\/2017\/10\/apartes_n25_01-300x194.jpg 300w, https:\/\/homolog.saopaulo.sp.leg.br\/apartes-anteriores\/wp-content\/uploads\/sites\/9\/2017\/10\/apartes_n25_01-768x497.jpg 768w\" sizes=\"auto, (max-width: 640px) 100vw, 640px\" \/><\/a><figcaption id=\"caption-attachment-41293\" class=\"wp-caption-text\">Foto: Marcelo Ximenez\/CMSP \u00a0| \u00a0Clique na imagem para v\u00ea-la ampliada.<\/figcaption><\/figure>\n<pre>Arcos iluminados\r\n\r\nNa Pra\u00e7a Artes\u00e3os Calabreses, centro de S\u00e3o Paulo, 20 arcos se destacam. Constru\u00eddos no come\u00e7o do s\u00e9culo passado, acabaram de passar por reforma e ganhar nova ilumina\u00e7\u00e3o, que ressaltou os tijolos, fabricados por imigrantes italianos. Durante d\u00e9cadas, ficaram escondidos por casas. Em 1987, o ent\u00e3o prefeito J\u00e2nio Quadros mandou demoli-las. Com isso, a obra p\u00f4de novamente ser vista e ganhou o apelido de Arcos do J\u00e2nio. O nome oficial \u00e9 Arcos da Jandaia, refer\u00eancia \u00e0 rua na parte de cima dos arcos. O local j\u00e1 foi espa\u00e7o de manifesta\u00e7\u00f5es art\u00edsticas, como grafites. Segundo a Prefeitura, a \u00faltima reforma devolveu ao conjunto as caracter\u00edsticas originais.<\/pre>\n","protected":false},"excerpt":{"rendered":"<p>Arcos iluminados Na Pra\u00e7a Artes\u00e3os Calabreses, centro de S\u00e3o Paulo, 20 arcos se destacam. Constru\u00eddos no come\u00e7o do s\u00e9culo passado, acabaram de passar por reforma e ganhar nova ilumina\u00e7\u00e3o, que ressaltou os tijolos, fabricados por imigrantes italianos. Durante d\u00e9cadas, ficaram escondidos por casas. Em 1987, o ent\u00e3o prefeito J\u00e2nio Quadros mandou demoli-las. Com isso, a [&hellip;]<\/p>\n","protected":false},"author":109,"featured_media":0,"parent":41085,"menu_order":1,"comment_status":"closed","ping_status":"closed","template":"","meta":{"footnotes":""},"class_list":["post-41003","page","type-page","status-publish","hentry"],"meta_all":{"_edit_lock":["1554232674:109"],"_edit_last":["109"],"_wp_page_template":["default"],"_yoast_wpseo_content_score":["60"],"_cmsp_page_download-files":["a:1:{i:0;a:1:{s:4:\"type\";s:3:\"pdf\";}}"],"_yoast_wpseo_opengraph-title":["Arcos Iluminados"],"_yoast_wpseo_opengraph-description":["Clique Paulistano: Na Pra\u00e7a Artes\u00e3os Calabreses, centro de S\u00e3o Paulo, 20 arcos se destacam."],"_yoast_wpseo_twitter-title":["Arcos Iluminados"],"_yoast_wpseo_twitter-description":["Clique Paulistano: Na Pra\u00e7a Artes\u00e3os Calabreses, centro de S\u00e3o Paulo, 20 arcos se destacam."]},"meta_all_2":{"_edit_lock":["1554232674:109"],"_edit_last":["109"],"_wp_page_template":["default"],"_yoast_wpseo_content_score":["60"],"_cmsp_page_download-files":["a:1:{i:0;a:1:{s:4:\"type\";s:3:\"pdf\";}}"],"_yoast_wpseo_opengraph-title":["Arcos Iluminados"],"_yoast_wpseo_opengraph-description":["Clique Paulistano: Na Pra\u00e7a Artes\u00e3os Calabreses, centro de S\u00e3o Paulo, 20 arcos se destacam."],"_yoast_wpseo_twitter-title":["Arcos Iluminados"],"_yoast_wpseo_twitter-description":["Clique Paulistano: Na Pra\u00e7a Artes\u00e3os Calabreses, centro de S\u00e3o Paulo, 20 arcos se destacam."]},"yoast_head":"<!-- This site is optimized with the Yoast SEO plugin v27.4 - https:\/\/yoast.com\/product\/yoast-seo-wordpress\/ -->\r\n<title>N\u00ba25 - Clique Paulistano - Revista Apartes (edi\u00e7\u00f5es anteriores)<\/title>\r\n<meta name=\"robots\" content=\"noindex, follow, max-snippet:-1, max-image-preview:large, max-video-preview:-1\" \/>\r\n<meta property=\"og:locale\" content=\"pt_BR\" \/>\r\n<meta property=\"og:type\" content=\"article\" \/>\r\n<meta property=\"og:title\" content=\"Arcos Iluminados\" \/>\r\n<meta property=\"og:description\" content=\"Clique Paulistano: Na Pra\u00e7a Artes\u00e3os Calabreses, centro de S\u00e3o Paulo, 20 arcos se destacam.\" \/>\r\n<meta property=\"og:url\" content=\"https:\/\/www.saopaulo.sp.leg.br\/apartes-anteriores\/revista-apartes\/numero-25-jul-dez2017\/no25-clique-paulistano\/\" \/>\r\n<meta property=\"og:site_name\" content=\"Revista Apartes (edi\u00e7\u00f5es anteriores)\" \/>\r\n<meta property=\"article:publisher\" content=\"https:\/\/www.facebook.com\/RevistaApartes\/\" \/>\r\n<meta property=\"article:modified_time\" content=\"2017-10-09T17:46:51+00:00\" \/>\r\n<meta property=\"og:image\" content=\"http:\/\/www.saopaulo.sp.leg.br\/apartes-anteriores\/wp-content\/uploads\/sites\/9\/2017\/10\/apartes_n25_01-1024x662.jpg\" \/>\r\n<meta name=\"twitter:card\" content=\"summary_large_image\" \/>\r\n<meta name=\"twitter:title\" content=\"Arcos Iluminados\" \/>\r\n<meta name=\"twitter:description\" content=\"Clique Paulistano: Na Pra\u00e7a Artes\u00e3os Calabreses, centro de S\u00e3o Paulo, 20 arcos se destacam.\" \/>\r\n<meta name=\"twitter:site\" content=\"@revistaapartes\" \/>\r\n<meta name=\"twitter:label1\" content=\"Est. tempo de leitura\" \/>\n\t<meta name=\"twitter:data1\" content=\"1 minuto\" \/>\r\n<script type=\"application\/ld+json\" class=\"yoast-schema-graph\">{\"@context\":\"https:\\\/\\\/schema.org\",\"@graph\":[{\"@type\":\"WebPage\",\"@id\":\"https:\\\/\\\/www.saopaulo.sp.leg.br\\\/apartes-anteriores\\\/revista-apartes\\\/numero-25-jul-dez2017\\\/no25-clique-paulistano\\\/\",\"url\":\"https:\\\/\\\/www.saopaulo.sp.leg.br\\\/apartes-anteriores\\\/revista-apartes\\\/numero-25-jul-dez2017\\\/no25-clique-paulistano\\\/\",\"name\":\"N\u00ba25 - Clique Paulistano - Revista Apartes (edi\u00e7\u00f5es anteriores)\",\"isPartOf\":{\"@id\":\"https:\\\/\\\/homolog.saopaulo.sp.leg.br\\\/apartes-anteriores\\\/#website\"},\"primaryImageOfPage\":{\"@id\":\"https:\\\/\\\/www.saopaulo.sp.leg.br\\\/apartes-anteriores\\\/revista-apartes\\\/numero-25-jul-dez2017\\\/no25-clique-paulistano\\\/#primaryimage\"},\"image\":{\"@id\":\"https:\\\/\\\/www.saopaulo.sp.leg.br\\\/apartes-anteriores\\\/revista-apartes\\\/numero-25-jul-dez2017\\\/no25-clique-paulistano\\\/#primaryimage\"},\"thumbnailUrl\":\"http:\\\/\\\/homolog.saopaulo.sp.leg.br\\\/apartes-anteriores\\\/wp-content\\\/uploads\\\/sites\\\/9\\\/2017\\\/10\\\/apartes_n25_01-1024x662.jpg\",\"datePublished\":\"2017-10-05T22:45:54+00:00\",\"dateModified\":\"2017-10-09T17:46:51+00:00\",\"breadcrumb\":{\"@id\":\"https:\\\/\\\/www.saopaulo.sp.leg.br\\\/apartes-anteriores\\\/revista-apartes\\\/numero-25-jul-dez2017\\\/no25-clique-paulistano\\\/#breadcrumb\"},\"inLanguage\":\"pt-BR\",\"potentialAction\":[{\"@type\":\"ReadAction\",\"target\":[\"https:\\\/\\\/www.saopaulo.sp.leg.br\\\/apartes-anteriores\\\/revista-apartes\\\/numero-25-jul-dez2017\\\/no25-clique-paulistano\\\/\"]}]},{\"@type\":\"ImageObject\",\"inLanguage\":\"pt-BR\",\"@id\":\"https:\\\/\\\/www.saopaulo.sp.leg.br\\\/apartes-anteriores\\\/revista-apartes\\\/numero-25-jul-dez2017\\\/no25-clique-paulistano\\\/#primaryimage\",\"url\":\"https:\\\/\\\/homolog.saopaulo.sp.leg.br\\\/apartes-anteriores\\\/wp-content\\\/uploads\\\/sites\\\/9\\\/2017\\\/10\\\/apartes_n25_01.jpg\",\"contentUrl\":\"https:\\\/\\\/homolog.saopaulo.sp.leg.br\\\/apartes-anteriores\\\/wp-content\\\/uploads\\\/sites\\\/9\\\/2017\\\/10\\\/apartes_n25_01.jpg\",\"width\":2288,\"height\":1480,\"caption\":\"Foto: Marcelo Ximenez\\\/CMSP \u00a0| \u00a0Clique na imagem para v\u00ea-la ampliada.\"},{\"@type\":\"BreadcrumbList\",\"@id\":\"https:\\\/\\\/www.saopaulo.sp.leg.br\\\/apartes-anteriores\\\/revista-apartes\\\/numero-25-jul-dez2017\\\/no25-clique-paulistano\\\/#breadcrumb\",\"itemListElement\":[{\"@type\":\"ListItem\",\"position\":1,\"name\":\"Home\",\"item\":\"https:\\\/\\\/www.saopaulo.sp.leg.br\\\/apartes-anteriores\\\/\"},{\"@type\":\"ListItem\",\"position\":2,\"name\":\"Revista Apartes\",\"item\":\"https:\\\/\\\/www.saopaulo.sp.leg.br\\\/apartes-anteriores\\\/\"},{\"@type\":\"ListItem\",\"position\":3,\"name\":\"N\u00famero 25 &#8211; jul-dez\\\/2017\",\"item\":\"https:\\\/\\\/www.saopaulo.sp.leg.br\\\/apartes-anteriores\\\/revista-apartes\\\/numero-25-jul-dez2017\\\/\"},{\"@type\":\"ListItem\",\"position\":4,\"name\":\"N\u00ba25 &#8211; Clique Paulistano\"}]},{\"@type\":\"WebSite\",\"@id\":\"https:\\\/\\\/homolog.saopaulo.sp.leg.br\\\/apartes-anteriores\\\/#website\",\"url\":\"https:\\\/\\\/homolog.saopaulo.sp.leg.br\\\/apartes-anteriores\\\/\",\"name\":\"Revista Apartes (edi\u00e7\u00f5es anteriores)\",\"description\":\"Revista Apartes (edi\u00e7\u00f5es anteriores)\",\"potentialAction\":[{\"@type\":\"SearchAction\",\"target\":{\"@type\":\"EntryPoint\",\"urlTemplate\":\"https:\\\/\\\/homolog.saopaulo.sp.leg.br\\\/apartes-anteriores\\\/?s={search_term_string}\"},\"query-input\":{\"@type\":\"PropertyValueSpecification\",\"valueRequired\":true,\"valueName\":\"search_term_string\"}}],\"inLanguage\":\"pt-BR\"}]}<\/script>\r\n<!-- \/ Yoast SEO plugin. -->","yoast_head_json":{"title":"N\u00ba25 - Clique Paulistano - Revista Apartes (edi\u00e7\u00f5es anteriores)","robots":{"index":"noindex","follow":"follow","max-snippet":"max-snippet:-1","max-image-preview":"max-image-preview:large","max-video-preview":"max-video-preview:-1"},"og_locale":"pt_BR","og_type":"article","og_title":"Arcos Iluminados","og_description":"Clique Paulistano: Na Pra\u00e7a Artes\u00e3os Calabreses, centro de S\u00e3o Paulo, 20 arcos se destacam.","og_url":"https:\/\/www.saopaulo.sp.leg.br\/apartes-anteriores\/revista-apartes\/numero-25-jul-dez2017\/no25-clique-paulistano\/","og_site_name":"Revista Apartes (edi\u00e7\u00f5es anteriores)","article_publisher":"https:\/\/www.facebook.com\/RevistaApartes\/","article_modified_time":"2017-10-09T17:46:51+00:00","og_image":[{"url":"http:\/\/www.saopaulo.sp.leg.br\/apartes-anteriores\/wp-content\/uploads\/sites\/9\/2017\/10\/apartes_n25_01-1024x662.jpg","type":"","width":"","height":""}],"twitter_card":"summary_large_image","twitter_title":"Arcos Iluminados","twitter_description":"Clique Paulistano: Na Pra\u00e7a Artes\u00e3os Calabreses, centro de S\u00e3o Paulo, 20 arcos se destacam.","twitter_site":"@revistaapartes","twitter_misc":{"Est. tempo de leitura":"1 minuto"},"schema":{"@context":"https:\/\/schema.org","@graph":[{"@type":"WebPage","@id":"https:\/\/www.saopaulo.sp.leg.br\/apartes-anteriores\/revista-apartes\/numero-25-jul-dez2017\/no25-clique-paulistano\/","url":"https:\/\/www.saopaulo.sp.leg.br\/apartes-anteriores\/revista-apartes\/numero-25-jul-dez2017\/no25-clique-paulistano\/","name":"N\u00ba25 - Clique Paulistano - Revista Apartes (edi\u00e7\u00f5es anteriores)","isPartOf":{"@id":"https:\/\/homolog.saopaulo.sp.leg.br\/apartes-anteriores\/#website"},"primaryImageOfPage":{"@id":"https:\/\/www.saopaulo.sp.leg.br\/apartes-anteriores\/revista-apartes\/numero-25-jul-dez2017\/no25-clique-paulistano\/#primaryimage"},"image":{"@id":"https:\/\/www.saopaulo.sp.leg.br\/apartes-anteriores\/revista-apartes\/numero-25-jul-dez2017\/no25-clique-paulistano\/#primaryimage"},"thumbnailUrl":"http:\/\/homolog.saopaulo.sp.leg.br\/apartes-anteriores\/wp-content\/uploads\/sites\/9\/2017\/10\/apartes_n25_01-1024x662.jpg","datePublished":"2017-10-05T22:45:54+00:00","dateModified":"2017-10-09T17:46:51+00:00","breadcrumb":{"@id":"https:\/\/www.saopaulo.sp.leg.br\/apartes-anteriores\/revista-apartes\/numero-25-jul-dez2017\/no25-clique-paulistano\/#breadcrumb"},"inLanguage":"pt-BR","potentialAction":[{"@type":"ReadAction","target":["https:\/\/www.saopaulo.sp.leg.br\/apartes-anteriores\/revista-apartes\/numero-25-jul-dez2017\/no25-clique-paulistano\/"]}]},{"@type":"ImageObject","inLanguage":"pt-BR","@id":"https:\/\/www.saopaulo.sp.leg.br\/apartes-anteriores\/revista-apartes\/numero-25-jul-dez2017\/no25-clique-paulistano\/#primaryimage","url":"https:\/\/homolog.saopaulo.sp.leg.br\/apartes-anteriores\/wp-content\/uploads\/sites\/9\/2017\/10\/apartes_n25_01.jpg","contentUrl":"https:\/\/homolog.saopaulo.sp.leg.br\/apartes-anteriores\/wp-content\/uploads\/sites\/9\/2017\/10\/apartes_n25_01.jpg","width":2288,"height":1480,"caption":"Foto: Marcelo Ximenez\/CMSP \u00a0| \u00a0Clique na imagem para v\u00ea-la ampliada."},{"@type":"BreadcrumbList","@id":"https:\/\/www.saopaulo.sp.leg.br\/apartes-anteriores\/revista-apartes\/numero-25-jul-dez2017\/no25-clique-paulistano\/#breadcrumb","itemListElement":[{"@type":"ListItem","position":1,"name":"Home","item":"https:\/\/www.saopaulo.sp.leg.br\/apartes-anteriores\/"},{"@type":"ListItem","position":2,"name":"Revista Apartes","item":"https:\/\/www.saopaulo.sp.leg.br\/apartes-anteriores\/"},{"@type":"ListItem","position":3,"name":"N\u00famero 25 &#8211; jul-dez\/2017","item":"https:\/\/www.saopaulo.sp.leg.br\/apartes-anteriores\/revista-apartes\/numero-25-jul-dez2017\/"},{"@type":"ListItem","position":4,"name":"N\u00ba25 &#8211; Clique Paulistano"}]},{"@type":"WebSite","@id":"https:\/\/homolog.saopaulo.sp.leg.br\/apartes-anteriores\/#website","url":"https:\/\/homolog.saopaulo.sp.leg.br\/apartes-anteriores\/","name":"Revista Apartes (edi\u00e7\u00f5es anteriores)","description":"Revista Apartes (edi\u00e7\u00f5es anteriores)","potentialAction":[{"@type":"SearchAction","target":{"@type":"EntryPoint","urlTemplate":"https:\/\/homolog.saopaulo.sp.leg.br\/apartes-anteriores\/?s={search_term_string}"},"query-input":{"@type":"PropertyValueSpecification","valueRequired":true,"valueName":"search_term_string"}}],"inLanguage":"pt-BR"}]}},"_links":{"self":[{"href":"https:\/\/homolog.saopaulo.sp.leg.br\/apartes-anteriores\/wp-json\/wp\/v2\/pages\/41003","targetHints":{"allow":["GET"]}}],"collection":[{"href":"https:\/\/homolog.saopaulo.sp.leg.br\/apartes-anteriores\/wp-json\/wp\/v2\/pages"}],"about":[{"href":"https:\/\/homolog.saopaulo.sp.leg.br\/apartes-anteriores\/wp-json\/wp\/v2\/types\/page"}],"author":[{"embeddable":true,"href":"https:\/\/homolog.saopaulo.sp.leg.br\/apartes-anteriores\/wp-json\/wp\/v2\/users\/109"}],"replies":[{"embeddable":true,"href":"https:\/\/homolog.saopaulo.sp.leg.br\/apartes-anteriores\/wp-json\/wp\/v2\/comments?post=41003"}],"version-history":[{"count":5,"href":"https:\/\/homolog.saopaulo.sp.leg.br\/apartes-anteriores\/wp-json\/wp\/v2\/pages\/41003\/revisions"}],"predecessor-version":[{"id":41329,"href":"https:\/\/homolog.saopaulo.sp.leg.br\/apartes-anteriores\/wp-json\/wp\/v2\/pages\/41003\/revisions\/41329"}],"up":[{"embeddable":true,"href":"https:\/\/homolog.saopaulo.sp.leg.br\/apartes-anteriores\/wp-json\/wp\/v2\/pages\/41085"}],"wp:attachment":[{"href":"https:\/\/homolog.saopaulo.sp.leg.br\/apartes-anteriores\/wp-json\/wp\/v2\/media?parent=41003"}],"curies":[{"name":"wp","href":"https:\/\/api.w.org\/{rel}","templated":true}]}}