{"id":52,"date":"2025-04-28T18:16:10","date_gmt":"2025-04-28T21:16:10","guid":{"rendered":"https:\/\/homolog.saopaulo.sp.leg.br\/camaraaberta\/?page_id=52"},"modified":"2025-04-29T15:49:36","modified_gmt":"2025-04-29T18:49:36","slug":"tour-virtual","status":"publish","type":"page","link":"https:\/\/homolog.saopaulo.sp.leg.br\/camaraaberta\/tour-virtual\/","title":{"rendered":"Tour Virtual"},"content":{"rendered":"<div class=\"box-text\">\n<p>A <strong>C\u00e2mara Municipal de S\u00e3o Paulo<\/strong> abre suas portas para que voc\u00ea conhe\u00e7a de perto os espa\u00e7os, a hist\u00f3ria e os elementos culturais que comp\u00f5em o Legislativo paulistano.<\/p>\n<p>Nesta p\u00e1gina, voc\u00ea pode explorar o <strong>Pal\u00e1cio Anchieta<\/strong> de maneira interativa e informativa, percorrendo por meio do tour virtual a arquitetura, o patrim\u00f4nio art\u00edstico e a trajet\u00f3ria institucional da Casa.<\/p>\n<ul>\n<li><a href=\"https:\/\/homolog.saopaulo.sp.leg.br\/institucional\/visita-virtual\/\" target=\"_blank\" rel=\"noopener\">Tour 360\u00ba pelas instala\u00e7\u00f5es da C\u00e2mara<\/a><\/li>\n<li><a href=\"https:\/\/youtu.be\/biEk3hpmKaA\" target=\"_blank\" rel=\"noopener\">Tour pelas obras de arte da C\u00e2mara<\/a>, veja tamb\u00e9m em <a href=\"https:\/\/homolog.saopaulo.sp.leg.br\/apartes\/as-artes-do-palacio\/#loaded\" target=\"_blank\" rel=\"noopener\">texto<\/a>.<\/li>\n<li><a href=\"https:\/\/youtu.be\/3jm2Ncb2yF0\" target=\"_blank\" rel=\"noopener\">Conhe\u00e7a a Arquitetura do Pal\u00e1cio Anchieta<\/a>, veja tamb\u00e9m em <a href=\"https:\/\/homolog.saopaulo.sp.leg.br\/apartes\/retas-curvas-palacio-anchieta\/\" target=\"_blank\" rel=\"noopener\">texto<\/a>.<\/li>\n<li><a href=\"https:\/\/www.youtube.com\/watch?v=j6uP-Mc3luE&amp;list=PLYt3a0f9wjClKxOHOmTGmHlcAOId_t_R_&amp;index=3\" target=\"_blank\" rel=\"noopener\">Hist\u00f3ria das sedes da C\u00e2mara<\/a>, veja tamb\u00e9m em <a href=\"https:\/\/homolog.saopaulo.sp.leg.br\/apartes\/antes-do-anchieta\/\" target=\"_blank\" rel=\"noopener\">texto<\/a>.<\/li>\n<\/ul>\n<\/div>\n","protected":false},"excerpt":{"rendered":"<p>A C\u00e2mara Municipal de S\u00e3o Paulo abre suas portas para que voc\u00ea conhe\u00e7a de perto os espa\u00e7os, a hist\u00f3ria e os elementos culturais que comp\u00f5em o Legislativo paulistano. Nesta p\u00e1gina, voc\u00ea pode explorar o Pal\u00e1cio Anchieta de maneira interativa e informativa, percorrendo por meio do tour virtual a arquitetura, o patrim\u00f4nio art\u00edstico e a trajet\u00f3ria&#8230;  <a class=\"excerpt-read-more\" href=\"https:\/\/homolog.saopaulo.sp.leg.br\/camaraaberta\/tour-virtual\/\" title=\"Read Tour Virtual\">Ler mais &raquo;<\/a><\/p>\n","protected":false},"author":733,"featured_media":0,"parent":0,"menu_order":0,"comment_status":"closed","ping_status":"closed","template":"","meta":{"_acf_changed":false,"footnotes":""},"class_list":["post-52","page","type-page","status-publish","hentry"],"acf":[],"_links":{"self":[{"href":"https:\/\/homolog.saopaulo.sp.leg.br\/camaraaberta\/wp-json\/wp\/v2\/pages\/52","targetHints":{"allow":["GET"]}}],"collection":[{"href":"https:\/\/homolog.saopaulo.sp.leg.br\/camaraaberta\/wp-json\/wp\/v2\/pages"}],"about":[{"href":"https:\/\/homolog.saopaulo.sp.leg.br\/camaraaberta\/wp-json\/wp\/v2\/types\/page"}],"author":[{"embeddable":true,"href":"https:\/\/homolog.saopaulo.sp.leg.br\/camaraaberta\/wp-json\/wp\/v2\/users\/733"}],"replies":[{"embeddable":true,"href":"https:\/\/homolog.saopaulo.sp.leg.br\/camaraaberta\/wp-json\/wp\/v2\/comments?post=52"}],"version-history":[{"count":5,"href":"https:\/\/homolog.saopaulo.sp.leg.br\/camaraaberta\/wp-json\/wp\/v2\/pages\/52\/revisions"}],"predecessor-version":[{"id":119,"href":"https:\/\/homolog.saopaulo.sp.leg.br\/camaraaberta\/wp-json\/wp\/v2\/pages\/52\/revisions\/119"}],"wp:attachment":[{"href":"https:\/\/homolog.saopaulo.sp.leg.br\/camaraaberta\/wp-json\/wp\/v2\/media?parent=52"}],"curies":[{"name":"wp","href":"https:\/\/api.w.org\/{rel}","templated":true}]}}