

{"id":1295,"date":"2022-10-19T14:41:24","date_gmt":"2022-10-19T17:41:24","guid":{"rendered":"https:\/\/homolog.saopaulo.sp.leg.br\/camaraexplica\/?page_id=1295"},"modified":"2022-10-19T14:52:41","modified_gmt":"2022-10-19T17:52:41","slug":"plano-plurianual","status":"publish","type":"page","link":"https:\/\/homolog.saopaulo.sp.leg.br\/camaraexplica\/orcamento-anual\/plano-plurianual\/","title":{"rendered":"Plano Plurianual"},"content":{"rendered":"<div class=\"description\">\n<p class=\"text-description\">O Plano Plurianual \u00e9 o planejamento referente aos quatro anos de governo do prefeito paulistano e contempla a estrat\u00e9gia que ser\u00e1 adotada ao longo do mandato no cumprimento das metas. O principal objetivo do PPA \u00e9 garantir total transpar\u00eancia em rela\u00e7\u00e3o a como se planeja aplicar os recursos da Prefeitura e quais os resultados que se esperam obter com as iniciativas.<\/p>\n<p class=\"text-description\">Para isso, o PPA \u00e9 apresentado aos vereadores da C\u00e2mara Municipal de S\u00e3o Paulo no primeiro ano de mandato do prefeito e tem validade at\u00e9 o ano seguinte ao final de sua gest\u00e3o. \u00c9 estabelecido para os munic\u00edpios que o projeto deva ser entregue at\u00e9 o dia 30 de setembro do primeiro ano de mandato do prefeito e que aconte\u00e7a duas Audi\u00eancias P\u00fablicas antes de sua aprova\u00e7\u00e3o.<\/p>\n<p class=\"text-description\">\u00c9 imprescind\u00edvel essa tramita\u00e7\u00e3o, tendo em vista que os trabalhos legislativos anuais n\u00e3o podem ser encerrados enquanto o PPA n\u00e3o for aprovado.<\/p>\n<\/div>\n","protected":false},"excerpt":{"rendered":"<p>O Plano Plurianual \u00e9 o planejamento referente aos quatro anos de governo do prefeito paulistano e contempla a estrat\u00e9gia que ser\u00e1 adotada ao longo do mandato no cumprimento das metas. O principal objetivo do PPA \u00e9 garantir total transpar\u00eancia em rela\u00e7\u00e3o a como se planeja aplicar os recursos da Prefeitura e quais os resultados que&#8230;  <a class=\"excerpt-read-more\" href=\"https:\/\/homolog.saopaulo.sp.leg.br\/camaraexplica\/orcamento-anual\/plano-plurianual\/\" title=\"Leia Plano Plurianual\">Leia Mais &raquo;<\/a><\/p>\n","protected":false},"author":733,"featured_media":0,"parent":1222,"menu_order":0,"comment_status":"closed","ping_status":"closed","template":"page-orcamento.php","meta":{"_acf_changed":false,"footnotes":""},"class_list":["post-1295","page","type-page","status-publish","hentry"],"acf":[],"_links":{"self":[{"href":"https:\/\/homolog.saopaulo.sp.leg.br\/camaraexplica\/wp-json\/wp\/v2\/pages\/1295","targetHints":{"allow":["GET"]}}],"collection":[{"href":"https:\/\/homolog.saopaulo.sp.leg.br\/camaraexplica\/wp-json\/wp\/v2\/pages"}],"about":[{"href":"https:\/\/homolog.saopaulo.sp.leg.br\/camaraexplica\/wp-json\/wp\/v2\/types\/page"}],"author":[{"embeddable":true,"href":"https:\/\/homolog.saopaulo.sp.leg.br\/camaraexplica\/wp-json\/wp\/v2\/users\/733"}],"replies":[{"embeddable":true,"href":"https:\/\/homolog.saopaulo.sp.leg.br\/camaraexplica\/wp-json\/wp\/v2\/comments?post=1295"}],"version-history":[{"count":3,"href":"https:\/\/homolog.saopaulo.sp.leg.br\/camaraexplica\/wp-json\/wp\/v2\/pages\/1295\/revisions"}],"predecessor-version":[{"id":1307,"href":"https:\/\/homolog.saopaulo.sp.leg.br\/camaraexplica\/wp-json\/wp\/v2\/pages\/1295\/revisions\/1307"}],"up":[{"embeddable":true,"href":"https:\/\/homolog.saopaulo.sp.leg.br\/camaraexplica\/wp-json\/wp\/v2\/pages\/1222"}],"wp:attachment":[{"href":"https:\/\/homolog.saopaulo.sp.leg.br\/camaraexplica\/wp-json\/wp\/v2\/media?parent=1295"}],"curies":[{"name":"wp","href":"https:\/\/api.w.org\/{rel}","templated":true}]}}