

{"id":19,"date":"2020-11-23T14:48:54","date_gmt":"2020-11-23T17:48:54","guid":{"rendered":"http:\/\/homolog.saopaulo.sp.leg.br\/camaraexplica\/?page_id=19"},"modified":"2023-12-01T16:51:42","modified_gmt":"2023-12-01T19:51:42","slug":"home","status":"publish","type":"page","link":"https:\/\/homolog.saopaulo.sp.leg.br\/camaraexplica\/","title":{"rendered":"Home"},"content":{"rendered":"\t\t<div data-elementor-type=\"wp-page\" data-elementor-id=\"19\" class=\"elementor elementor-19\">\n\t\t\t\t\t\t<section class=\"elementor-section elementor-top-section elementor-element elementor-element-77a4804 elementor-section-boxed elementor-section-height-default elementor-section-height-default\" data-id=\"77a4804\" data-element_type=\"section\" data-e-type=\"section\">\n\t\t\t\t\t\t<div class=\"elementor-container elementor-column-gap-default\">\n\t\t\t\t\t<div class=\"elementor-column elementor-col-100 elementor-top-column elementor-element elementor-element-6077df8\" data-id=\"6077df8\" data-element_type=\"column\" data-e-type=\"column\">\n\t\t\t<div class=\"elementor-widget-wrap elementor-element-populated\">\n\t\t\t\t\t\t<div class=\"elementor-element elementor-element-c2643ba elementor-widget elementor-widget-html\" data-id=\"c2643ba\" data-element_type=\"widget\" data-e-type=\"widget\" data-widget_type=\"html.default\">\n\t\t\t\t<div class=\"elementor-widget-container\">\n\t\t\t\t\t<div class=\"description-home\">\n<h1 class=\"title-description\">BEM-VINDO!<\/h1>\n<p class=\"text-description\">Fique por dentro dos trabalhos e da forma de atua\u00e7\u00e3o da maior C\u00e2mara Municipal do pa\u00eds. <br>Entenda tudo o que envolve o universo do Legislativo paulistano <\/p>\n\n<\/div>\t\t\t\t<\/div>\n\t\t\t\t<\/div>\n\t\t\t\t\t<\/div>\n\t\t<\/div>\n\t\t\t\t\t<\/div>\n\t\t<\/section>\n\t\t\t\t<section class=\"elementor-section elementor-top-section elementor-element elementor-element-3225972 elementor-section-boxed elementor-section-height-default elementor-section-height-default\" data-id=\"3225972\" data-element_type=\"section\" data-e-type=\"section\">\n\t\t\t\t\t\t<div class=\"elementor-container elementor-column-gap-default\">\n\t\t\t\t\t<div class=\"elementor-column elementor-col-100 elementor-top-column elementor-element elementor-element-0255ae5\" data-id=\"0255ae5\" data-element_type=\"column\" data-e-type=\"column\">\n\t\t\t<div class=\"elementor-widget-wrap elementor-element-populated\">\n\t\t\t\t\t\t<div class=\"elementor-element elementor-element-eb34efb elementor-widget elementor-widget-html\" data-id=\"eb34efb\" data-element_type=\"widget\" data-e-type=\"widget\" data-widget_type=\"html.default\">\n\t\t\t\t<div class=\"elementor-widget-container\">\n\t\t\t\t\t<div class=\"description-home\">\n<h2 class=\"title-description\">DESTAQUES<\/h2>\n\n\n<\/div>\t\t\t\t<\/div>\n\t\t\t\t<\/div>\n\t\t\t\t<div class=\"elementor-element elementor-element-94489bb elementor-widget elementor-widget-wp-widget-pods_widget_list\" data-id=\"94489bb\" data-element_type=\"widget\" data-e-type=\"widget\" data-widget_type=\"wp-widget-pods_widget_list.default\">\n\t\t\t\t<div class=\"elementor-widget-container\">\n\t\t\t\t\t<div class=\"destaque-home\">\r\n\t<div class=\"destaque\">\r\n\t<a title=\"Vereadores\" href=\"https:\/\/homolog.saopaulo.sp.leg.br\/camaraexplica\/tudo-sobre-os-vereadores\/\" rel=\"noopener\">\r\n\t<img decoding=\"async\" src=\"https:\/\/homolog.saopaulo.sp.leg.br\/camaraexplica\/wp-content\/uploads\/sites\/41\/2021\/02\/vereadores.png\" alt=\"Vereadores\">\r\n\t<span>Vereadores<\/span>\r\n\t<p class=\"descricao-home\">A fun\u00e7\u00e3o parlamentar, a estrutura dos gabinetes e como contatar os vereadores da CMSP<\/p>\r\n\t<\/a>\r\n<\/div>\r\n<\/div><div class=\"destaque-home\">\r\n\t<div class=\"destaque\">\r\n\t<a title=\"Conhe\u00e7a o Legislativo\" href=\"https:\/\/homolog.saopaulo.sp.leg.br\/camaraexplica\/conheca-o-legislativo\/\" rel=\"noopener\">\r\n\t<img decoding=\"async\" src=\"https:\/\/homolog.saopaulo.sp.leg.br\/camaraexplica\/wp-content\/uploads\/sites\/41\/2021\/02\/legislativo.png\" alt=\"Conhe\u00e7a o Legislativo\">\r\n\t<span>Conhe\u00e7a o Legislativo<\/span>\r\n\t<p class=\"descricao-home\">De forma did\u00e1tica, saiba como funciona o sistema do Legislativo paulistano com esta s\u00e9rie audiovisual<\/p>\r\n\t<\/a>\r\n<\/div>\r\n<\/div><div class=\"destaque-home\">\r\n\t<div class=\"destaque\">\r\n\t<a title=\"C\u00e2mara 360\u00b0\" href=\"https:\/\/homolog.saopaulo.sp.leg.br\/camaraexplica\/camara-360\/\" rel=\"noopener\">\r\n\t<img decoding=\"async\" src=\"https:\/\/homolog.saopaulo.sp.leg.br\/camaraexplica\/wp-content\/uploads\/sites\/41\/2021\/02\/camara360.png\" alt=\"C\u00e2mara 360\u00b0\">\r\n\t<span>C\u00e2mara 360\u00b0<\/span>\r\n\t<p class=\"descricao-home\">Um tour sobre a rotina de trabalho dos diferentes setores do Pal\u00e1cio Anchieta, sede da C\u00e2mara<\/p>\r\n\t<\/a>\r\n<\/div>\r\n<\/div><div class=\"destaque-home\">\r\n\t<div class=\"destaque\">\r\n\t<a title=\"QUERO SABER\" href=\"https:\/\/homolog.saopaulo.sp.leg.br\/camaraexplica\/\/quero-saber\/\" rel=\"noopener\">\r\n\t<img decoding=\"async\" src=\"https:\/\/homolog.saopaulo.sp.leg.br\/camaraexplica\/wp-content\/uploads\/sites\/41\/2021\/02\/faq.png\" alt=\"QUERO SABER\">\r\n\t<span>QUERO SABER<\/span>\r\n\t<p class=\"descricao-home\">Central de perguntas e respostas sobre o ambiente legislativo da C\u00e2mara de S\u00e3o Paulo<\/p>\r\n\t<\/a>\r\n<\/div>\r\n<\/div>\t\t\t\t<\/div>\n\t\t\t\t<\/div>\n\t\t\t\t\t<\/div>\n\t\t<\/div>\n\t\t\t\t\t<\/div>\n\t\t<\/section>\n\t\t\t\t<section class=\"elementor-section elementor-top-section elementor-element elementor-element-9012708 elementor-section-boxed elementor-section-height-default elementor-section-height-default\" data-id=\"9012708\" data-element_type=\"section\" data-e-type=\"section\">\n\t\t\t\t\t\t<div class=\"elementor-container elementor-column-gap-default\">\n\t\t\t\t\t<div class=\"elementor-column elementor-col-100 elementor-top-column elementor-element elementor-element-87a652b\" data-id=\"87a652b\" data-element_type=\"column\" data-e-type=\"column\">\n\t\t\t<div class=\"elementor-widget-wrap elementor-element-populated\">\n\t\t\t\t\t\t<div class=\"elementor-element elementor-element-86a6512 elementor-widget elementor-widget-html\" data-id=\"86a6512\" data-element_type=\"widget\" data-e-type=\"widget\" data-widget_type=\"html.default\">\n\t\t\t\t<div class=\"elementor-widget-container\">\n\t\t\t\t\t<div class=\"description-home\">\n<h2 class=\"title-description\">SERVI\u00c7OS<\/h2>\n<p class=\"text-description\">Conhe\u00e7a as ferramentas que facilitam a conex\u00e3o entre a C\u00e2mara e os cidad\u00e3os, <BR>garantindo o acesso \u00e0 informa\u00e7\u00e3o e a participa\u00e7\u00e3o popular <\/p>\n\n<\/div>\t\t\t\t<\/div>\n\t\t\t\t<\/div>\n\t\t\t\t<div class=\"elementor-element elementor-element-867be7f elementor-widget elementor-widget-wp-widget-pods_widget_list\" data-id=\"867be7f\" data-element_type=\"widget\" data-e-type=\"widget\" data-widget_type=\"wp-widget-pods_widget_list.default\">\n\t\t\t\t<div class=\"elementor-widget-container\">\n\t\t\t\t\t<div class=\"home-icons\">\r\n<a title=\"Servi\u00e7os\" href=\"https:\/\/homolog.saopaulo.sp.leg.br\/vereadores\/\" target=\"_blank\" rel=\"noopener\">\r\n\t<img decoding=\"async\" src=\"https:\/\/homolog.saopaulo.sp.leg.br\/camaraexplica\/wp-content\/uploads\/sites\/41\/2021\/02\/vereadores.png\" alt=\"Vereadores\">\r\n\t\r\n\t<span>Vereadores<\/span>\r\n\t<\/a>\r\n<\/div><div class=\"home-icons\">\r\n<a title=\"Servi\u00e7os\" href=\"https:\/\/homolog.saopaulo.sp.leg.br\/atividade-legislativa\/regimento-interno\/\" target=\"_blank\" rel=\"noopener\">\r\n\t<img decoding=\"async\" src=\"https:\/\/homolog.saopaulo.sp.leg.br\/camaraexplica\/wp-content\/uploads\/sites\/41\/2021\/02\/regimento.png\" alt=\"Regimento Interno\">\r\n\t\r\n\t<span>Regimento Interno<\/span>\r\n\t<\/a>\r\n<\/div><div class=\"home-icons\">\r\n<a title=\"Servi\u00e7os\" href=\"http:\/\/homolog.saopaulo.sp.leg.br\/fale-conosco\/ouvidoria\/\" target=\"_blank\" rel=\"noopener\">\r\n\t<img decoding=\"async\" src=\"https:\/\/homolog.saopaulo.sp.leg.br\/camaraexplica\/wp-content\/uploads\/sites\/41\/2021\/02\/ouvidoria.png\" alt=\"Ouvidoria\">\r\n\t\r\n\t<span>Ouvidoria<\/span>\r\n\t<\/a>\r\n<\/div><div class=\"home-icons\">\r\n<a title=\"Servi\u00e7os\" href=\"https:\/\/homolog.saopaulo.sp.leg.br\/comunicacao\/noticias\/\" target=\"_blank\" rel=\"noopener\">\r\n\t<img decoding=\"async\" src=\"https:\/\/homolog.saopaulo.sp.leg.br\/camaraexplica\/wp-content\/uploads\/sites\/41\/2021\/02\/noticias.png\" alt=\"Not\u00edcias\">\r\n\t\r\n\t<span>Not\u00edcias<\/span>\r\n\t<\/a>\r\n<\/div><div class=\"home-icons\">\r\n<a title=\"Servi\u00e7os\" href=\"https:\/\/homolog.saopaulo.sp.leg.br\/atividade-legislativa\/projetos-apresentados-desde-1948\/\" target=\"_blank\" rel=\"noopener\">\r\n\t<img decoding=\"async\" src=\"https:\/\/homolog.saopaulo.sp.leg.br\/camaraexplica\/wp-content\/uploads\/sites\/41\/2021\/02\/consulta.png\" alt=\"Consulta de Projetos\">\r\n\t\r\n\t<span>Consulta de Projetos<\/span>\r\n\t<\/a>\r\n<\/div><div class=\"home-icons\">\r\n<a title=\"Servi\u00e7os\" href=\"https:\/\/homolog.saopaulo.sp.leg.br\/audienciaspublicas\/\" target=\"_blank\" rel=\"noopener\">\r\n\t<img decoding=\"async\" src=\"https:\/\/homolog.saopaulo.sp.leg.br\/camaraexplica\/wp-content\/uploads\/sites\/41\/2021\/02\/audiencia.png\" alt=\"Audi\u00eancia P\u00fablica\">\r\n\t\r\n\t<span>Audi\u00eancia P\u00fablica<\/span>\r\n\t<\/a>\r\n<\/div>\t\t\t\t<\/div>\n\t\t\t\t<\/div>\n\t\t\t\t\t<\/div>\n\t\t<\/div>\n\t\t\t\t\t<\/div>\n\t\t<\/section>\n\t\t\t\t<section class=\"elementor-section elementor-top-section elementor-element elementor-element-4566b55 banner-desktop elementor-section-height-min-height elementor-section-items-top elementor-section-boxed elementor-section-height-default\" data-id=\"4566b55\" data-element_type=\"section\" data-e-type=\"section\" data-settings=\"{&quot;background_background&quot;:&quot;classic&quot;}\">\n\t\t\t\t\t\t<div class=\"elementor-container elementor-column-gap-no\">\n\t\t\t\t\t<div class=\"elementor-column elementor-col-33 elementor-top-column elementor-element elementor-element-a414d31\" data-id=\"a414d31\" data-element_type=\"column\" data-e-type=\"column\">\n\t\t\t<div class=\"elementor-widget-wrap elementor-element-populated\">\n\t\t\t\t\t\t<div class=\"elementor-element elementor-element-ee968a0 elementor-widget elementor-widget-image\" data-id=\"ee968a0\" data-element_type=\"widget\" data-e-type=\"widget\" data-widget_type=\"image.default\">\n\t\t\t\t<div class=\"elementor-widget-container\">\n\t\t\t\t\t\t\t\t\t\t\t\t\t\t\t<img decoding=\"async\" src=\"https:\/\/homolog.saopaulo.sp.leg.br\/camaraexplica\/wp-content\/uploads\/sites\/41\/2023\/07\/cmsp-explica.png\" title=\"cmsp-explica\" alt=\"cmsp-explica\" loading=\"lazy\" \/>\t\t\t\t\t\t\t\t\t\t\t\t\t\t\t<\/div>\n\t\t\t\t<\/div>\n\t\t\t\t\t<\/div>\n\t\t<\/div>\n\t\t\t\t<div class=\"elementor-column elementor-col-66 elementor-top-column elementor-element elementor-element-888119e\" data-id=\"888119e\" data-element_type=\"column\" data-e-type=\"column\" data-settings=\"{&quot;background_background&quot;:&quot;classic&quot;}\">\n\t\t\t<div class=\"elementor-widget-wrap elementor-element-populated\">\n\t\t\t\t\t\t<div class=\"elementor-element elementor-element-77dc35b elementor-widget elementor-widget-text-editor\" data-id=\"77dc35b\" data-element_type=\"widget\" data-e-type=\"widget\" data-widget_type=\"text-editor.default\">\n\t\t\t\t<div class=\"elementor-widget-container\">\n\t\t\t\t\t\t\t\t\t<p>O <strong>C\u00e2mara Explica<\/strong> \u00e9 uma plataforma de conte\u00fados sobre o Legislativo paulistano. Com o intuito de distribuir informa\u00e7\u00e3o sobre o funcionamento, setores e express\u00f5es legislativas, buscamos utilizar linguagem simplificada, objetiva e inclusiva. Caso a busca por informa\u00e7\u00e3o n\u00e3o tenha a profundidade necess\u00e1ria para voc\u00ea, acesse <strong><a href=\"https:\/\/splegisconsulta.saopaulo.sp.leg.br\/\" target=\"_blank\" rel=\"noopener\">SPLEGIS<\/a>, <a href=\"https:\/\/app-plpconsulta-prd.azurewebsites.net\/\" target=\"_blank\" rel=\"noopener\">PLP &#8211; Portal da Legisla\u00e7\u00e3o Paulistana<\/a>, <a href=\"https:\/\/homolog.saopaulo.sp.leg.br\/documentacao\/\" target=\"_blank\" rel=\"noopener\">Biblioteca e Documenta\u00e7\u00e3o<\/a>, <a href=\"https:\/\/homolog.saopaulo.sp.leg.br\/memoria\/\" target=\"_blank\" rel=\"noopener\">Centro de Mem\u00f3ria<\/a><\/strong> ou entre em <strong>contato pelo formul\u00e1rio abaixo<\/strong>.<\/p>\t\t\t\t\t\t\t\t<\/div>\n\t\t\t\t<\/div>\n\t\t\t\t<div class=\"elementor-element elementor-element-f2bcbd7 elementor-widget elementor-widget-image\" data-id=\"f2bcbd7\" data-element_type=\"widget\" data-e-type=\"widget\" data-widget_type=\"image.default\">\n\t\t\t\t<div class=\"elementor-widget-container\">\n\t\t\t\t\t\t\t\t\t\t\t\t\t\t\t\t<a href=\"https:\/\/homolog.saopaulo.sp.leg.br\/camaraexplica\/quero-saber\/\">\n\t\t\t\t\t\t\t<img decoding=\"async\" src=\"https:\/\/homolog.saopaulo.sp.leg.br\/camaraexplica\/wp-content\/uploads\/sites\/41\/2023\/07\/botao.png\" title=\"botao\" alt=\"botao\" loading=\"lazy\" \/>\t\t\t\t\t\t\t\t<\/a>\n\t\t\t\t\t\t\t\t\t\t\t\t\t\t\t<\/div>\n\t\t\t\t<\/div>\n\t\t\t\t\t<\/div>\n\t\t<\/div>\n\t\t\t\t\t<\/div>\n\t\t<\/section>\n\t\t\t\t<section class=\"elementor-section elementor-top-section elementor-element elementor-element-d0f33ec banner-mobile elementor-section-height-min-height elementor-section-items-top elementor-section-boxed elementor-section-height-default\" data-id=\"d0f33ec\" data-element_type=\"section\" data-e-type=\"section\" data-settings=\"{&quot;background_background&quot;:&quot;classic&quot;}\">\n\t\t\t\t\t\t<div class=\"elementor-container elementor-column-gap-no\">\n\t\t\t\t\t<div class=\"elementor-column elementor-col-33 elementor-top-column elementor-element elementor-element-eacdb49\" data-id=\"eacdb49\" data-element_type=\"column\" data-e-type=\"column\">\n\t\t\t<div class=\"elementor-widget-wrap elementor-element-populated\">\n\t\t\t\t\t\t<div class=\"elementor-element elementor-element-6f62a8a elementor-widget elementor-widget-image\" data-id=\"6f62a8a\" data-element_type=\"widget\" data-e-type=\"widget\" data-widget_type=\"image.default\">\n\t\t\t\t<div class=\"elementor-widget-container\">\n\t\t\t\t\t\t\t\t\t\t\t\t\t\t\t<img decoding=\"async\" src=\"https:\/\/homolog.saopaulo.sp.leg.br\/camaraexplica\/wp-content\/uploads\/sites\/41\/2023\/07\/cmsp-explica.png\" title=\"cmsp-explica\" alt=\"cmsp-explica\" loading=\"lazy\" \/>\t\t\t\t\t\t\t\t\t\t\t\t\t\t\t<\/div>\n\t\t\t\t<\/div>\n\t\t\t\t\t<\/div>\n\t\t<\/div>\n\t\t\t\t<div class=\"elementor-column elementor-col-66 elementor-top-column elementor-element elementor-element-ec4c08d\" data-id=\"ec4c08d\" data-element_type=\"column\" data-e-type=\"column\" data-settings=\"{&quot;background_background&quot;:&quot;classic&quot;}\">\n\t\t\t<div class=\"elementor-widget-wrap elementor-element-populated\">\n\t\t\t\t\t\t<div class=\"elementor-element elementor-element-bc88bc7 elementor-widget elementor-widget-text-editor\" data-id=\"bc88bc7\" data-element_type=\"widget\" data-e-type=\"widget\" data-widget_type=\"text-editor.default\">\n\t\t\t\t<div class=\"elementor-widget-container\">\n\t\t\t\t\t\t\t\t\t<p>O <strong>C\u00e2mara Explica<\/strong> \u00e9 uma plataforma de conte\u00fados sobre o Legislativo paulistano. Com o intuito de distribuir informa\u00e7\u00e3o sobre o funcionamento, setores e express\u00f5es legislativas, buscamos utilizar linguagem simplificada, objetiva e inclusiva. Caso a busca por informa\u00e7\u00e3o n\u00e3o tenha a profundidade necess\u00e1ria para voc\u00ea, acesse <strong><a href=\"https:\/\/splegisconsulta.saopaulo.sp.leg.br\/\" target=\"_blank\" rel=\"noopener\">SPLEGIS<\/a>, <a href=\"https:\/\/app-plpconsulta-prd.azurewebsites.net\/\" target=\"_blank\" rel=\"noopener\">PLP<\/a>, Biblioteca, <a href=\"https:\/\/homolog.saopaulo.sp.leg.br\/memoria\/\" target=\"_blank\" rel=\"noopener\">Centro de Mem\u00f3ria<\/a><\/strong> ou entre em <strong>contato pelo formul\u00e1rio abaixo<\/strong>.<\/p>\t\t\t\t\t\t\t\t<\/div>\n\t\t\t\t<\/div>\n\t\t\t\t<div class=\"elementor-element elementor-element-1806789 elementor-widget elementor-widget-image\" data-id=\"1806789\" data-element_type=\"widget\" data-e-type=\"widget\" data-widget_type=\"image.default\">\n\t\t\t\t<div class=\"elementor-widget-container\">\n\t\t\t\t\t\t\t\t\t\t\t\t\t\t\t\t<a href=\"https:\/\/homolog.saopaulo.sp.leg.br\/camaraexplica\/quero-saber\/\">\n\t\t\t\t\t\t\t<img decoding=\"async\" src=\"https:\/\/homolog.saopaulo.sp.leg.br\/camaraexplica\/wp-content\/uploads\/sites\/41\/2023\/07\/botao.png\" title=\"botao\" alt=\"botao\" loading=\"lazy\" \/>\t\t\t\t\t\t\t\t<\/a>\n\t\t\t\t\t\t\t\t\t\t\t\t\t\t\t<\/div>\n\t\t\t\t<\/div>\n\t\t\t\t\t<\/div>\n\t\t<\/div>\n\t\t\t\t\t<\/div>\n\t\t<\/section>\n\t\t\t\t<\/div>\n\t\t","protected":false},"excerpt":{"rendered":"<p>BEM-VINDO! Fique por dentro dos trabalhos e da forma de atua\u00e7\u00e3o da maior C\u00e2mara Municipal do pa\u00eds. Entenda tudo o que envolve o universo do Legislativo paulistano DESTAQUES SERVI\u00c7OS Conhe\u00e7a as ferramentas que facilitam a conex\u00e3o entre a C\u00e2mara e os cidad\u00e3os, garantindo o acesso \u00e0 informa\u00e7\u00e3o e a participa\u00e7\u00e3o popular O C\u00e2mara Explica \u00e9&#8230;  <a class=\"excerpt-read-more\" href=\"https:\/\/homolog.saopaulo.sp.leg.br\/camaraexplica\/\" title=\"Leia Home\">Leia Mais &raquo;<\/a><\/p>\n","protected":false},"author":733,"featured_media":0,"parent":0,"menu_order":0,"comment_status":"closed","ping_status":"closed","template":"page-home.php","meta":{"_acf_changed":false,"footnotes":""},"class_list":["post-19","page","type-page","status-publish","hentry"],"acf":[],"_links":{"self":[{"href":"https:\/\/homolog.saopaulo.sp.leg.br\/camaraexplica\/wp-json\/wp\/v2\/pages\/19","targetHints":{"allow":["GET"]}}],"collection":[{"href":"https:\/\/homolog.saopaulo.sp.leg.br\/camaraexplica\/wp-json\/wp\/v2\/pages"}],"about":[{"href":"https:\/\/homolog.saopaulo.sp.leg.br\/camaraexplica\/wp-json\/wp\/v2\/types\/page"}],"author":[{"embeddable":true,"href":"https:\/\/homolog.saopaulo.sp.leg.br\/camaraexplica\/wp-json\/wp\/v2\/users\/733"}],"replies":[{"embeddable":true,"href":"https:\/\/homolog.saopaulo.sp.leg.br\/camaraexplica\/wp-json\/wp\/v2\/comments?post=19"}],"version-history":[{"count":5,"href":"https:\/\/homolog.saopaulo.sp.leg.br\/camaraexplica\/wp-json\/wp\/v2\/pages\/19\/revisions"}],"predecessor-version":[{"id":1522,"href":"https:\/\/homolog.saopaulo.sp.leg.br\/camaraexplica\/wp-json\/wp\/v2\/pages\/19\/revisions\/1522"}],"wp:attachment":[{"href":"https:\/\/homolog.saopaulo.sp.leg.br\/camaraexplica\/wp-json\/wp\/v2\/media?parent=19"}],"curies":[{"name":"wp","href":"https:\/\/api.w.org\/{rel}","templated":true}]}}