{"id":5302,"date":"2015-03-05T11:27:13","date_gmt":"2015-03-05T14:27:13","guid":{"rendered":"http:\/\/homolog.saopaulo.sp.leg.br\/camaranoseubairro\/agenda\/"},"modified":"2015-12-15T21:08:27","modified_gmt":"2015-12-15T21:08:27","slug":"agenda","status":"publish","type":"page","link":"https:\/\/homolog.saopaulo.sp.leg.br\/camaranoseubairro\/agenda\/","title":{"rendered":"Agenda"},"content":{"rendered":"<p><strong>Confira abaixo o cronograma realizado em 2015:<\/strong><\/p>\n<table width=\"100%\">\n<tbody>\n<tr>\n<td style=\"color: #ffffff;\" bgcolor=\"#f2995d\" height=\"40\"><strong>SUBPREFEITURA<\/strong><\/td>\n<td style=\"color: #ffffff;\" bgcolor=\"#f2995d\" height=\"40\"><strong>DATA<\/strong><\/td>\n<td style=\"color: #ffffff;\" bgcolor=\"#f2995d\" height=\"40\"><strong>LOCAL DO EVENTO<\/strong><\/td>\n<td style=\"color: #ffffff;\" bgcolor=\"#f2995d\" height=\"40\"><strong>HOR\u00c1RIO<\/strong><\/td>\n<td style=\"color: #ffffff;\" bgcolor=\"#f2995d\" height=\"40\"><strong>COMO CHEGAR<\/strong><\/td>\n<\/tr>\n<tr class=\"finalizado\">\n<td><span style=\"color: #999999;\"><strong><del>CAMPO LIMPO<\/del><\/strong><\/span><\/td>\n<td><span style=\"color: #999999;\"><strong><del>07\/03\/2015<\/del><\/strong><\/span><\/td>\n<td><span style=\"color: #999999;\"><strong><em>CEU CAMPO LIMPO<\/em><\/strong><\/span><br \/>\n<span style=\"color: #999999;\"><strong> Av. Carlos Lacerda, 678<\/strong><\/span><br \/>\n<span style=\"color: #999999;\"><strong> Pirajussara<\/strong><\/span><\/td>\n<td><span style=\"color: #999999;\"><strong><del>09h30<\/del><\/strong><\/span><\/td>\n<td>\n<h6><span style=\"color: #999999;\"><strong><a style=\"color: #999999;\" href=\"http:\/\/goo.gl\/maps\/24XEM\" target=\"_blank\">Veja Aqui<\/a><\/strong><\/span><\/h6>\n<\/td>\n<\/tr>\n<tr class=\"finalizado\">\n<td><span style=\"color: #999999;\"><strong><del>S\u00c3O MIGUEL<\/del><\/strong><\/span><\/td>\n<td><span style=\"color: #999999;\"><strong><del>14\/03\/2015<\/del><\/strong><\/span><\/td>\n<td><span style=\"color: #999999;\"><strong><em>SUBPREFEITURA<\/em><\/strong><\/span><br \/>\n<span style=\"color: #999999;\"><strong> Rua Dona Ana Flora Pinheiro de Souza, 76<\/strong><\/span><\/td>\n<td><span style=\"color: #999999;\"><strong><del>09h30<\/del><\/strong><\/span><\/td>\n<td>\n<h6><span style=\"color: #999999;\"><strong><a style=\"color: #999999;\" href=\"https:\/\/goo.gl\/maps\/aE57Y\" target=\"_blank\">Veja Aqui<\/a><\/strong><\/span><\/h6>\n<\/td>\n<\/tr>\n<tr class=\"finalizado\">\n<td><span style=\"color: #999999;\"><strong><del>PIRITUBA<\/del><\/strong><\/span><\/td>\n<td><span style=\"color: #999999;\"><strong><del>21\/03\/2015<\/del><\/strong><\/span><\/td>\n<td><span style=\"color: #999999;\"><strong><em>CEU PERA MARMELO<\/em><\/strong><\/span><br \/>\n<span style=\"color: #999999;\"><strong> Rua P\u00eara Marmelo, 226<\/strong><\/span><br \/>\n<span style=\"color: #999999;\"><strong> Jaragu\u00e1<\/strong><\/span><\/td>\n<td><span style=\"color: #999999;\"><strong><del>09h30<\/del><\/strong><\/span><\/td>\n<td>\n<h6><span style=\"color: #999999;\"><strong><a style=\"color: #999999;\" href=\"https:\/\/goo.gl\/maps\/ZzaiE\" target=\"_blank\">Veja Aqui<\/a><\/strong><\/span><\/h6>\n<\/td>\n<\/tr>\n<tr class=\"finalizado\">\n<td><span style=\"color: #999999;\"><strong><del>JA\u00c7AN\u00c3 \/<\/del><\/strong><\/span><br \/>\n<span style=\"color: #999999;\"><strong> <del>TREMEMB\u00c9<\/del><\/strong><\/span><\/td>\n<td><span style=\"color: #999999;\"><strong><del>28\/03\/2015<\/del><\/strong><\/span><\/td>\n<td><span style=\"color: #999999;\"><strong><em>CEU JA\u00c7AN\u00c3<\/em><\/strong><\/span><br \/>\n<span style=\"color: #999999;\"><strong> Rua Antonio Cesar Neto, 105<\/strong><\/span><br \/>\n<span style=\"color: #999999;\"><strong> Jardim Guapira<\/strong><\/span><\/td>\n<td><span style=\"color: #999999;\"><strong><del>09h30<\/del><\/strong><\/span><\/td>\n<td>\n<h6><span style=\"color: #999999;\"><strong><a style=\"color: #999999;\" href=\"https:\/\/goo.gl\/maps\/MxAh7\" target=\"_blank\">Veja Aqui<\/a><\/strong><\/span><\/h6>\n<\/td>\n<\/tr>\n<tr class=\"finalizado\">\n<td width=\"255\"><span style=\"color: #999999;\"><strong><del>S\u00c3O MATEUS<\/del><\/strong><\/span><\/td>\n<td><span style=\"color: #999999;\"><strong><del>11\/04\/2015<\/del><\/strong><\/span><\/td>\n<td width=\"246\"><span style=\"color: #999999;\"><strong><em>CEU S\u00c3O MATEUS<\/em><\/strong><\/span><br \/>\n<span style=\"color: #999999;\"><strong> Rua Curumatim, 201<\/strong><\/span><br \/>\n<span style=\"color: #999999;\"><strong> Parque Boa Esperan\u00e7a<\/strong><\/span><\/td>\n<td><span style=\"color: #999999;\"><strong><del>09h30<\/del><\/strong><\/span><\/td>\n<td>\n<h6><span style=\"color: #999999;\"><strong><a style=\"color: #999999;\" href=\"https:\/\/goo.gl\/maps\/yrVnb\" target=\"_blank\">Veja Aqui<\/a><\/strong><\/span><\/h6>\n<\/td>\n<\/tr>\n<tr class=\"finalizado\">\n<td><span style=\"color: #999999;\"><strong><del>SANTANA \/<\/del><\/strong><\/span><br \/>\n<span style=\"color: #999999;\"><strong> <del>TUCURUVI<\/del><\/strong><\/span><\/td>\n<td><span style=\"color: #999999;\"><strong><del>18\/04\/2015<\/del><\/strong><\/span><\/td>\n<td><span style=\"color: #999999;\"><strong><em>SUBPREFEITURA<\/em><\/strong><\/span><br \/>\n<span style=\"color: #999999;\"><strong> Av. Tucuruvi, 808<\/strong><\/span><\/td>\n<td><span style=\"color: #999999;\"><strong><del>09h30<\/del><\/strong><\/span><\/td>\n<td>\n<h6><span style=\"color: #999999;\"><strong><a style=\"color: #999999;\" href=\"https:\/\/goo.gl\/maps\/YWIJO\" target=\"_blank\">Veja Aqui<\/a><\/strong><\/span><\/h6>\n<\/td>\n<\/tr>\n<tr class=\"finalizado\">\n<td><span style=\"color: #999999;\"><strong><del>CIDADE TIRADENTES<\/del><\/strong><\/span><\/td>\n<td><span style=\"color: #999999;\"><strong><del>25\/04\/2015<\/del><\/strong><\/span><\/td>\n<td><span style=\"color: #999999;\"><strong><em>CEU IN\u00c1CIO MONTEIRO<\/em><\/strong><\/span><br \/>\n<span style=\"color: #999999;\"><strong> Rua Bar\u00e3o Barroso do Amazonas, s\/n\u00ba<\/strong><\/span><br \/>\n<span style=\"color: #999999;\"><strong> Conjunto In\u00e1cio Monteiro<\/strong><\/span><\/td>\n<td><span style=\"color: #999999;\"><strong><del>09h30<\/del><\/strong><\/span><\/td>\n<td>\n<h6><span style=\"color: #999999;\"><strong><a style=\"color: #999999;\" href=\"https:\/\/goo.gl\/maps\/FDT0A\" target=\"_blank\">Veja Aqui<\/a><\/strong><\/span><\/h6>\n<\/td>\n<\/tr>\n<tr class=\"finalizado\">\n<td><span style=\"color: #999999;\"><strong><del>CIDADE ADEMAR<\/del><\/strong><\/span><\/td>\n<td><span style=\"color: #999999;\"><strong><del>09\/05\/2015<\/del><\/strong><\/span><\/td>\n<td width=\"246\"><span style=\"color: #999999;\"><strong><em>CEU ALVARENGA<\/em><\/strong><\/span><br \/>\n<span style=\"color: #999999;\"><strong> Estrada do Alvarenga, 3.752<\/strong><\/span><br \/>\n<span style=\"color: #999999;\"><strong> Pedreira<\/strong><\/span><\/td>\n<td><span style=\"color: #999999;\"><strong><del>09h30<\/del><\/strong><\/span><\/td>\n<td>\n<h6><span style=\"color: #999999;\"><strong><a style=\"color: #999999;\" href=\"https:\/\/goo.gl\/maps\/maiIE\" target=\"_blank\">Veja Aqui<\/a><\/strong><\/span><\/h6>\n<\/td>\n<\/tr>\n<tr class=\"finalizado\">\n<td><span style=\"color: #999999;\"><strong><del>BUTANT\u00c3<\/del><\/strong><\/span><\/td>\n<td><span style=\"color: #999999;\"><strong><del>16\/05\/2015<\/del><\/strong><\/span><\/td>\n<td><span style=\"color: #999999;\"><strong><em>CEU BUTANT\u00c3<\/em><\/strong><\/span><br \/>\n<span style=\"color: #999999;\"><strong> Rua Eng. Heitor Ant\u00f4nio Eiras Garcia, 1.700 \/ 1.870<\/strong><\/span><br \/>\n<span style=\"color: #999999;\"><strong> Jardim Esmeralda<\/strong><\/span><\/td>\n<td><span style=\"color: #999999;\"><strong><del>09h30<\/del><\/strong><\/span><\/td>\n<td>\n<h6><span style=\"color: #999999;\"><strong><a style=\"color: #999999;\" href=\"https:\/\/goo.gl\/maps\/IxBE5\" target=\"_blank\">Veja Aqui<\/a><\/strong><\/span><\/h6>\n<\/td>\n<\/tr>\n<tr class=\"finalizado\">\n<td><span style=\"color: #999999;\"><strong><del>PINHEIROS<\/del><\/strong><\/span><\/td>\n<td><span style=\"color: #999999;\"><strong><del>22\/05\/2015<\/del><\/strong><\/span><\/td>\n<td><span style=\"color: #999999;\"><strong><em>COL\u00c9GIO DANTE ALIGHIERI<\/em><\/strong><\/span><br \/>\n<span style=\"color: #999999;\"><strong> Alameda Ja\u00fa, 1061<\/strong><\/span><br \/>\n<span style=\"color: #999999;\"><strong> Cerqueira C\u00e9sar<\/strong><\/span><\/td>\n<td><span style=\"color: #999999;\"><strong><del>18h30<\/del><\/strong><\/span><\/td>\n<td>\n<h6><span style=\"color: #999999;\"><strong><a style=\"color: #999999;\" href=\"https:\/\/goo.gl\/maps\/0Gy4J\" target=\"_blank\">Veja Aqui<\/a><\/strong><\/span><\/h6>\n<\/td>\n<\/tr>\n<tr class=\"finalizado\">\n<td><span style=\"color: #999999;\"><strong><del>ITAIM PAULISTA<\/del><\/strong><\/span><\/td>\n<td><span style=\"color: #999999;\"><strong><del>23\/05\/2015<\/del><\/strong><\/span><\/td>\n<td><span style=\"color: #999999;\"><strong><em>CEU PARQUE VEREDAS<\/em><\/strong><\/span><br \/>\n<span style=\"color: #999999;\"><strong> Rua Daniel Muller, 347<\/strong><\/span><br \/>\n<span style=\"color: #999999;\"><strong> Itaim Paulista<\/strong><\/span><\/td>\n<td><span style=\"color: #999999;\"><strong><del>09h30<\/del><\/strong><\/span><\/td>\n<td>\n<h6><span style=\"color: #999999;\"><strong><a style=\"color: #999999;\" href=\"https:\/\/goo.gl\/maps\/YPyRw\" target=\"_blank\">Veja Aqui<\/a><\/strong><\/span><\/h6>\n<\/td>\n<\/tr>\n<tr class=\"finalizado\">\n<td><span style=\"color: #999999;\"><strong><del>JABAQUARA<\/del><\/strong><\/span><\/td>\n<td><span style=\"color: #999999;\"><strong><del>30\/05\/2015<\/del><\/strong><\/span><\/td>\n<td width=\"246\"><span style=\"color: #999999;\"><strong><em>CEU CAMINHO DO MAR<\/em><\/strong><\/span><br \/>\n<span style=\"color: #999999;\"><strong> Rua Eng. Armando de Arruda Pereira, 5.241<\/strong><\/span><br \/>\n<span style=\"color: #999999;\"><strong> Jabaquara<\/strong><\/span><\/td>\n<td><span style=\"color: #999999;\"><strong><del>09h30<\/del><\/strong><\/span><\/td>\n<td>\n<h6><span style=\"color: #999999;\"><strong><a style=\"color: #999999;\" href=\"https:\/\/goo.gl\/maps\/DIWhN\" target=\"_blank\">Veja Aqui<\/a><\/strong><\/span><\/h6>\n<\/td>\n<\/tr>\n<tr class=\"finalizado\">\n<td><span style=\"color: #999999;\"><strong><del>CASA VERDE<\/del><\/strong><\/span><\/td>\n<td><span style=\"color: #999999;\"><strong><del>13\/06\/2015<\/del><\/strong><\/span><\/td>\n<td><span style=\"color: #999999;\"><strong><em>CENTRO CULTURAL DA JUVENTUDE<\/em><\/strong><\/span><br \/>\n<span style=\"color: #999999;\"><strong> Av. Deputado Em\u00edlio Carlos, 3641<\/strong><\/span><br \/>\n<span style=\"color: #999999;\"><strong> Vila Nova Cachoeirinha<\/strong><\/span><\/td>\n<td><span style=\"color: #999999;\"><strong><del>09h30<\/del><\/strong><\/span><\/td>\n<td>\n<h6><span style=\"color: #999999;\"><strong><a style=\"color: #999999;\" href=\"https:\/\/goo.gl\/maps\/7fdVw\" target=\"_blank\">Veja Aqui<\/a><\/strong><\/span><\/h6>\n<\/td>\n<\/tr>\n<tr class=\"finalizado\">\n<td><span style=\"color: #999999;\"><strong><del>ERMELINO MATARAZZO<\/del><\/strong><\/span><\/td>\n<td><span style=\"color: #999999;\"><strong><del>20\/06\/2015<\/del><\/strong><\/span><\/td>\n<td width=\"246\"><span style=\"color: #999999;\"><strong><em>CEU QUINTA DO SOL<\/em><\/strong><\/span><br \/>\n<span style=\"color: #999999;\"><strong> Av. Lu\u00eds Imparato, 564<\/strong><\/span><br \/>\n<span style=\"color: #999999;\"><strong> Canga\u00edba<\/strong><\/span><\/td>\n<td><span style=\"color: #999999;\"><strong><del>09h30<\/del><\/strong><\/span><\/td>\n<td>\n<h6><span style=\"color: #999999;\"><strong><a style=\"color: #999999;\" href=\"https:\/\/goo.gl\/maps\/feLOq\" target=\"_blank\">Veja Aqui<\/a><\/strong><\/span><\/h6>\n<\/td>\n<\/tr>\n<tr class=\"finalizado\">\n<td><span style=\"color: #999999;\"><strong><del>SAPOPEMBA<\/del><\/strong><\/span><\/td>\n<td><span style=\"color: #999999;\"><strong><del>27\/06\/2015<\/del><\/strong><\/span><\/td>\n<td><span style=\"color: #999999;\"><strong><em>CEU ROSA DA CHINA<\/em><\/strong><\/span><br \/>\n<span style=\"color: #999999;\"><strong> Rua Clara Petrela, 113<\/strong><\/span><br \/>\n<span style=\"color: #999999;\"><strong> Jardim S\u00e3o Roberto<\/strong><\/span><\/td>\n<td><span style=\"color: #999999;\"><strong><del>09h30<\/del><\/strong><\/span><\/td>\n<td>\n<h6><span style=\"color: #999999;\"><strong><a style=\"color: #999999;\" href=\"https:\/\/goo.gl\/maps\/VHrD2\" target=\"_blank\">Veja Aqui<\/a><\/strong><\/span><\/h6>\n<\/td>\n<\/tr>\n<tr class=\"finalizado\">\n<td><span style=\"color: #999999;\"><strong><del>PERUS<\/del><\/strong><\/span><\/td>\n<td><span style=\"color: #999999;\"><strong><del>08\/08\/2015<\/del><\/strong><\/span><\/td>\n<td><span style=\"color: #999999;\"><strong><em>CEU PERUS<\/em><\/strong><\/span><br \/>\n<span style=\"color: #999999;\"><strong> Rua Bernardo Jos\u00e9 de Lorena, s\/n\u00ba<\/strong><\/span><br \/>\n<span style=\"color: #999999;\"><strong> Perus<\/strong><\/span><\/td>\n<td><span style=\"color: #999999;\"><strong><del>09h30<\/del><\/strong><\/span><\/td>\n<td>\n<h6><span style=\"color: #999999;\"><strong><a style=\"color: #999999;\" href=\"https:\/\/goo.gl\/maps\/5S6zz\" target=\"_blank\">Veja Aqui<\/a><\/strong><\/span><\/h6>\n<\/td>\n<\/tr>\n<tr class=\"finalizado\">\n<td><span style=\"color: #999999;\"><strong><del>IPIRANGA<\/del><\/strong><\/span><\/td>\n<td><span style=\"color: #999999;\"><strong><del>15\/08\/2015<\/del><\/strong><\/span><\/td>\n<td><span style=\"color: #999999;\"><strong><em>CEU MENINOS<\/em><\/strong><\/span><br \/>\n<span style=\"color: #999999;\"><strong> Rua Barbinos, 111<\/strong><\/span><br \/>\n<span style=\"color: #999999;\"><strong> S\u00e3o Jo\u00e3o Cl\u00edmaco<\/strong><\/span><\/td>\n<td><span style=\"color: #999999;\"><strong><del>09h30<\/del><\/strong><\/span><\/td>\n<td>\n<h6><span style=\"color: #999999;\"><strong><a style=\"color: #999999;\" href=\"https:\/\/goo.gl\/maps\/DdFNM\" target=\"_blank\">Veja Aqui<\/a><\/strong><\/span><\/h6>\n<\/td>\n<\/tr>\n<tr class=\"finalizado\">\n<td><span style=\"color: #999999;\"><strong><del>ARICANDUVA \/<\/del><\/strong><\/span><br \/>\n<span style=\"color: #999999;\"><strong> <del>VILA FORMOSA<\/del><\/strong><\/span><\/td>\n<td><span style=\"color: #999999;\"><strong><del>22\/08\/2015<\/del><\/strong><\/span><\/td>\n<td><span style=\"color: #999999;\"><strong><em>CEU FORMOSA<\/em><\/strong><\/span><br \/>\n<span style=\"color: #999999;\"><strong> Rua Sargento Claudiner Evaristo Dias, 10<\/strong><\/span><br \/>\n<span style=\"color: #999999;\"><strong> Parque Santo Ant\u00f4nio \u2013 Vila Formosa<\/strong><\/span><\/td>\n<td><span style=\"color: #999999;\"><strong><del>09h30<\/del><\/strong><\/span><\/td>\n<td>\n<h6><span style=\"color: #999999;\"><strong><a style=\"color: #999999;\" href=\"https:\/\/goo.gl\/maps\/rTvdT\" target=\"_blank\">Veja Aqui<\/a><\/strong><\/span><\/h6>\n<\/td>\n<\/tr>\n<tr class=\"finalizado\">\n<td><span style=\"color: #999999;\"><strong><del>VILA MARIA \/<\/del><\/strong><\/span><br \/>\n<span style=\"color: #999999;\"><strong> <del>VILA GUILHERME<\/del><\/strong><\/span><\/td>\n<td><span style=\"color: #999999;\"><strong><del>29\/08\/2015<\/del><\/strong><\/span><\/td>\n<td><span style=\"color: #999999;\"><strong><em>CENTRO ED. ESP.THOMAZ MAZZONI<\/em><\/strong><\/span><br \/>\n<span style=\"color: #999999;\"><strong> Pra\u00e7a J\u00e2nio da Silva Quadros, 150 \u2013 Jardim Jap\u00e3o<\/strong><\/span><\/td>\n<td><span style=\"color: #999999;\"><strong><del>09h30<\/del><\/strong><\/span><\/td>\n<td>\n<h6><span style=\"color: #999999;\"><strong><a style=\"color: #999999;\" href=\"https:\/\/goo.gl\/maps\/gXCvV\" target=\"_blank\">Veja Aqui<\/a><\/strong><\/span><\/h6>\n<\/td>\n<\/tr>\n<tr class=\"finalizado\">\n<td><span style=\"color: #999999;\"><strong><del>M\u2019BOI MIRIM<\/del><\/strong><\/span><\/td>\n<td><span style=\"color: #999999;\"><strong><del>05\/09\/2015<\/del><\/strong><\/span><\/td>\n<td><span style=\"color: #999999;\"><strong><em>CEU GUARAPIRANGA<\/em><\/strong><\/span><br \/>\n<span style=\"color: #999999;\"><strong> Estrada da Baronesa, 1.120<\/strong><\/span><br \/>\n<span style=\"color: #999999;\"><strong> Jardim Kagohara<\/strong><\/span><\/td>\n<td><span style=\"color: #999999;\"><strong><del>09h30<\/del><\/strong><\/span><\/td>\n<td>\n<h6><span style=\"color: #999999;\"><strong><a style=\"color: #999999;\" href=\"https:\/\/goo.gl\/maps\/uR0JG\" target=\"_blank\">Veja Aqui<\/a><\/strong><\/span><\/h6>\n<\/td>\n<\/tr>\n<tr class=\"finalizado\">\n<td><span style=\"color: #999999;\"><strong><del>LAPA<\/del><\/strong><\/span><\/td>\n<td><span style=\"color: #999999;\"><strong><del>11\/09\/2015<\/del><\/strong><\/span><\/td>\n<td><span style=\"color: #999999;\"><strong><em>TENDAL DA LAPA<\/em><\/strong><\/span><br \/>\n<span style=\"color: #999999;\"><strong> Rua Constan\u00e7a, 72<\/strong><\/span><br \/>\n<span style=\"color: #999999;\"><strong> Lapa<\/strong><\/span><\/td>\n<td><span style=\"color: #999999;\"><strong><del>18h30<\/del><\/strong><\/span><\/td>\n<td>\n<h6><span style=\"color: #999999;\"><strong><a style=\"color: #999999;\" href=\"https:\/\/goo.gl\/maps\/9evKr\" target=\"_blank\">Veja Aqui<\/a><\/strong><\/span><\/h6>\n<\/td>\n<\/tr>\n<tr class=\"finalizado\">\n<td><span style=\"color: #999999;\"><strong><del>SANTO AMARO<\/del><\/strong><\/span><\/td>\n<td><span style=\"color: #999999;\"><strong><del>12\/09\/2015<\/del><\/strong><\/span><\/td>\n<td><span style=\"color: #999999;\"><strong><em>COL\u00c9GIO SANTA MARIA<\/em><\/strong><\/span><br \/>\n<span style=\"color: #999999;\"><strong> Av. Sargento Geraldo Santana, 901<\/strong><\/span><br \/>\n<span style=\"color: #999999;\"><strong> Jardim Taquaral<\/strong><\/span><\/td>\n<td><span style=\"color: #999999;\"><strong><del>09h30<\/del><\/strong><\/span><\/td>\n<td>\n<h6><span style=\"color: #999999;\"><strong><a style=\"color: #999999;\" href=\"https:\/\/goo.gl\/maps\/1pxDA\" target=\"_blank\">Veja Aqui<\/a><\/strong><\/span><\/h6>\n<\/td>\n<\/tr>\n<tr>\n<td><span style=\"color: #999999;\"><strong><del>ITAQUERA<\/del><\/strong><\/span><\/td>\n<td><span style=\"color: #999999;\"><strong><del>19\/09\/2015<\/del><\/strong><\/span><\/td>\n<td><span style=\"color: #999999;\"><strong><em>AUDIT\u00d3RIO DO CLUBE CORINTHIANS<\/em><\/strong><\/span><br \/>\n<span style=\"color: #999999;\"><strong> Av. Miguel In\u00e1cio Curi, 111<\/strong><\/span><br \/>\n<span style=\"color: #999999;\"><strong> Vila Carmosina<\/strong><\/span><\/td>\n<td><span style=\"color: #999999;\"><strong><del>09h30<\/del><\/strong><\/span><\/td>\n<td>\n<h6><span style=\"color: #999999;\"><strong><a style=\"color: #999999;\" href=\"https:\/\/goo.gl\/maps\/wYvBU\" target=\"_blank\">Veja Aqui<\/a><\/strong><\/span><\/h6>\n<\/td>\n<\/tr>\n<tr>\n<td><span style=\"color: #999999;\"><strong><del>FREGUESIA \/<\/del><\/strong><\/span><br \/>\n<span style=\"color: #999999;\"><strong> <del> BRASILANDIA<\/del><\/strong><\/span><\/td>\n<td><span style=\"color: #999999;\"><strong><del>26\/09\/2015<\/del><\/strong><\/span><\/td>\n<td><span style=\"color: #999999;\"><strong><em>CEU JARDIM PAULISTANO<\/em><\/strong><\/span><br \/>\n<span style=\"color: #999999;\"><strong> Rua Aparecida do Taboado, s\/n\u00ba<\/strong><\/span><br \/>\n<span style=\"color: #999999;\"><strong> Jardim Paulistano<\/strong><\/span><\/td>\n<td><span style=\"color: #999999;\"><strong><del>09h30<\/del><\/strong><\/span><\/td>\n<td>\n<h6><span style=\"color: #999999;\"><strong><a style=\"color: #999999;\" href=\"https:\/\/goo.gl\/maps\/fYfPQ\" target=\"_blank\">Veja Aqui<\/a><\/strong><\/span><\/h6>\n<\/td>\n<\/tr>\n<tr>\n<td><span style=\"color: #999999;\"><strong><del>MOOCA<\/del><\/strong><\/span><\/td>\n<td><span style=\"color: #999999;\"><strong><del>03\/10\/2015<\/del><\/strong><\/span><\/td>\n<td><span style=\"color: #999999;\"><strong><em>UNICIDE \u2013 UNIVERSIDADE CIDADE DE S\u00c3O PAULO<\/em><\/strong><\/span><br \/>\n<span style=\"color: #999999;\"><strong> Rua Ces\u00e1rio Galeno, 448 \/ 475<\/strong><\/span><br \/>\n<span style=\"color: #999999;\"><strong> Tatuap\u00e9<\/strong><\/span><\/td>\n<td><span style=\"color: #999999;\"><strong><del>09h30<\/del><\/strong><\/span><\/td>\n<td>\n<h6><span style=\"color: #999999;\"><strong><a style=\"color: #999999;\" href=\"https:\/\/www.google.com.br\/maps\/place\/Universidade+Cidade+de+S%C3%A3o+Paulo\/@-23.5361805,-46.5596322,18.67z\/data=!4m2!3m1!1s0x94ce5ef0d9a96c0f:0x4f7bda2bb5594d92!6m1!1e1?hl=pt-BR\" target=\"_blank\">Veja Aqui<\/a><\/strong><\/span><\/h6>\n<\/td>\n<\/tr>\n<tr>\n<td><span style=\"color: #999999;\"><strong><del>VILA MARIANA<\/del><\/strong><\/span><\/td>\n<td><span style=\"color: #999999;\"><strong><del>16\/10\/2015<\/del><\/strong><\/span><\/td>\n<td><span style=\"color: #999999;\"><strong><em>ASSOCIA\u00c7\u00c3O MIE<\/em><\/strong><\/span><br \/>\n<span style=\"color: #999999;\"><strong> Av. Lins de Vasconcelos, 3.352<\/strong><\/span><br \/>\n<span style=\"color: #999999;\"><strong> Vila Mariana<\/strong><\/span><\/td>\n<td><span style=\"color: #999999;\"><strong><del>18h30<\/del><\/strong><\/span><\/td>\n<td>\n<h6><span style=\"color: #999999;\"><strong><a style=\"color: #999999;\" href=\"https:\/\/goo.gl\/maps\/Iwb1m\" target=\"_blank\">Veja Aqui<\/a><\/strong><\/span><\/h6>\n<\/td>\n<\/tr>\n<tr>\n<td><span style=\"color: #999999;\"><strong><del>VILA PRUDENTE<\/del><\/strong><\/span><\/td>\n<td><span style=\"color: #999999;\"><strong><del>17\/10\/2015<\/del><\/strong><\/span><\/td>\n<td><span style=\"color: #999999;\"><strong><em>COL\u00c9GIO JO\u00c3O XXIII<\/em><\/strong><\/span><br \/>\n<span style=\"color: #999999;\"><strong> Rua Jos\u00e9 Zappi, 165<\/strong><\/span><br \/>\n<span style=\"color: #999999;\"><strong> Vila Prudente<\/strong><\/span><\/td>\n<td><span style=\"color: #999999;\"><strong><del>09h30<\/del><\/strong><\/span><\/td>\n<td>\n<h6><span style=\"color: #999999;\"><strong><a style=\"color: #999999;\" href=\"https:\/\/goo.gl\/maps\/j5s5x\" target=\"_blank\">Veja Aqui<\/a><\/strong><\/span><\/h6>\n<\/td>\n<\/tr>\n<tr>\n<td><span style=\"color: #999999;\"><strong><del>PENHA<\/del><\/strong><\/span><\/td>\n<td><span style=\"color: #999999;\"><strong><del>23\/10\/2015<\/del><\/strong><\/span><\/td>\n<td><span style=\"color: #999999;\"><strong><em>SUBPREFEITURA<\/em><\/strong><\/span><br \/>\n<span style=\"color: #999999;\"><strong> Rua Candapui, 492<\/strong><\/span><br \/>\n<span style=\"color: #999999;\"><strong> Vila Marieta<\/strong><\/span><\/td>\n<td><span style=\"color: #999999;\"><strong><del>18h30<\/del><\/strong><\/span><\/td>\n<td>\n<h6><span style=\"color: #999999;\"><strong><a style=\"color: #999999;\" href=\"https:\/\/www.google.com.br\/maps\/place\/R.+Candapu%C3%AD,+492+-+Vila+Marieta,+S%C3%A3o+Paulo+-+SP\/@-23.5185677,-46.5212372,18.67z\/data=!4m2!3m1!1s0x94ce5e25fee3b4cf:0xa735b1fb166f7ba5?hl=pt-BR\" target=\"_blank\">Veja Aqui<\/a><\/strong><\/span><\/h6>\n<\/td>\n<\/tr>\n<tr>\n<td><span style=\"color: #999999;\"><del><strong>PARELHEIROS<\/strong><\/del><\/span><\/td>\n<td><span style=\"color: #999999;\"><del>24\/10\/2015<\/del><\/span><\/td>\n<td><span style=\"color: #999999;\"><em><strong>CEU PARELHEIROS<\/strong><\/em><\/span><br \/>\n<span style=\"color: #999999;\"> Rua Jos\u00e9 Pedro de Borba, 20<\/span><br \/>\n<span style=\"color: #999999;\"> Jardim Novo Parelheiros<\/span><\/td>\n<td><span style=\"color: #999999;\"><del>09h30<\/del><\/span><\/td>\n<td>\n<h6><span style=\"color: #999999;\"><a style=\"color: #999999;\" href=\"https:\/\/goo.gl\/maps\/brhLE\" target=\"_blank\">Veja Aqui<\/a><\/span><\/h6>\n<\/td>\n<\/tr>\n<tr>\n<td><span style=\"color: #999999;\"><del><strong>S\u00c9<\/strong><\/del><\/span><\/td>\n<td><span style=\"color: #999999;\"><del>07\/11\/2015<\/del><\/span><\/td>\n<td><span style=\"color: #999999;\"><em><strong>UNINOVE VERGUEIRO<\/strong><\/em><\/span><br \/>\n<span style=\"color: #999999;\"> Rua Vergueiro, 235\/249<\/span><br \/>\n<span style=\"color: #999999;\"> Liberdade<\/span><\/td>\n<td><span style=\"color: #999999;\"><del>09h30<\/del><\/span><\/td>\n<td>\n<h6><span style=\"color: #999999;\"><a style=\"color: #999999;\" href=\"https:\/\/goo.gl\/maps\/I9hv6\" target=\"_blank\">Veja Aqui<\/a><\/span><\/h6>\n<\/td>\n<\/tr>\n<tr>\n<td><span style=\"color: #999999;\"><del><strong>CAPELA DO SOCORRO<\/strong><\/del><\/span><\/td>\n<td><span style=\"color: #999999;\"><del>14\/11\/2015<\/del><\/span><\/td>\n<td><span style=\"color: #999999;\"><em><strong>CEU CIDADE DUTRA<\/strong><\/em><\/span><br \/>\n<span style=\"color: #999999;\"> Av. Interlagos, 7.350<\/span><br \/>\n<span style=\"color: #999999;\"> Cidade Dutra<\/span><\/td>\n<td><span style=\"color: #999999;\"><del>09h30<\/del><\/span><\/td>\n<td>\n<h6><span style=\"color: #999999;\"><a style=\"color: #999999;\" href=\"https:\/\/goo.gl\/maps\/7pXfR\" target=\"_blank\">Veja Aqui<\/a><\/span><\/h6>\n<\/td>\n<\/tr>\n<tr>\n<td><span style=\"color: #999999;\"><del><strong>GUAIANAZES<\/strong><\/del><\/span><\/td>\n<td><span style=\"color: #999999;\"><del>28\/11\/2015<\/del><\/span><\/td>\n<td><span style=\"color: #999999;\"><em><strong>CEU JAMBEIRO<\/strong><\/em><\/span><br \/>\n<span style=\"color: #999999;\"> Av. Jos\u00e9 Pinheiro Borges, 60<\/span><br \/>\n<span style=\"color: #999999;\"> Guaianazes<\/span><\/td>\n<td><span style=\"color: #999999;\"><del>09h30<\/del><\/span><\/td>\n<td>\n<h6><a href=\"https:\/\/goo.gl\/maps\/DC0X9\" target=\"_blank\"><span style=\"color: #999999;\">Veja Aqu<\/span>i<\/a><\/h6>\n<\/td>\n<\/tr>\n<\/tbody>\n<\/table>\n<p>&nbsp;<\/p>\n","protected":false},"excerpt":{"rendered":"<p>Confira abaixo o cronograma realizado em 2015: SUBPREFEITURA DATA LOCAL DO EVENTO HOR\u00c1RIO COMO CHEGAR CAMPO LIMPO 07\/03\/2015 CEU CAMPO LIMPO Av. Carlos Lacerda, 678 Pirajussara 09h30 Veja Aqui S\u00c3O MIGUEL 14\/03\/2015 SUBPREFEITURA Rua Dona Ana Flora Pinheiro de Souza, 76 09h30 Veja Aqui PIRITUBA 21\/03\/2015 CEU PERA MARMELO Rua P\u00eara Marmelo, 226 Jaragu\u00e1 09h30&#8230;  <a class=\"excerpt-read-more\" href=\"https:\/\/homolog.saopaulo.sp.leg.br\/camaranoseubairro\/agenda\/\" title=\"Read Agenda\">Ler mais &raquo;<\/a><\/p>\n","protected":false},"author":59,"featured_media":0,"parent":0,"menu_order":41,"comment_status":"open","ping_status":"open","template":"","meta":{"_acf_changed":false,"ngg_post_thumbnail":0,"footnotes":""},"class_list":["post-5302","page","type-page","status-publish","hentry"],"acf":[],"_links":{"self":[{"href":"https:\/\/homolog.saopaulo.sp.leg.br\/camaranoseubairro\/wp-json\/wp\/v2\/pages\/5302","targetHints":{"allow":["GET"]}}],"collection":[{"href":"https:\/\/homolog.saopaulo.sp.leg.br\/camaranoseubairro\/wp-json\/wp\/v2\/pages"}],"about":[{"href":"https:\/\/homolog.saopaulo.sp.leg.br\/camaranoseubairro\/wp-json\/wp\/v2\/types\/page"}],"author":[{"embeddable":true,"href":"https:\/\/homolog.saopaulo.sp.leg.br\/camaranoseubairro\/wp-json\/wp\/v2\/users\/59"}],"replies":[{"embeddable":true,"href":"https:\/\/homolog.saopaulo.sp.leg.br\/camaranoseubairro\/wp-json\/wp\/v2\/comments?post=5302"}],"version-history":[{"count":5,"href":"https:\/\/homolog.saopaulo.sp.leg.br\/camaranoseubairro\/wp-json\/wp\/v2\/pages\/5302\/revisions"}],"predecessor-version":[{"id":6891,"href":"https:\/\/homolog.saopaulo.sp.leg.br\/camaranoseubairro\/wp-json\/wp\/v2\/pages\/5302\/revisions\/6891"}],"wp:attachment":[{"href":"https:\/\/homolog.saopaulo.sp.leg.br\/camaranoseubairro\/wp-json\/wp\/v2\/media?parent=5302"}],"curies":[{"name":"wp","href":"https:\/\/api.w.org\/{rel}","templated":true}]}}