{"id":5303,"date":"2015-03-05T11:27:13","date_gmt":"2015-03-05T14:27:13","guid":{"rendered":"http:\/\/homolog.saopaulo.sp.leg.br\/camaranoseubairro\/participe\/"},"modified":"2015-12-15T20:35:24","modified_gmt":"2015-12-15T20:35:24","slug":"participe","status":"publish","type":"page","link":"https:\/\/homolog.saopaulo.sp.leg.br\/camaranoseubairro\/participe\/","title":{"rendered":"Participe"},"content":{"rendered":"<p style=\"text-align: justify;\">O programa &#8220;<a href=\"http:\/\/homolog.saopaulo.sp.leg.br\/camaranoseubairro\/entenda\/\" target=\"_blank\">C\u00e2mara no Seu Bairro<\/a>&#8221; percorreu as 32 subprefeituras para ouvir sugest\u00f5es, ideias e demandas\u00a0da popula\u00e7\u00e3o.<\/p>\n<p style=\"text-align: justify;\">Em cada Sess\u00e3o P\u00fablica foram\u00a0distribu\u00eddos formul\u00e1rios para registro das demandas. Foram mais de 4600 demandas apresentadas pelos mais de 12 mil participantes do &#8220;C\u00e2mara no Seu Bairro&#8221;.<\/p>\n<p style=\"text-align: justify;\">\u00c9 a C\u00e2mara dos Vereadores de S\u00e3o Paulo indo ao seu encontro por uma cidade melhor.<\/p>\n<p style=\"text-align: justify;\"><img loading=\"lazy\" decoding=\"async\" class=\"alignnone\" src=\"http:\/\/homolog.saopaulo.sp.leg.br\/camaranoseubairro\/wp-content\/gallery\/pirituba\/CNSB_Pirituba_009.JPG\" alt=\"\" width=\"800\" height=\"533\" \/><\/p>\n<p>&nbsp;<\/p>\n","protected":false},"excerpt":{"rendered":"<p>O programa &#8220;C\u00e2mara no Seu Bairro&#8221; percorreu as 32 subprefeituras para ouvir sugest\u00f5es, ideias e demandas\u00a0da popula\u00e7\u00e3o. Em cada Sess\u00e3o P\u00fablica foram\u00a0distribu\u00eddos formul\u00e1rios para registro das demandas. Foram mais de 4600 demandas apresentadas pelos mais de 12 mil participantes do &#8220;C\u00e2mara no Seu Bairro&#8221;. \u00c9 a C\u00e2mara dos Vereadores de S\u00e3o Paulo indo ao seu&#8230;  <a class=\"excerpt-read-more\" href=\"https:\/\/homolog.saopaulo.sp.leg.br\/camaranoseubairro\/participe\/\" title=\"Read Participe\">Ler mais &raquo;<\/a><\/p>\n","protected":false},"author":59,"featured_media":0,"parent":0,"menu_order":4,"comment_status":"open","ping_status":"open","template":"","meta":{"_acf_changed":false,"ngg_post_thumbnail":0,"footnotes":""},"class_list":["post-5303","page","type-page","status-publish","hentry"],"acf":[],"_links":{"self":[{"href":"https:\/\/homolog.saopaulo.sp.leg.br\/camaranoseubairro\/wp-json\/wp\/v2\/pages\/5303","targetHints":{"allow":["GET"]}}],"collection":[{"href":"https:\/\/homolog.saopaulo.sp.leg.br\/camaranoseubairro\/wp-json\/wp\/v2\/pages"}],"about":[{"href":"https:\/\/homolog.saopaulo.sp.leg.br\/camaranoseubairro\/wp-json\/wp\/v2\/types\/page"}],"author":[{"embeddable":true,"href":"https:\/\/homolog.saopaulo.sp.leg.br\/camaranoseubairro\/wp-json\/wp\/v2\/users\/59"}],"replies":[{"embeddable":true,"href":"https:\/\/homolog.saopaulo.sp.leg.br\/camaranoseubairro\/wp-json\/wp\/v2\/comments?post=5303"}],"version-history":[{"count":3,"href":"https:\/\/homolog.saopaulo.sp.leg.br\/camaranoseubairro\/wp-json\/wp\/v2\/pages\/5303\/revisions"}],"predecessor-version":[{"id":6886,"href":"https:\/\/homolog.saopaulo.sp.leg.br\/camaranoseubairro\/wp-json\/wp\/v2\/pages\/5303\/revisions\/6886"}],"wp:attachment":[{"href":"https:\/\/homolog.saopaulo.sp.leg.br\/camaranoseubairro\/wp-json\/wp\/v2\/media?parent=5303"}],"curies":[{"name":"wp","href":"https:\/\/api.w.org\/{rel}","templated":true}]}}