{"id":1249,"date":"2020-05-12T11:37:32","date_gmt":"2020-05-12T14:37:32","guid":{"rendered":"http:\/\/homolog.saopaulo.sp.leg.br\/coronavirus\/?page_id=1249"},"modified":"2022-03-07T16:52:02","modified_gmt":"2022-03-07T19:52:02","slug":"acoes-da-camara-no-combate-ao-covid-19","status":"publish","type":"page","link":"https:\/\/homolog.saopaulo.sp.leg.br\/coronavirus\/acoes-da-camara-no-combate-ao-covid-19\/","title":{"rendered":"A\u00e7\u00f5es da C\u00e2mara no combate \u00e0 Covid-19"},"content":{"rendered":"<div class=\"lead\" style=\"text-align: center\">\n<p>Conhe\u00e7a as a\u00e7\u00f5es da C\u00e2mara no enfrentamento da pandemia<\/p>\n<\/div>\n<div style=\"margin: 40px auto 65px;text-align: center;max-width: 680px\">\n<p><iframe loading=\"lazy\" title=\"Coronavirus: Juntos vamos vencer esta luta\" width=\"680\" height=\"383\" src=\"https:\/\/www.youtube.com\/embed\/JS3shuam2qI?feature=oembed\" frameborder=\"0\" allow=\"accelerometer; autoplay; clipboard-write; encrypted-media; gyroscope; picture-in-picture\" allowfullscreen><\/iframe><\/p>\n<\/div>\n<div style=\"margin: 40px auto 65px;text-align: center;max-width: 640px\">\n<div style=\"width: 640px;\" class=\"wp-video\"><video class=\"wp-video-shortcode\" id=\"video-1249-1\" width=\"640\" height=\"352\" preload=\"metadata\" controls=\"controls\"><source type=\"video\/mp4\" src=\"https:\/\/homolog.saopaulo.sp.leg.br\/coronavirus\/wp-content\/uploads\/sites\/33\/2020\/05\/CMSP-no-combate-ao-Coronavirus.mp4?_=1\" \/><a href=\"https:\/\/homolog.saopaulo.sp.leg.br\/coronavirus\/wp-content\/uploads\/sites\/33\/2020\/05\/CMSP-no-combate-ao-Coronavirus.mp4\">https:\/\/homolog.saopaulo.sp.leg.br\/coronavirus\/wp-content\/uploads\/sites\/33\/2020\/05\/CMSP-no-combate-ao-Coronavirus.mp4<\/a><\/video><\/div>\n<\/div>\n","protected":false},"excerpt":{"rendered":"<p>Conhe\u00e7a as a\u00e7\u00f5es da C\u00e2mara no enfrentamento da pandemia<\/p>\n","protected":false},"author":544,"featured_media":0,"parent":0,"menu_order":0,"comment_status":"closed","ping_status":"closed","template":"page-acoes.php","meta":{"_acf_changed":false,"footnotes":""},"class_list":["post-1249","page","type-page","status-publish","hentry"],"acf":[],"yoast_head":"<!-- This site is optimized with the Yoast SEO plugin v27.4 - https:\/\/yoast.com\/product\/yoast-seo-wordpress\/ -->\r\n<title>A\u00e7\u00f5es da C\u00e2mara no combate \u00e0 Covid-19 - Coronav\u00edrus<\/title>\r\n<meta name=\"robots\" content=\"noindex, follow, max-snippet:-1, max-image-preview:large, max-video-preview:-1\" \/>\r\n<meta property=\"og:locale\" content=\"pt_BR\" \/>\r\n<meta property=\"og:type\" content=\"article\" \/>\r\n<meta property=\"og:title\" content=\"A\u00e7\u00f5es da C\u00e2mara no combate \u00e0 Covid-19 - Coronav\u00edrus\" \/>\r\n<meta property=\"og:description\" content=\"Conhe\u00e7a as a\u00e7\u00f5es da C\u00e2mara no enfrentamento da pandemia\" \/>\r\n<meta property=\"og:url\" content=\"https:\/\/www.saopaulo.sp.leg.br\/coronavirus\/acoes-da-camara-no-combate-ao-covid-19\/\" \/>\r\n<meta property=\"og:site_name\" content=\"Coronav\u00edrus\" \/>\r\n<meta property=\"article:modified_time\" content=\"2022-03-07T19:52:02+00:00\" \/>\r\n<meta name=\"twitter:card\" content=\"summary_large_image\" \/>\r\n<meta name=\"twitter:label1\" content=\"Est. tempo de leitura\" \/>\n\t<meta name=\"twitter:data1\" content=\"17 minutos\" \/>\r\n<script type=\"application\/ld+json\" class=\"yoast-schema-graph\">{\"@context\":\"https:\\\/\\\/schema.org\",\"@graph\":[{\"@type\":\"WebPage\",\"@id\":\"https:\\\/\\\/www.saopaulo.sp.leg.br\\\/coronavirus\\\/acoes-da-camara-no-combate-ao-covid-19\\\/\",\"url\":\"https:\\\/\\\/www.saopaulo.sp.leg.br\\\/coronavirus\\\/acoes-da-camara-no-combate-ao-covid-19\\\/\",\"name\":\"A\u00e7\u00f5es da C\u00e2mara no combate \u00e0 Covid-19 - Coronav\u00edrus\",\"isPartOf\":{\"@id\":\"https:\\\/\\\/homolog.saopaulo.sp.leg.br\\\/coronavirus\\\/#website\"},\"datePublished\":\"2020-05-12T14:37:32+00:00\",\"dateModified\":\"2022-03-07T19:52:02+00:00\",\"breadcrumb\":{\"@id\":\"https:\\\/\\\/www.saopaulo.sp.leg.br\\\/coronavirus\\\/acoes-da-camara-no-combate-ao-covid-19\\\/#breadcrumb\"},\"inLanguage\":\"pt-BR\",\"potentialAction\":[{\"@type\":\"ReadAction\",\"target\":[\"https:\\\/\\\/www.saopaulo.sp.leg.br\\\/coronavirus\\\/acoes-da-camara-no-combate-ao-covid-19\\\/\"]}]},{\"@type\":\"BreadcrumbList\",\"@id\":\"https:\\\/\\\/www.saopaulo.sp.leg.br\\\/coronavirus\\\/acoes-da-camara-no-combate-ao-covid-19\\\/#breadcrumb\",\"itemListElement\":[{\"@type\":\"ListItem\",\"position\":1,\"name\":\"In\u00edcio\",\"item\":\"https:\\\/\\\/homolog.saopaulo.sp.leg.br\\\/coronavirus\\\/\"},{\"@type\":\"ListItem\",\"position\":2,\"name\":\"A\u00e7\u00f5es da C\u00e2mara no combate \u00e0 Covid-19\"}]},{\"@type\":\"WebSite\",\"@id\":\"https:\\\/\\\/homolog.saopaulo.sp.leg.br\\\/coronavirus\\\/#website\",\"url\":\"https:\\\/\\\/homolog.saopaulo.sp.leg.br\\\/coronavirus\\\/\",\"name\":\"Coronav\u00edrus\",\"description\":\"Informa\u00e7\u00e3o no combate ao COVID-19\",\"potentialAction\":[{\"@type\":\"SearchAction\",\"target\":{\"@type\":\"EntryPoint\",\"urlTemplate\":\"https:\\\/\\\/homolog.saopaulo.sp.leg.br\\\/coronavirus\\\/?s={search_term_string}\"},\"query-input\":{\"@type\":\"PropertyValueSpecification\",\"valueRequired\":true,\"valueName\":\"search_term_string\"}}],\"inLanguage\":\"pt-BR\"}]}<\/script>\r\n<!-- \/ Yoast SEO plugin. -->","yoast_head_json":{"title":"A\u00e7\u00f5es da C\u00e2mara no combate \u00e0 Covid-19 - Coronav\u00edrus","robots":{"index":"noindex","follow":"follow","max-snippet":"max-snippet:-1","max-image-preview":"max-image-preview:large","max-video-preview":"max-video-preview:-1"},"og_locale":"pt_BR","og_type":"article","og_title":"A\u00e7\u00f5es da C\u00e2mara no combate \u00e0 Covid-19 - Coronav\u00edrus","og_description":"Conhe\u00e7a as a\u00e7\u00f5es da C\u00e2mara no enfrentamento da pandemia","og_url":"https:\/\/www.saopaulo.sp.leg.br\/coronavirus\/acoes-da-camara-no-combate-ao-covid-19\/","og_site_name":"Coronav\u00edrus","article_modified_time":"2022-03-07T19:52:02+00:00","twitter_card":"summary_large_image","twitter_misc":{"Est. tempo de leitura":"17 minutos"},"schema":{"@context":"https:\/\/schema.org","@graph":[{"@type":"WebPage","@id":"https:\/\/www.saopaulo.sp.leg.br\/coronavirus\/acoes-da-camara-no-combate-ao-covid-19\/","url":"https:\/\/www.saopaulo.sp.leg.br\/coronavirus\/acoes-da-camara-no-combate-ao-covid-19\/","name":"A\u00e7\u00f5es da C\u00e2mara no combate \u00e0 Covid-19 - Coronav\u00edrus","isPartOf":{"@id":"https:\/\/homolog.saopaulo.sp.leg.br\/coronavirus\/#website"},"datePublished":"2020-05-12T14:37:32+00:00","dateModified":"2022-03-07T19:52:02+00:00","breadcrumb":{"@id":"https:\/\/www.saopaulo.sp.leg.br\/coronavirus\/acoes-da-camara-no-combate-ao-covid-19\/#breadcrumb"},"inLanguage":"pt-BR","potentialAction":[{"@type":"ReadAction","target":["https:\/\/www.saopaulo.sp.leg.br\/coronavirus\/acoes-da-camara-no-combate-ao-covid-19\/"]}]},{"@type":"BreadcrumbList","@id":"https:\/\/www.saopaulo.sp.leg.br\/coronavirus\/acoes-da-camara-no-combate-ao-covid-19\/#breadcrumb","itemListElement":[{"@type":"ListItem","position":1,"name":"In\u00edcio","item":"https:\/\/homolog.saopaulo.sp.leg.br\/coronavirus\/"},{"@type":"ListItem","position":2,"name":"A\u00e7\u00f5es da C\u00e2mara no combate \u00e0 Covid-19"}]},{"@type":"WebSite","@id":"https:\/\/homolog.saopaulo.sp.leg.br\/coronavirus\/#website","url":"https:\/\/homolog.saopaulo.sp.leg.br\/coronavirus\/","name":"Coronav\u00edrus","description":"Informa\u00e7\u00e3o no combate ao COVID-19","potentialAction":[{"@type":"SearchAction","target":{"@type":"EntryPoint","urlTemplate":"https:\/\/homolog.saopaulo.sp.leg.br\/coronavirus\/?s={search_term_string}"},"query-input":{"@type":"PropertyValueSpecification","valueRequired":true,"valueName":"search_term_string"}}],"inLanguage":"pt-BR"}]}},"_links":{"self":[{"href":"https:\/\/homolog.saopaulo.sp.leg.br\/coronavirus\/wp-json\/wp\/v2\/pages\/1249","targetHints":{"allow":["GET"]}}],"collection":[{"href":"https:\/\/homolog.saopaulo.sp.leg.br\/coronavirus\/wp-json\/wp\/v2\/pages"}],"about":[{"href":"https:\/\/homolog.saopaulo.sp.leg.br\/coronavirus\/wp-json\/wp\/v2\/types\/page"}],"author":[{"embeddable":true,"href":"https:\/\/homolog.saopaulo.sp.leg.br\/coronavirus\/wp-json\/wp\/v2\/users\/544"}],"replies":[{"embeddable":true,"href":"https:\/\/homolog.saopaulo.sp.leg.br\/coronavirus\/wp-json\/wp\/v2\/comments?post=1249"}],"version-history":[{"count":5,"href":"https:\/\/homolog.saopaulo.sp.leg.br\/coronavirus\/wp-json\/wp\/v2\/pages\/1249\/revisions"}],"predecessor-version":[{"id":4442,"href":"https:\/\/homolog.saopaulo.sp.leg.br\/coronavirus\/wp-json\/wp\/v2\/pages\/1249\/revisions\/4442"}],"wp:attachment":[{"href":"https:\/\/homolog.saopaulo.sp.leg.br\/coronavirus\/wp-json\/wp\/v2\/media?parent=1249"}],"curies":[{"name":"wp","href":"https:\/\/api.w.org\/{rel}","templated":true}]}}