{"id":1394,"date":"2020-05-18T19:02:18","date_gmt":"2020-05-18T22:02:18","guid":{"rendered":"http:\/\/homolog.saopaulo.sp.leg.br\/coronavirus\/?page_id=1394"},"modified":"2021-02-11T12:25:18","modified_gmt":"2021-02-11T15:25:18","slug":"legislacao","status":"publish","type":"page","link":"https:\/\/homolog.saopaulo.sp.leg.br\/coronavirus\/legislacao\/","title":{"rendered":"Legisla\u00e7\u00e3o"},"content":{"rendered":"<h2>Leis relacionadas ao Coronav\u00edrus<\/h2>\n<div class=\"lead\">Com o objetivo de aumentar a transpar\u00eancia e facilitar o acesso da popula\u00e7\u00e3o \u00e0s medidas tomadas pelo poder p\u00fablico de S\u00e3o Paulo no enfrentamento ao coronav\u00edrus (Covid-19) na cidade, o <a href=\"https:\/\/app-plpconsulta-prd.azurewebsites.net\/Forms\/PesquisaEstruturada?Covid=1\" target=\"_blank\" rel=\"noopener noreferrer\">Portal da Legisla\u00e7\u00e3o Paulistana<\/a> criou uma \u00e1rea exclusiva destinada ao tema. Se referem \u00e0s leis relacionadas ao coronav\u00edrus.<\/div>\n<div class=\"lead\">Vinculado \u00e0 <a href=\"http:\/\/homolog.saopaulo.sp.leg.br\/institucional\/procuradoria\/\" target=\"_blank\" rel=\"noopener noreferrer\">Procuradoria Geral<\/a> da C\u00e2mara Municipal de S\u00e3o Paulo, \u00f3rg\u00e3o de representa\u00e7\u00e3o judicial e de consultoria jur\u00eddica do legislativo da cidade, o portal re\u00fane a toda a legisla\u00e7\u00e3o municipal, como leis, decretos, decretos legislativos, emendas \u00e0 Lei Org\u00e2nica, resolu\u00e7\u00f5es e atos atualizados diariamente.<\/div>\n<div class=\"lead\"><span style=\"font-size:0.75em;line-height:0.5em;font-weight:bolder\">Obs: Tabela atualizada nos dias \u00fateis \u00e0s 10h e 16h. Para verifica\u00e7\u00e3o em tempo real, clique <a href=\"https:\/\/app-plpconsulta-prd.azurewebsites.net\/Forms\/PesquisaEstruturada?Covid=1\" target=\"_blank\" rel=\"noopener noreferrer\">aqui<\/a>.<\/span><\/div>\n","protected":false},"excerpt":{"rendered":"<p>Leis relacionadas ao Coronav\u00edrus Com o objetivo de aumentar a transpar\u00eancia e facilitar o acesso da popula\u00e7\u00e3o \u00e0s medidas tomadas pelo poder p\u00fablico de S\u00e3o Paulo no enfrentamento ao coronav\u00edrus (Covid-19) na cidade, o Portal da Legisla\u00e7\u00e3o Paulistana criou uma \u00e1rea exclusiva destinada ao tema. Se referem \u00e0s leis relacionadas ao coronav\u00edrus. Vinculado \u00e0 Procuradoria&#8230;  <a class=\"excerpt-read-more\" href=\"https:\/\/homolog.saopaulo.sp.leg.br\/coronavirus\/legislacao\/\" title=\"Read Legisla\u00e7\u00e3o\">Ler mais &raquo;<\/a><\/p>\n","protected":false},"author":630,"featured_media":0,"parent":0,"menu_order":0,"comment_status":"closed","ping_status":"closed","template":"page-legislacao.php","meta":{"_acf_changed":false,"footnotes":""},"class_list":["post-1394","page","type-page","status-publish","hentry"],"acf":[],"yoast_head":"<!-- This site is optimized with the Yoast SEO plugin v27.4 - https:\/\/yoast.com\/product\/yoast-seo-wordpress\/ -->\r\n<title>Legisla\u00e7\u00e3o - Coronav\u00edrus<\/title>\r\n<meta name=\"robots\" content=\"noindex, follow, max-snippet:-1, max-image-preview:large, max-video-preview:-1\" \/>\r\n<meta property=\"og:locale\" content=\"pt_BR\" \/>\r\n<meta property=\"og:type\" content=\"article\" \/>\r\n<meta property=\"og:title\" content=\"Legisla\u00e7\u00e3o - Coronav\u00edrus\" \/>\r\n<meta property=\"og:description\" content=\"Leis relacionadas ao Coronav\u00edrus Com o objetivo de aumentar a transpar\u00eancia e facilitar o acesso da popula\u00e7\u00e3o \u00e0s medidas tomadas pelo poder p\u00fablico de S\u00e3o Paulo no enfrentamento ao coronav\u00edrus (Covid-19) na cidade, o Portal da Legisla\u00e7\u00e3o Paulistana criou uma \u00e1rea exclusiva destinada ao tema. Se referem \u00e0s leis relacionadas ao coronav\u00edrus. Vinculado \u00e0 Procuradoria... Ler mais &raquo;\" \/>\r\n<meta property=\"og:url\" content=\"https:\/\/www.saopaulo.sp.leg.br\/coronavirus\/legislacao\/\" \/>\r\n<meta property=\"og:site_name\" content=\"Coronav\u00edrus\" \/>\r\n<meta property=\"article:modified_time\" content=\"2021-02-11T15:25:18+00:00\" \/>\r\n<meta name=\"twitter:card\" content=\"summary_large_image\" \/>\r\n<meta name=\"twitter:label1\" content=\"Est. tempo de leitura\" \/>\n\t<meta name=\"twitter:data1\" content=\"1 minuto\" \/>\r\n<script type=\"application\/ld+json\" class=\"yoast-schema-graph\">{\"@context\":\"https:\\\/\\\/schema.org\",\"@graph\":[{\"@type\":\"WebPage\",\"@id\":\"https:\\\/\\\/www.saopaulo.sp.leg.br\\\/coronavirus\\\/legislacao\\\/\",\"url\":\"https:\\\/\\\/www.saopaulo.sp.leg.br\\\/coronavirus\\\/legislacao\\\/\",\"name\":\"Legisla\u00e7\u00e3o - Coronav\u00edrus\",\"isPartOf\":{\"@id\":\"https:\\\/\\\/homolog.saopaulo.sp.leg.br\\\/coronavirus\\\/#website\"},\"datePublished\":\"2020-05-18T22:02:18+00:00\",\"dateModified\":\"2021-02-11T15:25:18+00:00\",\"breadcrumb\":{\"@id\":\"https:\\\/\\\/www.saopaulo.sp.leg.br\\\/coronavirus\\\/legislacao\\\/#breadcrumb\"},\"inLanguage\":\"pt-BR\",\"potentialAction\":[{\"@type\":\"ReadAction\",\"target\":[\"https:\\\/\\\/www.saopaulo.sp.leg.br\\\/coronavirus\\\/legislacao\\\/\"]}]},{\"@type\":\"BreadcrumbList\",\"@id\":\"https:\\\/\\\/www.saopaulo.sp.leg.br\\\/coronavirus\\\/legislacao\\\/#breadcrumb\",\"itemListElement\":[{\"@type\":\"ListItem\",\"position\":1,\"name\":\"In\u00edcio\",\"item\":\"https:\\\/\\\/homolog.saopaulo.sp.leg.br\\\/coronavirus\\\/\"},{\"@type\":\"ListItem\",\"position\":2,\"name\":\"Legisla\u00e7\u00e3o\"}]},{\"@type\":\"WebSite\",\"@id\":\"https:\\\/\\\/homolog.saopaulo.sp.leg.br\\\/coronavirus\\\/#website\",\"url\":\"https:\\\/\\\/homolog.saopaulo.sp.leg.br\\\/coronavirus\\\/\",\"name\":\"Coronav\u00edrus\",\"description\":\"Informa\u00e7\u00e3o no combate ao COVID-19\",\"potentialAction\":[{\"@type\":\"SearchAction\",\"target\":{\"@type\":\"EntryPoint\",\"urlTemplate\":\"https:\\\/\\\/homolog.saopaulo.sp.leg.br\\\/coronavirus\\\/?s={search_term_string}\"},\"query-input\":{\"@type\":\"PropertyValueSpecification\",\"valueRequired\":true,\"valueName\":\"search_term_string\"}}],\"inLanguage\":\"pt-BR\"}]}<\/script>\r\n<!-- \/ Yoast SEO plugin. -->","yoast_head_json":{"title":"Legisla\u00e7\u00e3o - Coronav\u00edrus","robots":{"index":"noindex","follow":"follow","max-snippet":"max-snippet:-1","max-image-preview":"max-image-preview:large","max-video-preview":"max-video-preview:-1"},"og_locale":"pt_BR","og_type":"article","og_title":"Legisla\u00e7\u00e3o - Coronav\u00edrus","og_description":"Leis relacionadas ao Coronav\u00edrus Com o objetivo de aumentar a transpar\u00eancia e facilitar o acesso da popula\u00e7\u00e3o \u00e0s medidas tomadas pelo poder p\u00fablico de S\u00e3o Paulo no enfrentamento ao coronav\u00edrus (Covid-19) na cidade, o Portal da Legisla\u00e7\u00e3o Paulistana criou uma \u00e1rea exclusiva destinada ao tema. Se referem \u00e0s leis relacionadas ao coronav\u00edrus. Vinculado \u00e0 Procuradoria... Ler mais &raquo;","og_url":"https:\/\/www.saopaulo.sp.leg.br\/coronavirus\/legislacao\/","og_site_name":"Coronav\u00edrus","article_modified_time":"2021-02-11T15:25:18+00:00","twitter_card":"summary_large_image","twitter_misc":{"Est. tempo de leitura":"1 minuto"},"schema":{"@context":"https:\/\/schema.org","@graph":[{"@type":"WebPage","@id":"https:\/\/www.saopaulo.sp.leg.br\/coronavirus\/legislacao\/","url":"https:\/\/www.saopaulo.sp.leg.br\/coronavirus\/legislacao\/","name":"Legisla\u00e7\u00e3o - Coronav\u00edrus","isPartOf":{"@id":"https:\/\/homolog.saopaulo.sp.leg.br\/coronavirus\/#website"},"datePublished":"2020-05-18T22:02:18+00:00","dateModified":"2021-02-11T15:25:18+00:00","breadcrumb":{"@id":"https:\/\/www.saopaulo.sp.leg.br\/coronavirus\/legislacao\/#breadcrumb"},"inLanguage":"pt-BR","potentialAction":[{"@type":"ReadAction","target":["https:\/\/www.saopaulo.sp.leg.br\/coronavirus\/legislacao\/"]}]},{"@type":"BreadcrumbList","@id":"https:\/\/www.saopaulo.sp.leg.br\/coronavirus\/legislacao\/#breadcrumb","itemListElement":[{"@type":"ListItem","position":1,"name":"In\u00edcio","item":"https:\/\/homolog.saopaulo.sp.leg.br\/coronavirus\/"},{"@type":"ListItem","position":2,"name":"Legisla\u00e7\u00e3o"}]},{"@type":"WebSite","@id":"https:\/\/homolog.saopaulo.sp.leg.br\/coronavirus\/#website","url":"https:\/\/homolog.saopaulo.sp.leg.br\/coronavirus\/","name":"Coronav\u00edrus","description":"Informa\u00e7\u00e3o no combate ao COVID-19","potentialAction":[{"@type":"SearchAction","target":{"@type":"EntryPoint","urlTemplate":"https:\/\/homolog.saopaulo.sp.leg.br\/coronavirus\/?s={search_term_string}"},"query-input":{"@type":"PropertyValueSpecification","valueRequired":true,"valueName":"search_term_string"}}],"inLanguage":"pt-BR"}]}},"_links":{"self":[{"href":"https:\/\/homolog.saopaulo.sp.leg.br\/coronavirus\/wp-json\/wp\/v2\/pages\/1394","targetHints":{"allow":["GET"]}}],"collection":[{"href":"https:\/\/homolog.saopaulo.sp.leg.br\/coronavirus\/wp-json\/wp\/v2\/pages"}],"about":[{"href":"https:\/\/homolog.saopaulo.sp.leg.br\/coronavirus\/wp-json\/wp\/v2\/types\/page"}],"author":[{"embeddable":true,"href":"https:\/\/homolog.saopaulo.sp.leg.br\/coronavirus\/wp-json\/wp\/v2\/users\/630"}],"replies":[{"embeddable":true,"href":"https:\/\/homolog.saopaulo.sp.leg.br\/coronavirus\/wp-json\/wp\/v2\/comments?post=1394"}],"version-history":[{"count":4,"href":"https:\/\/homolog.saopaulo.sp.leg.br\/coronavirus\/wp-json\/wp\/v2\/pages\/1394\/revisions"}],"predecessor-version":[{"id":3248,"href":"https:\/\/homolog.saopaulo.sp.leg.br\/coronavirus\/wp-json\/wp\/v2\/pages\/1394\/revisions\/3248"}],"wp:attachment":[{"href":"https:\/\/homolog.saopaulo.sp.leg.br\/coronavirus\/wp-json\/wp\/v2\/media?parent=1394"}],"curies":[{"name":"wp","href":"https:\/\/api.w.org\/{rel}","templated":true}]}}