{"id":1150,"date":"2020-06-30T08:48:20","date_gmt":"2020-06-30T11:48:20","guid":{"rendered":"http:\/\/homolog.saopaulo.sp.leg.br\/biblioteca-novo\/?page_id=1150"},"modified":"2023-08-07T18:14:15","modified_gmt":"2023-08-07T21:14:15","slug":"documentacao-do-legislativo","status":"publish","type":"page","link":"https:\/\/homolog.saopaulo.sp.leg.br\/documentacao\/a-secretaria-de-documentacao\/documentacao-do-legislativo\/","title":{"rendered":"Documenta\u00e7\u00e3o do Legislativo"},"content":{"rendered":"<p>A Documenta\u00e7\u00e3o do Legislativo \u00e9 respons\u00e1vel pela coleta, reuni\u00e3o, registro, organiza\u00e7\u00e3o e disponibiliza\u00e7\u00e3o de documentos e informa\u00e7\u00f5es que a C\u00e2mara Municipal produz em sua atividade legislativa.<\/p>\n<p>Os textos compilados de maneira corrente pela Equipe incluem:<\/p>\n<ul>\n<li>Os projetos apresentados pelos vereadores (projetos de lei, de decreto legislativo, de emenda \u00e0 Lei Org\u00e2nica, de resolu\u00e7\u00e3o) e seus documentos correlatos (pareceres, vetos, substitutivos, emendas, mensagens aditivas, cartas de lei promulgadas);<\/li>\n<li>Os projetos de lei apresentados pela Prefeitura Municipal e pelo Tribunal de Contas do Munic\u00edpio e seus documentos correlatos;<\/li>\n<li>Os anais e atas da C\u00e2mara Municipal, incluindo transcri\u00e7\u00f5es em texto das sess\u00f5es plen\u00e1rias (pronunciamentos e discursos dos vereadores);<\/li>\n<li>As audi\u00eancias p\u00fablicas realizadas pela C\u00e2mara (transcri\u00e7\u00e3o em texto dos pronunciamentos dos participantes);<\/li>\n<li>Legisla\u00e7\u00e3o e outras normas geradas pela pr\u00f3pria C\u00e2mara (leis, decretos legislativos, emendas \u00e0 Lei Org\u00e2nica, resolu\u00e7\u00f5es, atos e decis\u00f5es da Mesa Diretora) e tamb\u00e9m os decretos gerados pela Prefeitura;<\/li>\n<li>Documentos produzidos pelas Comiss\u00f5es Tempor\u00e1rias da C\u00e2mara &#8211; requerimentos e relat\u00f3rios de Comiss\u00f5es Parlamentares de Inqu\u00e9rito (CPI), Comiss\u00f5es Especiais de Estudo (CEE) e Comiss\u00f5es Processantes (CP);<\/li>\n<li>Dados das contas p\u00fablicas do munic\u00edpio, relativas \u00e0 Prefeitura, Tribunal de Contas do Munic\u00edpio e \u00e0 pr\u00f3pria C\u00e2mara.<\/li>\n<\/ul>\n<div id=\"attachment_2860\" style=\"width: 690px\" class=\"wp-caption aligncenter\"><img loading=\"lazy\" decoding=\"async\" aria-describedby=\"caption-attachment-2860\" class=\"wp-image-2860 size-large\" src=\"https:\/\/homolog.saopaulo.sp.leg.br\/documentacao\/wp-content\/uploads\/sites\/34\/2023\/08\/52992250233_fca0fdb3b3_c-1024x683.jpg\" alt=\"\" width=\"680\" height=\"454\" srcset=\"https:\/\/homolog.saopaulo.sp.leg.br\/documentacao\/wp-content\/uploads\/sites\/34\/2023\/08\/52992250233_fca0fdb3b3_c-1024x683.jpg 1024w, https:\/\/homolog.saopaulo.sp.leg.br\/documentacao\/wp-content\/uploads\/sites\/34\/2023\/08\/52992250233_fca0fdb3b3_c-300x200.jpg 300w, https:\/\/homolog.saopaulo.sp.leg.br\/documentacao\/wp-content\/uploads\/sites\/34\/2023\/08\/52992250233_fca0fdb3b3_c-768x512.jpg 768w, https:\/\/homolog.saopaulo.sp.leg.br\/documentacao\/wp-content\/uploads\/sites\/34\/2023\/08\/52992250233_fca0fdb3b3_c-1536x1024.jpg 1536w, https:\/\/homolog.saopaulo.sp.leg.br\/documentacao\/wp-content\/uploads\/sites\/34\/2023\/08\/52992250233_fca0fdb3b3_c-180x120.jpg 180w, https:\/\/homolog.saopaulo.sp.leg.br\/documentacao\/wp-content\/uploads\/sites\/34\/2023\/08\/52992250233_fca0fdb3b3_c.jpg 2048w\" sizes=\"auto, (max-width: 680px) 100vw, 680px\" \/><p id=\"caption-attachment-2860\" class=\"wp-caption-text\">Documenta\u00e7\u00e3o do Legislativo &#8211; Atendimento I Cr\u00e9dito: Andr\u00e9 Bueno \/ Rede C\u00e2mara SP<\/p><\/div>\n<ul>\n<li>O foco do trabalho da Documenta\u00e7\u00e3o do Legislativo est\u00e1 em agilizar o acesso aos textos publicados no Di\u00e1rio Oficial da Cidade de S\u00e3o Paulo, filtrando os dados mais relevantes. A coleta e guarda da \u00edntegra dos processos legislativos relativos a esses documentos \u00e9 de responsabilidade do <a style=\"background-color: #ffffff\" href=\"..\/..\/quem-somos\/arquivo-geral\/\">Arquivo Geral<\/a>.<\/li>\n<\/ul>\n<p>Os textos coletados est\u00e3o registrados em documentos em vers\u00e3o digital inseridos em bases de dados. Nestas bases, os documentos podem ser acessados pelos seus dados caracter\u00edsticos (por exemplo: autores de projetos, n\u00fameros de leis, etc.) e, na maioria dos casos, tamb\u00e9m por termos de assunto (palavras-chave que permitem buscas pelo assunto dos documentos).<\/p>\n<p>Esta documenta\u00e7\u00e3o engloba n\u00e3o apenas os textos da produ\u00e7\u00e3o corrente atualmente em vigor como tamb\u00e9m textos de valor hist\u00f3rico. A legisla\u00e7\u00e3o municipal abrange textos de normas desde o in\u00edcio do Per\u00edodo Republicano (o acervo possui leis desde 1892) e os anais e atas da C\u00e2mara Municipal incluem textos desde o Per\u00edodo Colonial (o acervo inclui atas desde 1562). <a href=\"..\/..\/pesquisa\/\">Todo este material est\u00e1 dispon\u00edvel e pode ser acessado pela Internet<\/a>.<\/p>\n<div id=\"attachment_2859\" style=\"width: 690px\" class=\"wp-caption aligncenter\"><img loading=\"lazy\" decoding=\"async\" aria-describedby=\"caption-attachment-2859\" class=\"wp-image-2859 size-large\" src=\"https:\/\/homolog.saopaulo.sp.leg.br\/documentacao\/wp-content\/uploads\/sites\/34\/2023\/08\/52991928099_cde311ec8e_c-1024x683.jpg\" alt=\"Atas CMSP v.1 1562-1596 e Anais CMSP 2004\" width=\"680\" height=\"454\" srcset=\"https:\/\/homolog.saopaulo.sp.leg.br\/documentacao\/wp-content\/uploads\/sites\/34\/2023\/08\/52991928099_cde311ec8e_c-1024x683.jpg 1024w, https:\/\/homolog.saopaulo.sp.leg.br\/documentacao\/wp-content\/uploads\/sites\/34\/2023\/08\/52991928099_cde311ec8e_c-300x200.jpg 300w, https:\/\/homolog.saopaulo.sp.leg.br\/documentacao\/wp-content\/uploads\/sites\/34\/2023\/08\/52991928099_cde311ec8e_c-768x512.jpg 768w, https:\/\/homolog.saopaulo.sp.leg.br\/documentacao\/wp-content\/uploads\/sites\/34\/2023\/08\/52991928099_cde311ec8e_c-1536x1024.jpg 1536w, https:\/\/homolog.saopaulo.sp.leg.br\/documentacao\/wp-content\/uploads\/sites\/34\/2023\/08\/52991928099_cde311ec8e_c-180x120.jpg 180w, https:\/\/homolog.saopaulo.sp.leg.br\/documentacao\/wp-content\/uploads\/sites\/34\/2023\/08\/52991928099_cde311ec8e_c.jpg 2048w\" sizes=\"auto, (max-width: 680px) 100vw, 680px\" \/><p id=\"caption-attachment-2859\" class=\"wp-caption-text\">Atas CMSP v.1 1562-1596 e Anais CMSP 2004 | Cr\u00e9dito: Andr\u00e9 Bueno | Rede C\u00e2mara SP<\/p><\/div>\n<p>Al\u00e9m de tudo isso, a Equipe de Documenta\u00e7\u00e3o do Legislativo est\u00e1 a postos para auxiliar no que for necess\u00e1rio para a realiza\u00e7\u00e3o de pesquisas em seu acervo. A assist\u00eancia oferecida pelos funcion\u00e1rios da Equipe inclui:<\/p>\n<ul>\n<li>Orienta\u00e7\u00e3o sobre como consultar as bases de dados;<\/li>\n<li>Atendimento de consultas presenciais;<\/li>\n<li>Atendimento de consultas por telefone e e-mail;<\/li>\n<li>Realiza\u00e7\u00e3o de pesquisas de maior complexidade.<\/li>\n<\/ul>\n<p>Todos esses servi\u00e7os s\u00e3o prestados tanto para usu\u00e1rios internos da C\u00e2mara Municipal quanto para o p\u00fablico em geral. Para fazer solicita\u00e7\u00f5es ou tirar d\u00favidas, \u00e9 s\u00f3 entrar em contato com a <a href=\"..\/..\/fale-conosco\/\">Equipe de Documenta\u00e7\u00e3o do Legislativo<\/a>.<\/p>\n","protected":false},"excerpt":{"rendered":"<p>A Documenta\u00e7\u00e3o do Legislativo \u00e9 respons\u00e1vel pela coleta, reuni\u00e3o, registro, organiza\u00e7\u00e3o e disponibiliza\u00e7\u00e3o de documentos e informa\u00e7\u00f5es que a C\u00e2mara Municipal produz em sua atividade legislativa. Os textos compilados de&#8230;  <a class=\"excerpt-read-more\" href=\"https:\/\/homolog.saopaulo.sp.leg.br\/documentacao\/a-secretaria-de-documentacao\/documentacao-do-legislativo\/\" title=\"Leia Documenta\u00e7\u00e3o do Legislativo\">Leia mais &raquo;<\/a><\/p>\n","protected":false},"author":544,"featured_media":0,"parent":1138,"menu_order":0,"comment_status":"closed","ping_status":"closed","template":"","meta":{"_acf_changed":false,"footnotes":""},"class_list":["post-1150","page","type-page","status-publish","hentry"],"acf":[],"yoast_head":"<!-- This site is optimized with the Yoast SEO plugin v27.4 - https:\/\/yoast.com\/product\/yoast-seo-wordpress\/ -->\r\n<title>Documenta\u00e7\u00e3o do Legislativo - Biblioteca e Documenta\u00e7\u00e3o<\/title>\r\n<meta name=\"robots\" content=\"noindex, follow, max-snippet:-1, max-image-preview:large, max-video-preview:-1\" \/>\r\n<meta property=\"og:locale\" content=\"pt_BR\" \/>\r\n<meta property=\"og:type\" content=\"article\" \/>\r\n<meta property=\"og:title\" content=\"Documenta\u00e7\u00e3o do Legislativo - Biblioteca e Documenta\u00e7\u00e3o\" \/>\r\n<meta property=\"og:description\" content=\"A Documenta\u00e7\u00e3o do Legislativo \u00e9 respons\u00e1vel pela coleta, reuni\u00e3o, registro, organiza\u00e7\u00e3o e disponibiliza\u00e7\u00e3o de documentos e informa\u00e7\u00f5es que a C\u00e2mara Municipal produz em sua atividade legislativa. Os textos compilados de... Leia mais &raquo;\" \/>\r\n<meta property=\"og:url\" content=\"https:\/\/www.saopaulo.sp.leg.br\/documentacao\/a-secretaria-de-documentacao\/documentacao-do-legislativo\/\" \/>\r\n<meta property=\"og:site_name\" content=\"Biblioteca e Documenta\u00e7\u00e3o\" \/>\r\n<meta property=\"article:modified_time\" content=\"2023-08-07T21:14:15+00:00\" \/>\r\n<meta property=\"og:image\" content=\"https:\/\/www.saopaulo.sp.leg.br\/documentacao\/wp-content\/uploads\/sites\/34\/2023\/08\/52992250233_fca0fdb3b3_c-1024x683.jpg\" \/>\r\n<meta name=\"twitter:card\" content=\"summary_large_image\" \/>\r\n<meta name=\"twitter:label1\" content=\"Est. tempo de leitura\" \/>\n\t<meta name=\"twitter:data1\" content=\"4 minutos\" \/>\r\n<script type=\"application\/ld+json\" class=\"yoast-schema-graph\">{\"@context\":\"https:\\\/\\\/schema.org\",\"@graph\":[{\"@type\":\"WebPage\",\"@id\":\"https:\\\/\\\/www.saopaulo.sp.leg.br\\\/documentacao\\\/a-secretaria-de-documentacao\\\/documentacao-do-legislativo\\\/\",\"url\":\"https:\\\/\\\/www.saopaulo.sp.leg.br\\\/documentacao\\\/a-secretaria-de-documentacao\\\/documentacao-do-legislativo\\\/\",\"name\":\"Documenta\u00e7\u00e3o do Legislativo - Biblioteca e Documenta\u00e7\u00e3o\",\"isPartOf\":{\"@id\":\"https:\\\/\\\/homolog.saopaulo.sp.leg.br\\\/documentacao\\\/#website\"},\"primaryImageOfPage\":{\"@id\":\"https:\\\/\\\/www.saopaulo.sp.leg.br\\\/documentacao\\\/a-secretaria-de-documentacao\\\/documentacao-do-legislativo\\\/#primaryimage\"},\"image\":{\"@id\":\"https:\\\/\\\/www.saopaulo.sp.leg.br\\\/documentacao\\\/a-secretaria-de-documentacao\\\/documentacao-do-legislativo\\\/#primaryimage\"},\"thumbnailUrl\":\"https:\\\/\\\/homolog.saopaulo.sp.leg.br\\\/documentacao\\\/wp-content\\\/uploads\\\/sites\\\/34\\\/2023\\\/08\\\/52992250233_fca0fdb3b3_c-1024x683.jpg\",\"datePublished\":\"2020-06-30T11:48:20+00:00\",\"dateModified\":\"2023-08-07T21:14:15+00:00\",\"breadcrumb\":{\"@id\":\"https:\\\/\\\/www.saopaulo.sp.leg.br\\\/documentacao\\\/a-secretaria-de-documentacao\\\/documentacao-do-legislativo\\\/#breadcrumb\"},\"inLanguage\":\"pt-BR\",\"potentialAction\":[{\"@type\":\"ReadAction\",\"target\":[\"https:\\\/\\\/www.saopaulo.sp.leg.br\\\/documentacao\\\/a-secretaria-de-documentacao\\\/documentacao-do-legislativo\\\/\"]}]},{\"@type\":\"ImageObject\",\"inLanguage\":\"pt-BR\",\"@id\":\"https:\\\/\\\/www.saopaulo.sp.leg.br\\\/documentacao\\\/a-secretaria-de-documentacao\\\/documentacao-do-legislativo\\\/#primaryimage\",\"url\":\"https:\\\/\\\/homolog.saopaulo.sp.leg.br\\\/documentacao\\\/wp-content\\\/uploads\\\/sites\\\/34\\\/2023\\\/08\\\/52992250233_fca0fdb3b3_c-1024x683.jpg\",\"contentUrl\":\"https:\\\/\\\/homolog.saopaulo.sp.leg.br\\\/documentacao\\\/wp-content\\\/uploads\\\/sites\\\/34\\\/2023\\\/08\\\/52992250233_fca0fdb3b3_c-1024x683.jpg\"},{\"@type\":\"BreadcrumbList\",\"@id\":\"https:\\\/\\\/www.saopaulo.sp.leg.br\\\/documentacao\\\/a-secretaria-de-documentacao\\\/documentacao-do-legislativo\\\/#breadcrumb\",\"itemListElement\":[{\"@type\":\"ListItem\",\"position\":1,\"name\":\"In\u00edcio\",\"item\":\"https:\\\/\\\/www.saopaulo.sp.leg.br\\\/documentacao\\\/\"},{\"@type\":\"ListItem\",\"position\":2,\"name\":\"A Secretaria de Documenta\u00e7\u00e3o\",\"item\":\"https:\\\/\\\/www.saopaulo.sp.leg.br\\\/documentacao\\\/a-secretaria-de-documentacao\\\/\"},{\"@type\":\"ListItem\",\"position\":3,\"name\":\"Documenta\u00e7\u00e3o do Legislativo\"}]},{\"@type\":\"WebSite\",\"@id\":\"https:\\\/\\\/homolog.saopaulo.sp.leg.br\\\/documentacao\\\/#website\",\"url\":\"https:\\\/\\\/homolog.saopaulo.sp.leg.br\\\/documentacao\\\/\",\"name\":\"Biblioteca e Documenta\u00e7\u00e3o\",\"description\":\"Secretaria de Documenta\u00e7\u00e3o\",\"potentialAction\":[{\"@type\":\"SearchAction\",\"target\":{\"@type\":\"EntryPoint\",\"urlTemplate\":\"https:\\\/\\\/homolog.saopaulo.sp.leg.br\\\/documentacao\\\/?s={search_term_string}\"},\"query-input\":{\"@type\":\"PropertyValueSpecification\",\"valueRequired\":true,\"valueName\":\"search_term_string\"}}],\"inLanguage\":\"pt-BR\"}]}<\/script>\r\n<!-- \/ Yoast SEO plugin. -->","yoast_head_json":{"title":"Documenta\u00e7\u00e3o do Legislativo - Biblioteca e Documenta\u00e7\u00e3o","robots":{"index":"noindex","follow":"follow","max-snippet":"max-snippet:-1","max-image-preview":"max-image-preview:large","max-video-preview":"max-video-preview:-1"},"og_locale":"pt_BR","og_type":"article","og_title":"Documenta\u00e7\u00e3o do Legislativo - Biblioteca e Documenta\u00e7\u00e3o","og_description":"A Documenta\u00e7\u00e3o do Legislativo \u00e9 respons\u00e1vel pela coleta, reuni\u00e3o, registro, organiza\u00e7\u00e3o e disponibiliza\u00e7\u00e3o de documentos e informa\u00e7\u00f5es que a C\u00e2mara Municipal produz em sua atividade legislativa. Os textos compilados de... Leia mais &raquo;","og_url":"https:\/\/www.saopaulo.sp.leg.br\/documentacao\/a-secretaria-de-documentacao\/documentacao-do-legislativo\/","og_site_name":"Biblioteca e Documenta\u00e7\u00e3o","article_modified_time":"2023-08-07T21:14:15+00:00","og_image":[{"url":"https:\/\/www.saopaulo.sp.leg.br\/documentacao\/wp-content\/uploads\/sites\/34\/2023\/08\/52992250233_fca0fdb3b3_c-1024x683.jpg","type":"","width":"","height":""}],"twitter_card":"summary_large_image","twitter_misc":{"Est. tempo de leitura":"4 minutos"},"schema":{"@context":"https:\/\/schema.org","@graph":[{"@type":"WebPage","@id":"https:\/\/www.saopaulo.sp.leg.br\/documentacao\/a-secretaria-de-documentacao\/documentacao-do-legislativo\/","url":"https:\/\/www.saopaulo.sp.leg.br\/documentacao\/a-secretaria-de-documentacao\/documentacao-do-legislativo\/","name":"Documenta\u00e7\u00e3o do Legislativo - Biblioteca e Documenta\u00e7\u00e3o","isPartOf":{"@id":"https:\/\/homolog.saopaulo.sp.leg.br\/documentacao\/#website"},"primaryImageOfPage":{"@id":"https:\/\/www.saopaulo.sp.leg.br\/documentacao\/a-secretaria-de-documentacao\/documentacao-do-legislativo\/#primaryimage"},"image":{"@id":"https:\/\/www.saopaulo.sp.leg.br\/documentacao\/a-secretaria-de-documentacao\/documentacao-do-legislativo\/#primaryimage"},"thumbnailUrl":"https:\/\/homolog.saopaulo.sp.leg.br\/documentacao\/wp-content\/uploads\/sites\/34\/2023\/08\/52992250233_fca0fdb3b3_c-1024x683.jpg","datePublished":"2020-06-30T11:48:20+00:00","dateModified":"2023-08-07T21:14:15+00:00","breadcrumb":{"@id":"https:\/\/www.saopaulo.sp.leg.br\/documentacao\/a-secretaria-de-documentacao\/documentacao-do-legislativo\/#breadcrumb"},"inLanguage":"pt-BR","potentialAction":[{"@type":"ReadAction","target":["https:\/\/www.saopaulo.sp.leg.br\/documentacao\/a-secretaria-de-documentacao\/documentacao-do-legislativo\/"]}]},{"@type":"ImageObject","inLanguage":"pt-BR","@id":"https:\/\/www.saopaulo.sp.leg.br\/documentacao\/a-secretaria-de-documentacao\/documentacao-do-legislativo\/#primaryimage","url":"https:\/\/homolog.saopaulo.sp.leg.br\/documentacao\/wp-content\/uploads\/sites\/34\/2023\/08\/52992250233_fca0fdb3b3_c-1024x683.jpg","contentUrl":"https:\/\/homolog.saopaulo.sp.leg.br\/documentacao\/wp-content\/uploads\/sites\/34\/2023\/08\/52992250233_fca0fdb3b3_c-1024x683.jpg"},{"@type":"BreadcrumbList","@id":"https:\/\/www.saopaulo.sp.leg.br\/documentacao\/a-secretaria-de-documentacao\/documentacao-do-legislativo\/#breadcrumb","itemListElement":[{"@type":"ListItem","position":1,"name":"In\u00edcio","item":"https:\/\/www.saopaulo.sp.leg.br\/documentacao\/"},{"@type":"ListItem","position":2,"name":"A Secretaria de Documenta\u00e7\u00e3o","item":"https:\/\/www.saopaulo.sp.leg.br\/documentacao\/a-secretaria-de-documentacao\/"},{"@type":"ListItem","position":3,"name":"Documenta\u00e7\u00e3o do Legislativo"}]},{"@type":"WebSite","@id":"https:\/\/homolog.saopaulo.sp.leg.br\/documentacao\/#website","url":"https:\/\/homolog.saopaulo.sp.leg.br\/documentacao\/","name":"Biblioteca e Documenta\u00e7\u00e3o","description":"Secretaria de Documenta\u00e7\u00e3o","potentialAction":[{"@type":"SearchAction","target":{"@type":"EntryPoint","urlTemplate":"https:\/\/homolog.saopaulo.sp.leg.br\/documentacao\/?s={search_term_string}"},"query-input":{"@type":"PropertyValueSpecification","valueRequired":true,"valueName":"search_term_string"}}],"inLanguage":"pt-BR"}]}},"_links":{"self":[{"href":"https:\/\/homolog.saopaulo.sp.leg.br\/documentacao\/wp-json\/wp\/v2\/pages\/1150","targetHints":{"allow":["GET"]}}],"collection":[{"href":"https:\/\/homolog.saopaulo.sp.leg.br\/documentacao\/wp-json\/wp\/v2\/pages"}],"about":[{"href":"https:\/\/homolog.saopaulo.sp.leg.br\/documentacao\/wp-json\/wp\/v2\/types\/page"}],"author":[{"embeddable":true,"href":"https:\/\/homolog.saopaulo.sp.leg.br\/documentacao\/wp-json\/wp\/v2\/users\/544"}],"replies":[{"embeddable":true,"href":"https:\/\/homolog.saopaulo.sp.leg.br\/documentacao\/wp-json\/wp\/v2\/comments?post=1150"}],"version-history":[{"count":5,"href":"https:\/\/homolog.saopaulo.sp.leg.br\/documentacao\/wp-json\/wp\/v2\/pages\/1150\/revisions"}],"predecessor-version":[{"id":2942,"href":"https:\/\/homolog.saopaulo.sp.leg.br\/documentacao\/wp-json\/wp\/v2\/pages\/1150\/revisions\/2942"}],"up":[{"embeddable":true,"href":"https:\/\/homolog.saopaulo.sp.leg.br\/documentacao\/wp-json\/wp\/v2\/pages\/1138"}],"wp:attachment":[{"href":"https:\/\/homolog.saopaulo.sp.leg.br\/documentacao\/wp-json\/wp\/v2\/media?parent=1150"}],"curies":[{"name":"wp","href":"https:\/\/api.w.org\/{rel}","templated":true}]}}