{"id":1381,"date":"2020-10-21T10:37:29","date_gmt":"2020-10-21T13:37:29","guid":{"rendered":"http:\/\/homolog.saopaulo.sp.leg.br\/biblioteca-novo\/?page_id=1381"},"modified":"2024-08-02T13:14:54","modified_gmt":"2024-08-02T16:14:54","slug":"atas-e-anais","status":"publish","type":"page","link":"https:\/\/homolog.saopaulo.sp.leg.br\/documentacao\/pesquisa\/atas-e-anais\/","title":{"rendered":"Atas e Anais"},"content":{"rendered":"<p>As Atas e Anais s\u00e3o registros das atividades da C\u00e2mara Municipal de S\u00e3o Paulo desde a sua funda\u00e7\u00e3o. As Atas abrangem registros do per\u00edodo colonial at\u00e9 o in\u00edcio do s\u00e9culo 20. Os Anais apresentam as transcri\u00e7\u00f5es das sess\u00f5es plen\u00e1rias, incluindo os discursos dos vereadores, do in\u00edcio do s\u00e9culo 20 em diante.<\/p>\n<p>A<b> base de dados das Atas e Anais da C\u00e2mara Municipal<\/b> cont\u00e9m informa\u00e7\u00f5es destes documentos e os textos integrais digitalizados em arquivos no formato PDF pesquis\u00e1vel. Est\u00e3o inclu\u00eddos:<\/p>\n<ul>\n<li><b>Atas da C\u00e2mara de Santo Andr\u00e9 da Borda do Campo (de 1555 a 1560)<\/b> \u2013 Registros das atividades. Neste per\u00edodo, S\u00e3o Paulo (ent\u00e3o povoa\u00e7\u00e3o de S\u00e3o Paulo de Piratininga) fazia parte da vila de Santo Andr\u00e9.<\/li>\n<li><b>Atas da C\u00e2mara de S\u00e3o Paulo (de 1562 a 1903)<\/b> \u2013 Registros das atividades.<\/li>\n<li><b>Anais da C\u00e2mara de S\u00e3o Paulo (a partir de 1904)<\/b> \u2013 \u00cdntegra das sess\u00f5es plen\u00e1rias.<\/li>\n<\/ul>\n<p>\u00c9 poss\u00edvel pesquisar pelo formul\u00e1rio de <a href=\"https:\/\/homolog.saopaulo.sp.leg.br\/memoria\/atas-e-anais-da-camara-municipal-2\/\" target=\"_blank\" rel=\"noopener\">busca r\u00e1pida<\/a> ou pela <a href=\"https:\/\/homolog.saopaulo.sp.leg.br\/atas_anais_cmsp\/\" target=\"_blank\" rel=\"noopener\">busca textual avan\u00e7ada<\/a>.<\/p>\n<p>Para o registro das sess\u00f5es plen\u00e1rias ordin\u00e1rias e extraordin\u00e1rias que ainda n\u00e3o foram publicadas no Di\u00e1rio Oficial do Munic\u00edpio, acesse o\u00a0<a href=\"https:\/\/app-spregistroconsulta-prd.azurewebsites.net\/\" target=\"_blank\" rel=\"noopener\">SPRegistro<\/a>.<\/p>\n<div class=\"box-instrucoes\">\n<h3>COMO PESQUISAR<\/h3>\n<p class=\"accordion\">Busca r\u00e1pida: instru\u00e7\u00f5es gerais<\/p>\n<div class=\"panel\">\n<ul>\n<li><b>Se a pesquisa n\u00e3o estiver aparecendo, verifique seu bloqueador de pop-ups.<\/b><\/li>\n<li>Na \u00e1rea <b>\u201cTipo de consulta\u201d<\/b> pode-se escolher entre fazer a pesquisa por volume publicado (onde pode haver mais de uma sess\u00e3o plen\u00e1ria) ou por sess\u00e3o plen\u00e1ria espec\u00edfica.<\/li>\n<li><b>Para apresenta\u00e7\u00e3o dos resultados da busca, clique em \u201cBuscar\u201d.<\/b><\/li>\n<li>Para esvaziar as caixas de busca e realizar uma nova pesquisa, clique em <b>\u201cLimpar\u201d<\/b>.<\/li>\n<\/ul>\n<p>Na \u00e1rea \u201cTexto de consulta\u201d, siga estas instru\u00e7\u00f5es:<\/p>\n<ul>\n<li><b>N\u00e3o utilize barras (\/) ou hifens (-)<\/b> entre as palavras.<\/li>\n<li>Use o s\u00edmbolo de truncagem &#8220;$&#8221; (cifr\u00e3o) para pesquisar palavras com mesma raiz. Exemplo: &#8220;papel$&#8221; recupera &#8220;papel&#8221;, &#8220;papel\u00e3o&#8221;, &#8220;papeleiro&#8221;, etc.<\/li>\n<li>N\u00e3o digite operadores booleanos (AND, OR, AND NOT, E, OU, N\u00c3O) na caixa de pesquisa. A pesquisa atual recupera todos os termos (AND, E).<\/li>\n<li>Para busca de express\u00e3o ou frase, utilize aspas. Ex.: <b>&#8220;marco zero&#8221;<\/b>.<\/li>\n<\/ul>\n<\/div>\n<p class=\"accordion\">Pesquisa por data<\/p>\n<div class=\"panel\">\n<ul>\n<li>Digite a <b>Data in\u00edcio (por exemplo: 01\/01\/1640)<\/b> e a <b>Data fim (por exemplo: 31\/12\/1650)<\/b> para selecionar um per\u00edodo de tempo para a busca.<\/li>\n<li>Deixe a caixa de <strong>\u201cTexto da consulta\u201d<\/strong> em branco.<\/li>\n<li>Clique em <strong>\u201cBuscar\u201d<\/strong>. Aparecer\u00e1 o resultado da pesquisa com a lista do(s) volume(s) encontrado(s) que cont\u00eam o per\u00edodo solicitado.<\/li>\n<li>Ao clicar em <strong>cada volume da lista de resultados<\/strong>, abre-se o arquivo em PDF com o texto integral do volume.<\/li>\n<li>\u00c9 poss\u00edvel pesquisar o conte\u00fado de um volume apertando as teclas <strong>&#8220;ctrl&#8221;<\/strong> e <strong>&#8220;f&#8221;<\/strong> simultaneamente: ao surgir a caixa de pesquisa, digite o termo que deseja localizar.<\/li>\n<\/ul>\n<\/div>\n<p class=\"accordion\">Pesquisa por assunto<\/p>\n<div class=\"panel\">\n<ul>\n<li>Digite o termo que quer localizar na caixa <strong>\u201cTexto de consulta\u201d<\/strong>.<\/li>\n<li>Clique em <strong>\u201cBuscar\u201d<\/strong>. Aparecer\u00e1 o resultado da pesquisa com a lista do(s) volume(s) encontrado(s) que cont\u00eam o per\u00edodo solicitado.<\/li>\n<li>Ao clicar em <strong>cada volume da lista de resultados<\/strong>, abre-se o arquivo em PDF com o texto integral do volume.<\/li>\n<li>\u00c9 poss\u00edvel pesquisar o conte\u00fado de um volume apertando as teclas <strong>\u201cctrl\u201d<\/strong> e <strong>\u201cf\u201d<\/strong> simultaneamente: ao surgir a caixa de pesquisa, digite o termo que deseja localizar.<\/li>\n<\/ul>\n<p>Como a busca \u00e9 feita em todos os volumes dispon\u00edveis, ela pode recuperar uma quantidade muito grande de itens. Para restringir a quantidade de resultados, pode-se indicar um per\u00edodo de tempo nas \u00e1reas <strong>&#8220;Data in\u00edcio&#8221;<\/strong> e <strong>&#8220;Data fim&#8221;<\/strong>. Pode-se tamb\u00e9m refazer a pesquisa incluindo mais termos que delimitem melhor a pesquisa.<\/p>\n<p>Outro elemento complicador \u00e9 a ortografia dos documentos. As Atas foram transcritas a partir dos manuscritos originais, que utilizam abreviaturas, vocabul\u00e1rio e grafia de \u00e9poca, o que pode comprometer a busca por palavras.<\/p>\n<\/div>\n<p class=\"accordion\">Pesquisa por sess\u00e3o<\/p>\n<div class=\"panel\">\n<ul>\n<li>Para localizar uma sess\u00e3o plen\u00e1ria espec\u00edfica, digite na caixa de pesquisa <strong>\u201cN\u00famero de sess\u00e3o\u201d<\/strong> o n\u00famero da sess\u00e3o procurada.<\/li>\n<li>Para delimitar o resultado, indicar <strong>Data in\u00edcio e Data fim<\/strong>, se houver.<\/li>\n<li>Em <strong>\u201cTipo de consulta\u201d<\/strong>, clique em <strong>\u201cpor sess\u00e3o\u201d<\/strong>.<\/li>\n<li>Clique em <strong>\u201cBuscar\u201d<\/strong>. Aparecer\u00e1 o resultado da pesquisa com a lista do(s) volume(s) encontrado(s) que cont\u00eam o per\u00edodo solicitado.<\/li>\n<li>Ao clicar em <strong>cada volume da lista de resultados<\/strong>, abre-se o arquivo em PDF com o texto integral do volume.<\/li>\n<li>\u00c9 poss\u00edvel pesquisar o conte\u00fado de um volume apertando as teclas <strong>\u201cctrl\u201d<\/strong> e <strong>\u201cf\u201d<\/strong> simultaneamente: ao surgir a caixa de pesquisa, digite o termo que deseja localizar.<\/li>\n<\/ul>\n<\/div>\n<p class=\"accordion\">Busca textual avan\u00e7ada<\/p>\n<div class=\"panel\">\n<p>Para busca textual avan\u00e7ada, consulte as <a href=\"https:\/\/homolog.saopaulo.sp.leg.br\/memoria\/wp-content\/uploads\/sites\/20\/2020\/01\/Base-Atas-e-Anais-CMSP-Orienta%25C3%25A7%25C3%25B5es.pdf\" target=\"_blank\" rel=\"noopener\">Orienta\u00e7\u00f5es<\/a>.<\/p>\n<p><strong>IMPORTANTE:<\/strong><\/p>\n<ul>\n<li>As Atas originais manuscritas encontram-se sob a guarda do <a href=\"https:\/\/www.prefeitura.sp.gov.br\/cidade\/secretarias\/cultura\/arquivo_historico\/\" target=\"_blank\" rel=\"noopener\">Arquivo Hist\u00f3rico Municipal<\/a>. Seu conte\u00fado foi transcrito e publicado em volumes, dos quais a Secretaria de Documenta\u00e7\u00e3o possui exemplares em seu acervo. Estes exemplares foram digitalizados e est\u00e3o disponibilizados nesta base de dados.<\/li>\n<li>Para busca textual avan\u00e7ada, consulte as <a href=\"https:\/\/homolog.saopaulo.sp.leg.br\/memoria\/wp-content\/uploads\/sites\/20\/2020\/01\/Base-Atas-e-Anais-CMSP-Orienta%25C3%25A7%25C3%25B5es.pdf\" target=\"_blank\" rel=\"noopener\">Orienta\u00e7\u00f5es<\/a>.<\/li>\n<li>Registros atuais das sess\u00f5es plen\u00e1rias ordin\u00e1rias e extraordin\u00e1rias, com busca por data, podem ser tamb\u00e9m acessados em <a href=\"http:\/\/homolog.saopaulo.sp.leg.br\/atividade-legislativa\/sessao-plenaria\/registro-das-sessoes\/\" target=\"_blank\" rel=\"noopener\">Registro Parlamentar<\/a>.<\/li>\n<li>N\u00e3o consta haver atas remanescentes ou registro de atividades legislativas nos seguintes per\u00edodos: 1559 a 1561; 1565 a 1571; 1574; 1605; 1803 a 1807; 1931 a 1935; 1938 a 1947.<\/li>\n<li>Para consultar os Anais da Assembleia Municipal Constituinte de 1989-1990, <a href=\"https:\/\/homolog.saopaulo.sp.leg.br\/atas_anais_cmsp\/\" target=\"_blank\" rel=\"noopener\">clique aqui<\/a>.<\/li>\n<\/ul>\n<\/div>\n<\/div>\n<hr \/>\n<p>Em caso de d\u00favidas na pesquisa da base de Atas e Anais, entrar em contato com:<\/p>\n<div style=\"font-size: 0.75em;margin-bottom: 25px;padding: 0 25px\"><b>Secretaria de Documenta\u00e7\u00e3o da C\u00e2mara Municipal de S\u00e3o Paulo (SGP.3)<\/b><br \/>\n<b>Equipe de Documenta\u00e7\u00e3o do Legislativo (SGP.31)<\/b><br \/>\n<b>Telefones:<\/b> (11)3396-5357, (11)3396-5360, (11)3396-4984, (11)3396-4549<br \/>\n<b>E-mail:<\/b> <a href=\"mailto:atendimentodoc@saopaulo.sp.leg.br\">atendimentodoc@saopaulo.sp.leg.br<\/a>\n<\/div>\n","protected":false},"excerpt":{"rendered":"<p>As Atas e Anais s\u00e3o registros das atividades da C\u00e2mara Municipal de S\u00e3o Paulo desde a sua funda\u00e7\u00e3o. As Atas abrangem registros do per\u00edodo colonial at\u00e9 o in\u00edcio do s\u00e9culo&#8230;  <a class=\"excerpt-read-more\" href=\"https:\/\/homolog.saopaulo.sp.leg.br\/documentacao\/pesquisa\/atas-e-anais\/\" title=\"Leia Atas e Anais\">Leia mais &raquo;<\/a><\/p>\n","protected":false},"author":630,"featured_media":0,"parent":934,"menu_order":0,"comment_status":"closed","ping_status":"closed","template":"page-iframe.php","meta":{"_acf_changed":false,"footnotes":""},"class_list":["post-1381","page","type-page","status-publish","hentry"],"acf":[],"yoast_head":"<!-- This site is optimized with the Yoast SEO plugin v27.4 - https:\/\/yoast.com\/product\/yoast-seo-wordpress\/ -->\r\n<title>Atas e Anais - Biblioteca e Documenta\u00e7\u00e3o<\/title>\r\n<meta name=\"robots\" content=\"noindex, follow, max-snippet:-1, max-image-preview:large, max-video-preview:-1\" \/>\r\n<meta property=\"og:locale\" content=\"pt_BR\" \/>\r\n<meta property=\"og:type\" content=\"article\" \/>\r\n<meta property=\"og:title\" content=\"Atas e Anais - Biblioteca e Documenta\u00e7\u00e3o\" \/>\r\n<meta property=\"og:description\" content=\"As Atas e Anais s\u00e3o registros das atividades da C\u00e2mara Municipal de S\u00e3o Paulo desde a sua funda\u00e7\u00e3o. As Atas abrangem registros do per\u00edodo colonial at\u00e9 o in\u00edcio do s\u00e9culo... Leia mais &raquo;\" \/>\r\n<meta property=\"og:url\" content=\"https:\/\/www.saopaulo.sp.leg.br\/documentacao\/pesquisa\/atas-e-anais\/\" \/>\r\n<meta property=\"og:site_name\" content=\"Biblioteca e Documenta\u00e7\u00e3o\" \/>\r\n<meta property=\"article:modified_time\" content=\"2024-08-02T16:14:54+00:00\" \/>\r\n<meta name=\"twitter:card\" content=\"summary_large_image\" \/>\r\n<meta name=\"twitter:label1\" content=\"Est. tempo de leitura\" \/>\n\t<meta name=\"twitter:data1\" content=\"5 minutos\" \/>\r\n<script type=\"application\/ld+json\" class=\"yoast-schema-graph\">{\"@context\":\"https:\\\/\\\/schema.org\",\"@graph\":[{\"@type\":\"WebPage\",\"@id\":\"https:\\\/\\\/www.saopaulo.sp.leg.br\\\/documentacao\\\/pesquisa\\\/atas-e-anais\\\/\",\"url\":\"https:\\\/\\\/www.saopaulo.sp.leg.br\\\/documentacao\\\/pesquisa\\\/atas-e-anais\\\/\",\"name\":\"Atas e Anais - Biblioteca e Documenta\u00e7\u00e3o\",\"isPartOf\":{\"@id\":\"https:\\\/\\\/homolog.saopaulo.sp.leg.br\\\/documentacao\\\/#website\"},\"datePublished\":\"2020-10-21T13:37:29+00:00\",\"dateModified\":\"2024-08-02T16:14:54+00:00\",\"breadcrumb\":{\"@id\":\"https:\\\/\\\/www.saopaulo.sp.leg.br\\\/documentacao\\\/pesquisa\\\/atas-e-anais\\\/#breadcrumb\"},\"inLanguage\":\"pt-BR\",\"potentialAction\":[{\"@type\":\"ReadAction\",\"target\":[\"https:\\\/\\\/www.saopaulo.sp.leg.br\\\/documentacao\\\/pesquisa\\\/atas-e-anais\\\/\"]}]},{\"@type\":\"BreadcrumbList\",\"@id\":\"https:\\\/\\\/www.saopaulo.sp.leg.br\\\/documentacao\\\/pesquisa\\\/atas-e-anais\\\/#breadcrumb\",\"itemListElement\":[{\"@type\":\"ListItem\",\"position\":1,\"name\":\"In\u00edcio\",\"item\":\"https:\\\/\\\/www.saopaulo.sp.leg.br\\\/documentacao\\\/\"},{\"@type\":\"ListItem\",\"position\":2,\"name\":\"Pesquisa\",\"item\":\"https:\\\/\\\/www.saopaulo.sp.leg.br\\\/documentacao\\\/pesquisa\\\/\"},{\"@type\":\"ListItem\",\"position\":3,\"name\":\"Atas e Anais\"}]},{\"@type\":\"WebSite\",\"@id\":\"https:\\\/\\\/homolog.saopaulo.sp.leg.br\\\/documentacao\\\/#website\",\"url\":\"https:\\\/\\\/homolog.saopaulo.sp.leg.br\\\/documentacao\\\/\",\"name\":\"Biblioteca e Documenta\u00e7\u00e3o\",\"description\":\"Secretaria de Documenta\u00e7\u00e3o\",\"potentialAction\":[{\"@type\":\"SearchAction\",\"target\":{\"@type\":\"EntryPoint\",\"urlTemplate\":\"https:\\\/\\\/homolog.saopaulo.sp.leg.br\\\/documentacao\\\/?s={search_term_string}\"},\"query-input\":{\"@type\":\"PropertyValueSpecification\",\"valueRequired\":true,\"valueName\":\"search_term_string\"}}],\"inLanguage\":\"pt-BR\"}]}<\/script>\r\n<!-- \/ Yoast SEO plugin. -->","yoast_head_json":{"title":"Atas e Anais - Biblioteca e Documenta\u00e7\u00e3o","robots":{"index":"noindex","follow":"follow","max-snippet":"max-snippet:-1","max-image-preview":"max-image-preview:large","max-video-preview":"max-video-preview:-1"},"og_locale":"pt_BR","og_type":"article","og_title":"Atas e Anais - Biblioteca e Documenta\u00e7\u00e3o","og_description":"As Atas e Anais s\u00e3o registros das atividades da C\u00e2mara Municipal de S\u00e3o Paulo desde a sua funda\u00e7\u00e3o. As Atas abrangem registros do per\u00edodo colonial at\u00e9 o in\u00edcio do s\u00e9culo... Leia mais &raquo;","og_url":"https:\/\/www.saopaulo.sp.leg.br\/documentacao\/pesquisa\/atas-e-anais\/","og_site_name":"Biblioteca e Documenta\u00e7\u00e3o","article_modified_time":"2024-08-02T16:14:54+00:00","twitter_card":"summary_large_image","twitter_misc":{"Est. tempo de leitura":"5 minutos"},"schema":{"@context":"https:\/\/schema.org","@graph":[{"@type":"WebPage","@id":"https:\/\/www.saopaulo.sp.leg.br\/documentacao\/pesquisa\/atas-e-anais\/","url":"https:\/\/www.saopaulo.sp.leg.br\/documentacao\/pesquisa\/atas-e-anais\/","name":"Atas e Anais - Biblioteca e Documenta\u00e7\u00e3o","isPartOf":{"@id":"https:\/\/homolog.saopaulo.sp.leg.br\/documentacao\/#website"},"datePublished":"2020-10-21T13:37:29+00:00","dateModified":"2024-08-02T16:14:54+00:00","breadcrumb":{"@id":"https:\/\/www.saopaulo.sp.leg.br\/documentacao\/pesquisa\/atas-e-anais\/#breadcrumb"},"inLanguage":"pt-BR","potentialAction":[{"@type":"ReadAction","target":["https:\/\/www.saopaulo.sp.leg.br\/documentacao\/pesquisa\/atas-e-anais\/"]}]},{"@type":"BreadcrumbList","@id":"https:\/\/www.saopaulo.sp.leg.br\/documentacao\/pesquisa\/atas-e-anais\/#breadcrumb","itemListElement":[{"@type":"ListItem","position":1,"name":"In\u00edcio","item":"https:\/\/www.saopaulo.sp.leg.br\/documentacao\/"},{"@type":"ListItem","position":2,"name":"Pesquisa","item":"https:\/\/www.saopaulo.sp.leg.br\/documentacao\/pesquisa\/"},{"@type":"ListItem","position":3,"name":"Atas e Anais"}]},{"@type":"WebSite","@id":"https:\/\/homolog.saopaulo.sp.leg.br\/documentacao\/#website","url":"https:\/\/homolog.saopaulo.sp.leg.br\/documentacao\/","name":"Biblioteca e Documenta\u00e7\u00e3o","description":"Secretaria de Documenta\u00e7\u00e3o","potentialAction":[{"@type":"SearchAction","target":{"@type":"EntryPoint","urlTemplate":"https:\/\/homolog.saopaulo.sp.leg.br\/documentacao\/?s={search_term_string}"},"query-input":{"@type":"PropertyValueSpecification","valueRequired":true,"valueName":"search_term_string"}}],"inLanguage":"pt-BR"}]}},"_links":{"self":[{"href":"https:\/\/homolog.saopaulo.sp.leg.br\/documentacao\/wp-json\/wp\/v2\/pages\/1381","targetHints":{"allow":["GET"]}}],"collection":[{"href":"https:\/\/homolog.saopaulo.sp.leg.br\/documentacao\/wp-json\/wp\/v2\/pages"}],"about":[{"href":"https:\/\/homolog.saopaulo.sp.leg.br\/documentacao\/wp-json\/wp\/v2\/types\/page"}],"author":[{"embeddable":true,"href":"https:\/\/homolog.saopaulo.sp.leg.br\/documentacao\/wp-json\/wp\/v2\/users\/630"}],"replies":[{"embeddable":true,"href":"https:\/\/homolog.saopaulo.sp.leg.br\/documentacao\/wp-json\/wp\/v2\/comments?post=1381"}],"version-history":[{"count":6,"href":"https:\/\/homolog.saopaulo.sp.leg.br\/documentacao\/wp-json\/wp\/v2\/pages\/1381\/revisions"}],"predecessor-version":[{"id":3252,"href":"https:\/\/homolog.saopaulo.sp.leg.br\/documentacao\/wp-json\/wp\/v2\/pages\/1381\/revisions\/3252"}],"up":[{"embeddable":true,"href":"https:\/\/homolog.saopaulo.sp.leg.br\/documentacao\/wp-json\/wp\/v2\/pages\/934"}],"wp:attachment":[{"href":"https:\/\/homolog.saopaulo.sp.leg.br\/documentacao\/wp-json\/wp\/v2\/media?parent=1381"}],"curies":[{"name":"wp","href":"https:\/\/api.w.org\/{rel}","templated":true}]}}