{"id":17009,"date":"2019-10-18T15:01:41","date_gmt":"2019-10-18T18:01:41","guid":{"rendered":"http:\/\/homolog.saopaulo.sp.leg.br\/escoladoparlamento\/?page_id=17009"},"modified":"2019-12-03T13:52:55","modified_gmt":"2019-12-03T16:52:55","slug":"politicas-de-educacao-especial-em-perspectiva-inclusiva-seminario-ii","status":"publish","type":"page","link":"https:\/\/homolog.saopaulo.sp.leg.br\/escoladoparlamento\/parcerias\/realizados-2\/realizados-2019\/politicas-de-educacao-especial-em-perspectiva-inclusiva-seminario-ii\/","title":{"rendered":"Pol\u00edticas de Educa\u00e7\u00e3o Especial em Perspectiva Inclusiva \u2013 Semin\u00e1rio II"},"content":{"rendered":"<h2 style=\"text-align: center\"><strong>Desafios para a implementa\u00e7\u00e3o da Pol\u00edtica Paulistana de Educa\u00e7\u00e3o Especial na perspectiva da Educa\u00e7\u00e3o Inclusiva<\/strong><\/h2>\n<p>&nbsp;<\/p>\n<p><strong>Diretor Respons\u00e1vel:<\/strong> Alexsandro do Nascimento Santos<\/p>\n<p><strong>Coordenador:<\/strong> Elio Ara\u00fajo da Silva e Alexsandro do Nascimento Santos<\/p>\n<p>Este \u00e9 o segundo encontro dos <strong>Semin\u00e1rios Tem\u00e1ticos<\/strong> que discute as Pol\u00edticas de Educa\u00e7\u00e3o Especial em Perspectiva Inclusiva. A proposta da Escola do Parlamento \u00e9 permitir o di\u00e1logo reflexivo e a amplia\u00e7\u00e3o dos repert\u00f3rios de an\u00e1lise dos educadores sobre o tema\u00a0e oportunizar uma compreens\u00e3o mais consistente da Pol\u00edtica Paulistana de Educa\u00e7\u00e3o Especial Inclusiva.<\/p>\n<p><strong>Objetivos: <\/strong>oferecer aos professores que atuam na rede municipal um repert\u00f3rio atualizado de categorias conceituais explicativas do campo da Educa\u00e7\u00e3o Especial Inclusiva a partir das refer\u00eancias normativas previstas na legisla\u00e7\u00e3o nacional e municipal sobre o tema; problematizar e construir colaborativamente alternativas para a melhoria consistente do atendimento de educandos p\u00fablico alvo da educa\u00e7\u00e3o especial na rede municipal de ensino.<\/p>\n<p><strong>Vagas:<\/strong> 60<\/p>\n<p><strong>Carga Hor\u00e1ria:<\/strong> 8 horas<\/p>\n<p><strong>Palestrante:<\/strong> Prof. Dr. Alexsandro do Nascimento Santos &#8211; <em>Licenciado em Letras e Pedagogia, mestre em Educa\u00e7\u00e3o: Hist\u00f3ria, Pol\u00edtica, Sociedade pela PUCSP e doutor em Educa\u00e7\u00e3o pela Universidade de S\u00e3o Paulo. Atualmente, desenvolve pesquisas em est\u00e1gio p\u00f3s-doutoral junto ao Programa de Psicologia da Educa\u00e7\u00e3o da PUCSP e junto ao Programa de Administra\u00e7\u00e3o P\u00fablica e Governo da Funda\u00e7\u00e3o Get\u00falio Vargas. \u00c9 diretor-presidente da Escola do Parlamento<\/em>.<\/p>\n<p><strong>Programa\u00e7\u00e3o:<\/strong><\/p>\n<table width=\"719\">\n<tbody>\n<tr>\n<td width=\"132\"><strong>Local e Hor\u00e1rio<\/strong><\/td>\n<td width=\"64\"><strong>Data<\/strong><\/td>\n<td width=\"523\"><strong>Tema da Aula<\/strong><\/td>\n<\/tr>\n<tr>\n<td style=\"text-align: center\" rowspan=\"2\"><a href=\"http:\/\/homolog.saopaulo.sp.leg.br\/transparencia\/auditorios-online\/sala-oscar-pedroso-horta-sala-b\/\">Sala Oscar Pedroso Horta<\/a> 18h-22h<\/td>\n<td>25\/nov<\/td>\n<td>Acessibilidades e Corresponsabiliza\u00e7\u00e3o<\/td>\n<\/tr>\n<tr>\n<td>02\/dez<\/td>\n<td>Forma\u00e7\u00e3o Inicial e Continuada de Professores e Gestores<\/td>\n<\/tr>\n<\/tbody>\n<\/table>\n<h3><strong>Inscri\u00e7\u00f5es: <span style=\"color: #ff0000\">encerradas<\/span><\/strong><\/h3>\n<p><strong>Bibliografia:<\/strong><\/p>\n<p>BRASIL. Minist\u00e9rio da Educa\u00e7\u00e3o. Constitui\u00e7\u00e3o Federal. Bras\u00edlia; Imprensa Oficial,1988.<\/p>\n<p>BRASIL. Minist\u00e9rio da Educa\u00e7\u00e3o. Estatuto da crian\u00e7a e do adolescente. MEC; 1990.<\/p>\n<p>BRASIL. Lei de Diretrizes e Bases da Educa\u00e7\u00e3o B\u00e1sica: Lei 9.394 de 20 de dezembro de 1996. S\u00e3o Paulo: Ed. Esplanada.<\/p>\n<p>BRASIL. Minist\u00e9rio da Educa\u00e7\u00e3o. Resolu\u00e7\u00e3o CNE\/CEB n\u00ba 04\/2009. MEC; SEEP; 2008.<\/p>\n<p>BRASIL. Minist\u00e9rio da Educa\u00e7\u00e3o. Decreto n\u00ba 6.571, de 17 de setembro de 2008. MEC; SEEP; 2008. BRASIL. Minist\u00e9rio da Educa\u00e7\u00e3o. Inclus\u00e3o: Revista da Educa\u00e7\u00e3o Especial\/destaque: A Pol\u00edtica Nacional de Educa\u00e7\u00e3o Especial na perspectiva da Educa\u00e7\u00e3o Inclusiva. F\u00f3rum de debates\/ ps. 19, 23, 24, 29. MEC; SEEP; 2008.<\/p>\n<p>BRASIL. Minist\u00e9rio da Educa\u00e7\u00e3o. Pol\u00edtica Nacional de Educa\u00e7\u00e3o Especial na perspectiva da Educa\u00e7\u00e3o Inclusiva. MEC; SEEP; 2008.<\/p>\n<p>BRASIL. Minist\u00e9rio da Educa\u00e7\u00e3o. Diretrizes Nacionais para a Educa\u00e7\u00e3o Especial na Educa\u00e7\u00e3o B\u00e1sica. MEC; SEEP; 2001.<\/p>\n<p>BRIZOLLA, Francele. Pol\u00edticas p\u00fablicas de inclus\u00e3o escolar: negocia\u00e7\u00e3o sem fim. Porto Alegre: UFRGS, 2007. Tese (Doutorado) &#8211; Programa de P\u00f3s-gradua\u00e7\u00e3o em Educa\u00e7\u00e3o, Faculdade de Educa\u00e7\u00e3o, Universidade Federal do Rio Grande do Sul. Porto Alegre, 2007.<\/p>\n","protected":false},"excerpt":{"rendered":"<p>Desafios para a implementa\u00e7\u00e3o da Pol\u00edtica Paulistana de Educa\u00e7\u00e3o Especial na perspectiva da Educa\u00e7\u00e3o Inclusiva &nbsp; Diretor Respons\u00e1vel: Alexsandro do Nascimento Santos Coordenador: Elio Ara\u00fajo da Silva e Alexsandro do Nascimento Santos Este \u00e9 o segundo encontro dos Semin\u00e1rios Tem\u00e1ticos que discute as Pol\u00edticas de Educa\u00e7\u00e3o Especial em Perspectiva Inclusiva. A proposta da Escola do [&hellip;]<\/p>\n","protected":false},"author":522,"featured_media":0,"parent":17111,"menu_order":239,"comment_status":"closed","ping_status":"closed","template":"","meta":{"_acf_changed":false,"footnotes":""},"class_list":["post-17009","page","type-page","status-publish","hentry"],"acf":[],"_links":{"self":[{"href":"https:\/\/homolog.saopaulo.sp.leg.br\/escoladoparlamento\/wp-json\/wp\/v2\/pages\/17009","targetHints":{"allow":["GET"]}}],"collection":[{"href":"https:\/\/homolog.saopaulo.sp.leg.br\/escoladoparlamento\/wp-json\/wp\/v2\/pages"}],"about":[{"href":"https:\/\/homolog.saopaulo.sp.leg.br\/escoladoparlamento\/wp-json\/wp\/v2\/types\/page"}],"author":[{"embeddable":true,"href":"https:\/\/homolog.saopaulo.sp.leg.br\/escoladoparlamento\/wp-json\/wp\/v2\/users\/522"}],"replies":[{"embeddable":true,"href":"https:\/\/homolog.saopaulo.sp.leg.br\/escoladoparlamento\/wp-json\/wp\/v2\/comments?post=17009"}],"version-history":[{"count":5,"href":"https:\/\/homolog.saopaulo.sp.leg.br\/escoladoparlamento\/wp-json\/wp\/v2\/pages\/17009\/revisions"}],"predecessor-version":[{"id":17108,"href":"https:\/\/homolog.saopaulo.sp.leg.br\/escoladoparlamento\/wp-json\/wp\/v2\/pages\/17009\/revisions\/17108"}],"up":[{"embeddable":true,"href":"https:\/\/homolog.saopaulo.sp.leg.br\/escoladoparlamento\/wp-json\/wp\/v2\/pages\/17111"}],"wp:attachment":[{"href":"https:\/\/homolog.saopaulo.sp.leg.br\/escoladoparlamento\/wp-json\/wp\/v2\/media?parent=17009"}],"curies":[{"name":"wp","href":"https:\/\/api.w.org\/{rel}","templated":true}]}}