{"id":17617,"date":"2020-03-04T11:10:18","date_gmt":"2020-03-04T14:10:18","guid":{"rendered":"http:\/\/homolog.saopaulo.sp.leg.br\/escoladoparlamento\/?page_id=17617"},"modified":"2025-05-23T11:14:29","modified_gmt":"2025-05-23T14:14:29","slug":"politicas-publicas-do-livro","status":"publish","type":"page","link":"https:\/\/homolog.saopaulo.sp.leg.br\/escoladoparlamento\/cursos\/cursos-anteriores\/cursos-realizados-em-2020\/politicas-publicas-do-livro\/","title":{"rendered":"Webinar &#8211; Pol\u00edticas P\u00fablicas do Livro, da Leitura, da Literatura e da Biblioteca"},"content":{"rendered":"<p><strong>Diretor Respons\u00e1vel: <\/strong>Alexsandro Santos<\/p>\n<p><strong>Coordenador: <\/strong>Rubem Davi Romancini<\/p>\n<p>O ato da leitura e da escrita plena \u00e9 o identificador do cidad\u00e3o que exerce, de maneira igualmente plena, seus direitos e deveres. Dominar a habilidade leitora \u00e9 ter a possibilidade de compreender, argumentar, construir um pensamento aut\u00f4nomo e n\u00e3o subalterno. Ler \u00e9 substantivamente a chave de todos os direitos da cidadania em um regime democr\u00e1tico na sociedade da informa\u00e7\u00e3o e do conhecimento. Para que o Brasil conquiste este direito \u00e9 que est\u00e3o sendo constru\u00eddos o Plano Nacional do Livro e da Leitura e os Planos Estaduais e Municipais de Livro e Leitura. No munic\u00edpio de S\u00e3o Paulo, o PMLLLB (Plano Municipal do Livro, Leitura, Literatura e Biblioteca) foi elaborado pela sociedade civil e pelas autoridades p\u00fablicas do munic\u00edpio e aprovado na forma de lei pela C\u00e2mara Municipal, em conson\u00e2ncia com o Plano\u00a0Nacional de Livro e Leitura.<\/p>\n<p>O curso visa debater amplamente o tema do ponto de vista hist\u00f3rico, sociol\u00f3gico, pol\u00edtico e liter\u00e1rio, envolvendo a educa\u00e7\u00e3o e a cultura como v\u00e9rtices tem\u00e1ticos, de forma a capacitar os alunos quanto \u00e0s pol\u00edticas p\u00fablicas em tela.<\/p>\n<p><strong>Objetivos:<\/strong><\/p>\n<p>Ampliar a reflex\u00e3o sobre os aspectos culturais, sociais e pol\u00edticos que permeiam o livro e a leitura na cidade de S\u00e3o Paulo;<\/p>\n<p>Destacar o papel, as demandas e as responsabilidades do Executivo, do Legislativo e da Sociedade Civil dentro dos direitos ao livro e \u00e0 leitura;<\/p>\n<p>Democratizar o debate sobre as pol\u00edticas p\u00fablicas do livro e leitura.<\/p>\n<p><strong>P\u00fablico alvo:\u00a0<\/strong><\/p>\n<p>Educadores, bibliotec\u00e1rios, escritores, servidores p\u00fablicos, trabalhadores e empreendedores dos ramos de edi\u00e7\u00e3o e com\u00e9rcio de livros, estudantes dos temas, mediadores de leitura e p\u00fablico em geral.<\/p>\n<p><strong>Programa\u00e7\u00e3o:<\/strong><\/p>\n<p><u>Segundas e quartas a partir do dia 25 de maio, sempre das <strong>18h \u00e0s 20h.<\/strong><\/u><\/p>\n<p><strong>25 de maio<\/strong> \u2013 Pol\u00edticas p\u00fablicas (conceitos e fundamentos); direitos humanos, direitos culturais e o direito Humano \u00e0 Literatura (recapitula\u00e7\u00e3o). <a href=\"https:\/\/homolog.saopaulo.sp.leg.br\/escoladoparlamento\/wp-content\/uploads\/sites\/5\/2020\/05\/Pol\u00edticas-do-Livro-Bibliografia-Aula-2.pdf\">Bibliografia<\/a>. <a href=\"https:\/\/homolog.saopaulo.sp.leg.br\/escoladoparlamento\/wp-content\/uploads\/sites\/5\/2020\/05\/POL\u00cdTICAS-P\u00daBLICAS-DO-LIVRO-DA-LEITURA-aula-1_revAZ-Copia.pdf\">Slides.<\/a>\u00a0<a href=\"https:\/\/www.facebook.com\/eparlamento\/videos\/565627520779343\/\">Link do v\u00eddeo.<\/a><\/p>\n<p><strong>27 de maio<\/strong> \u2013 Pol\u00edtica do Livro e Leitura \u00e9 parte das Pol\u00edticas de Cultura; <a href=\"https:\/\/homolog.saopaulo.sp.leg.br\/escoladoparlamento\/wp-content\/uploads\/sites\/5\/2020\/05\/POL\u00cdTICAS-P\u00daBLICAS-DO-LIVRO-DA-LEITURA-aula-2_revAZ-Copia.pdf\">Slides.<\/a>\u00a0<a href=\"https:\/\/youtu.be\/A9kjUXcw70c\">Link do v\u00eddeo.<\/a><\/p>\n<p><strong>1\u00ba de junho<\/strong> \u2013 Panorama Hist\u00f3rico da Pol\u00edtica P\u00fablica do Livro e Leitura no Brasil; <a href=\"https:\/\/homolog.saopaulo.sp.leg.br\/escoladoparlamento\/wp-content\/uploads\/sites\/5\/2020\/06\/POL\u00cdTICAS-P\u00daBLICAS-DO-LIVRO-DA-LEITURA-aula-3_revAZ.pdf\">Slides<\/a>. <a href=\"https:\/\/youtu.be\/4wsf0dTQqCI\">Link do v\u00eddeo<\/a>.<\/p>\n<p><strong>3 de junho<\/strong> \u2013 Idas e vindas: do Plano Nacional do Livro e Leitura ao Plano Nacional de Leitura e Escrita; <a href=\"https:\/\/homolog.saopaulo.sp.leg.br\/escoladoparlamento\/wp-content\/uploads\/sites\/5\/2020\/06\/POL\u00cdTICAS-P\u00daBLICAS-DO-LIVRO-DA-LEITURA-aula-4_revAZ-Copia.pdf\">Slides<\/a>. <a href=\"https:\/\/youtu.be\/BxLqIfHylBE\">Link do v\u00eddeo<\/a>.<\/p>\n<p><strong>8 de junho<\/strong> &#8211; Os principais atores da pol\u00edtica do livro e leitura (mediadores, professores, bibliotec\u00e1rios, escritores, militantes, leitores) com a participa\u00e7\u00e3o do educador popular Fernando \u201cRuivo\u201d Lopes; <a href=\"https:\/\/homolog.saopaulo.sp.leg.br\/escoladoparlamento\/wp-content\/uploads\/sites\/5\/2020\/06\/Ruivo-Lopes-Participa\u00e7\u00e3o-social-nas-Pol.-P\u00fablicas-para-o-LLLB_08.06.2020.pdf\">Slides Ruivo Lopes<\/a>, <a href=\"https:\/\/homolog.saopaulo.sp.leg.br\/escoladoparlamento\/wp-content\/uploads\/sites\/5\/2020\/06\/POL\u00cdTICAS-P\u00daBLICAS-DO-LIVRO-DA-LEITURA-aula-aula-5-08.06.2020.pdf\">Slides<\/a>, <a href=\"https:\/\/youtu.be\/lofrq0NZ_r8\">Link do v\u00eddeo<\/a>.<\/p>\n<p><strong>10 de junho<\/strong> &#8211; O hist\u00f3rico e o processo de constru\u00e7\u00e3o do Plano Municipal do Livro, Leitura, Literatura e Biblioteca em S\u00e3o Paulo, apresentando uma an\u00e1lise das tens\u00f5es, dos atores e das articula\u00e7\u00f5es envolvidas ao longo do processo; <a href=\"https:\/\/youtu.be\/d1JKPYdLjCo\">Link do v\u00eddeo<\/a>.<\/p>\n<p><strong>15 de junho<\/strong> \u2013 Debate \u201cPara onde devem ir as pol\u00edticas p\u00fablicas do livro e leitura\u201d com o fil\u00f3sofo Jose Castilho de Marques Neto e com o educador e gestor Alexsandro dos Santos. <a href=\"https:\/\/youtu.be\/gLcKyn9nprk\">Link do v\u00eddeo<\/a>.<\/p>\n<p><strong>Docente: Prof.\u00a0Ricardo Queiroz Pinheiro &#8211; <\/strong><em>Possui gradua\u00e7\u00e3o em Biblioteconomia pela Funda\u00e7\u00e3o Escola de Sociologia e Pol\u00edtica de S\u00e3o Paulo (1994) e mestrado em Ci\u00eancia da Informa\u00e7\u00e3o\u00a0e Documenta\u00e7\u00e3o\u00a0pela Universidade de S\u00e3o Paulo (2016). Atualmente \u00e9 funcion\u00e1rio estatut\u00e1rio da Prefeitura do Munic\u00edpio de S\u00e3o Bernardo do Campo. Tem experi\u00eancia na \u00e1rea de Educa\u00e7\u00e3o e Cultura, com \u00eanfase em gest\u00e3o e media\u00e7\u00e3o cultural e da informa\u00e7\u00e3o.<br \/>\n<\/em><\/p>\n<h2><strong>Inscri\u00e7\u00f5es: encerradas.<span style=\"color: #ff0000\">\u00a0<\/span><\/strong><\/h2>\n<hr \/>\n<h3 style=\"text-align: center\"><span style=\"color: #ff0000\"><strong>ATEN\u00c7\u00c3O<\/strong><\/span><\/h3>\n<ul>\n<li>Os encontros ser\u00e3o transmitidos via streaming na p\u00e1gina do Facebook da\u00a0<a href=\"http:\/\/facebook.com\/eparlamento\"><strong>Escola do Parlamento<\/strong><\/a><strong>.<\/strong><\/li>\n<li>A gera\u00e7\u00e3o de certificado ser\u00e1 feita\u00a0<strong>ap\u00f3s resposta a um question\u00e1rio online<\/strong>\u00a0que ser\u00e1 disponibilizado ao final do curso <span style=\"text-decoration: underline\">somente \u00e0queles que fizeram a inscri\u00e7\u00e3o via plataforma Sympla<\/span>.<\/li>\n<li>o conte\u00fado da primeira aula presencial &#8211; que aconteceu em 9 de mar\u00e7o &#8211; ser\u00e1 retomado no primeiro encontro virtual.<\/li>\n<\/ul>\n","protected":false},"excerpt":{"rendered":"<p>Diretor Respons\u00e1vel: Alexsandro Santos Coordenador: Rubem Davi Romancini O ato da leitura e da escrita plena \u00e9 o identificador do cidad\u00e3o que exerce, de maneira igualmente plena, seus direitos e deveres. Dominar a habilidade leitora \u00e9 ter a possibilidade de compreender, argumentar, construir um pensamento aut\u00f4nomo e n\u00e3o subalterno. Ler \u00e9 substantivamente a chave de [&hellip;]<\/p>\n","protected":false},"author":661,"featured_media":0,"parent":17641,"menu_order":218,"comment_status":"closed","ping_status":"closed","template":"","meta":{"_acf_changed":false,"footnotes":""},"class_list":["post-17617","page","type-page","status-publish","hentry"],"acf":[],"_links":{"self":[{"href":"https:\/\/homolog.saopaulo.sp.leg.br\/escoladoparlamento\/wp-json\/wp\/v2\/pages\/17617","targetHints":{"allow":["GET"]}}],"collection":[{"href":"https:\/\/homolog.saopaulo.sp.leg.br\/escoladoparlamento\/wp-json\/wp\/v2\/pages"}],"about":[{"href":"https:\/\/homolog.saopaulo.sp.leg.br\/escoladoparlamento\/wp-json\/wp\/v2\/types\/page"}],"author":[{"embeddable":true,"href":"https:\/\/homolog.saopaulo.sp.leg.br\/escoladoparlamento\/wp-json\/wp\/v2\/users\/661"}],"replies":[{"embeddable":true,"href":"https:\/\/homolog.saopaulo.sp.leg.br\/escoladoparlamento\/wp-json\/wp\/v2\/comments?post=17617"}],"version-history":[{"count":6,"href":"https:\/\/homolog.saopaulo.sp.leg.br\/escoladoparlamento\/wp-json\/wp\/v2\/pages\/17617\/revisions"}],"predecessor-version":[{"id":29455,"href":"https:\/\/homolog.saopaulo.sp.leg.br\/escoladoparlamento\/wp-json\/wp\/v2\/pages\/17617\/revisions\/29455"}],"up":[{"embeddable":true,"href":"https:\/\/homolog.saopaulo.sp.leg.br\/escoladoparlamento\/wp-json\/wp\/v2\/pages\/17641"}],"wp:attachment":[{"href":"https:\/\/homolog.saopaulo.sp.leg.br\/escoladoparlamento\/wp-json\/wp\/v2\/media?parent=17617"}],"curies":[{"name":"wp","href":"https:\/\/api.w.org\/{rel}","templated":true}]}}