{"id":17641,"date":"2020-03-06T14:26:24","date_gmt":"2020-03-06T17:26:24","guid":{"rendered":"http:\/\/homolog.saopaulo.sp.leg.br\/escoladoparlamento\/?page_id=17641"},"modified":"2024-04-26T14:42:05","modified_gmt":"2024-04-26T17:42:05","slug":"cursos-realizados-em-2020","status":"publish","type":"page","link":"https:\/\/homolog.saopaulo.sp.leg.br\/escoladoparlamento\/cursos\/cursos-anteriores\/cursos-realizados-em-2020\/","title":{"rendered":"Cursos Realizados em 2020"},"content":{"rendered":"<p><strong>FEVEREIRO<\/strong><\/p>\n<p><span style=\"color: #0000ff\"><a style=\"color: #0000ff\" href=\"http:\/\/homolog.saopaulo.sp.leg.br\/escoladoparlamento\/cursos\/cursos-anteriores\/cursos-realizados-em-2020\/simulador-eleitoral\/\">Simulador Eleitoral<\/a><\/span><\/p>\n<p>&nbsp;<\/p>\n<p><strong>MAIO<\/strong><\/p>\n<p><span style=\"color: #0000ff\"><a style=\"color: #0000ff\" href=\"http:\/\/homolog.saopaulo.sp.leg.br\/escoladoparlamento\/cursos\/cursos-anteriores\/cursos-realizados-em-2020\/comunicacao-politica-esfera-digital-e-gabinete-parlamentar\/\">Comunica\u00e7\u00e3o Pol\u00edtica, Esfera Digital e Gabinete Parlamentar<\/a><\/span><\/p>\n<p><span style=\"color: #0000ff\"><a style=\"color: #0000ff\" href=\"http:\/\/homolog.saopaulo.sp.leg.br\/escoladoparlamento\/cursos\/inscricoes-abertas\/desafios-para-o-desenvolvimento-no-seculo-xxi-sustentabilidade-democracia-e-equidade\/\">Desafios para o Desenvolvimento no s\u00e9c. XXI<\/a><\/span><\/p>\n<p><span style=\"color: #0000ff\"><a style=\"color: #0000ff\" href=\"http:\/\/homolog.saopaulo.sp.leg.br\/escoladoparlamento\/cursos\/cursos-anteriores\/cursos-realizados-em-2020\/webinar-introducao-a-historia-da-filosofia-curso-de-extensao-universitaria\/\">Introdu\u00e7\u00e3o \u00e0 Hist\u00f3ria da Filosofia<\/a><\/span><\/p>\n<p><span style=\"color: #0000ff\"><a style=\"color: #0000ff\" href=\"http:\/\/homolog.saopaulo.sp.leg.br\/escoladoparlamento\/cursos\/cursos-anteriores\/cursos-realizados-em-2020\/linguagem-simples-e-poder-publico-como-democratizar-o-acesso-a-informacao\/\">Linguagem Simples e Poder P\u00fablico: Como aumentar a efetividade da Administra\u00e7\u00e3o P\u00fablica em situa\u00e7\u00f5es de crise<\/a><\/span><\/p>\n<p><span style=\"color: #0000ff\"><a style=\"color: #0000ff\" href=\"http:\/\/homolog.saopaulo.sp.leg.br\/escoladoparlamento\/cursos\/cursos-anteriores\/cursos-realizados-em-2020\/politicas-publicas-do-livro\/\">Pol\u00edticas P\u00fablicas do Livro, da Leitura, da Literatura e da Biblioteca<\/a><\/span><\/p>\n<p><span style=\"color: #0000ff\"><a style=\"color: #0000ff\" href=\"http:\/\/homolog.saopaulo.sp.leg.br\/escoladoparlamento\/cursos\/cursos-anteriores\/cursos-realizados-em-2020\/projeto-reporter-do-futuro-13a-edicao-2020\/\">Projeto Rep\u00f3rter do Futuro &#8211; 13a edi\u00e7\u00e3o &#8211; 2020<\/a><\/span><\/p>\n<p>&nbsp;<\/p>\n<p><strong>JUNHO<\/strong><\/p>\n<p><span style=\"color: #0000ff\"><a style=\"color: #0000ff\" href=\"http:\/\/homolog.saopaulo.sp.leg.br\/escoladoparlamento\/cursos\/cursos-anteriores\/cursos-realizados-em-2020\/o-que-e-politica-e-por-que-a-politica-importa-webinario-com-mario-sergio-cortella\/\">O que \u00e9 Pol\u00edtica e por que a Pol\u00edtica importa? &#8211; Webin\u00e1rio com Mario Sergio Cortella<\/a><\/span><\/p>\n<p><span style=\"color: #0000ff\"><a style=\"color: #0000ff\" href=\"http:\/\/homolog.saopaulo.sp.leg.br\/escoladoparlamento\/cursos\/cursos-anteriores\/cursos-realizados-em-2020\/a-pandemia-de-covid-19-e-a-implementacao-das-politicas-educacionais-no-brasil\/\">A Pandemia de COVID-19 e a Implementa\u00e7\u00e3o das Pol\u00edticas Educacionais no Brasil<\/a><\/span><\/p>\n<p><span style=\"color: #0000ff\"><a style=\"color: #0000ff\" href=\"http:\/\/homolog.saopaulo.sp.leg.br\/escoladoparlamento\/cursos\/cursos-anteriores\/cursos-realizados-em-2020\/politicas-educacionais-em-tempos-de-poscovid-19-perspectivas-critico-esperancosas\/\">Pol\u00edticas Educacionais em Tempos de (P\u00f3s)Covid-19: Perspectivas Cr\u00edtico-Esperan\u00e7osas<\/a><\/span><\/p>\n<p><span style=\"color: #0000ff\"><a style=\"color: #0000ff\" href=\"https:\/\/homolog.saopaulo.sp.leg.br\/escoladoparlamento\/parcerias\/realizados-2\/realizados-2020\/webinar-educacao-integral-em-tempos-de-pandemia\/\">Webinar Educa\u00e7\u00e3o Integral em tempos de Pandemia<\/a><\/span><\/p>\n<p><a href=\"http:\/\/homolog.saopaulo.sp.leg.br\/escoladoparlamento\/parcerias\/realizados-2\/realizados-2020\/webinar-gestao-democratica-da-escola-publica-de-educacao-basica-em-tempos-de-pandemia\/\">Gest\u00e3o Democr\u00e1tica da Escola P\u00fablica de Educa\u00e7\u00e3o B\u00e1sica em tempos de Pandemia<\/a><\/p>\n<p>&nbsp;<\/p>\n<p><strong>JULHO<\/strong><\/p>\n<p><span style=\"color: #0000ff\"><a style=\"color: #0000ff\" href=\"http:\/\/homolog.saopaulo.sp.leg.br\/escoladoparlamento\/cursos\/cursos-anteriores\/cursos-realizados-em-2020\/todos-contra-as-fake-news-compromisso-com-a-democracia\/\">Todos contra as <em>Fake News<\/em>: Compromisso com a Democracia<\/a><\/span><\/p>\n<p><a href=\"http:\/\/homolog.saopaulo.sp.leg.br\/escoladoparlamento\/parcerias\/realizados-2\/realizados-2020\/gestao-democratica-da-educacao-basica\/\">Gest\u00e3o Democr\u00e1tica da Educa\u00e7\u00e3o B\u00e1sica &#8211; a import\u00e2ncia do Quadro de Apoio para uma escola p\u00fablica de qualidade social<\/a><\/p>\n<p>&nbsp;<\/p>\n<p><strong>AGOSTO<\/strong><\/p>\n<p><span style=\"color: #0000ff\"><a style=\"color: #0000ff\" href=\"http:\/\/homolog.saopaulo.sp.leg.br\/escoladoparlamento\/cursos\/cursos-anteriores\/cursos-realizados-em-2020\/construindo-o-plano-municipal-de-juventude-de-sao-paulo\/\">Construindo o Plano Municipal de Juventude de S\u00e3o Paulo<\/a><\/span><\/p>\n<p><span style=\"color: #0000ff\"><a style=\"color: #0000ff\" href=\"http:\/\/homolog.saopaulo.sp.leg.br\/escoladoparlamento\/cursos\/cursos-anteriores\/cursos-realizados-em-2020\/educacao-na-sociedade-do-conhecimento-e-gestao-das-politicas-educacionais\/\">Educa\u00e7\u00e3o na Sociedade do Conhecimento e Gest\u00e3o das Pol\u00edticas Educacionais<\/a><\/span><\/p>\n<p><span style=\"color: #0000ff\"><a style=\"color: #0000ff\" href=\"http:\/\/homolog.saopaulo.sp.leg.br\/escoladoparlamento\/cursos\/cursos-anteriores\/cursos-realizados-em-2020\/o-fundeb-que-precisamos-desafios-para-o-financiamento-da-educacao-publica-no-brasil\/\">O Fundeb que Precisamos &#8211; Desafios para o Financiamento da Educa\u00e7\u00e3o P\u00fablica no Brasil<\/a><\/span><\/p>\n<p><span style=\"color: #0000ff\"><a style=\"color: #0000ff\" href=\"http:\/\/homolog.saopaulo.sp.leg.br\/escoladoparlamento\/cursos\/cursos-anteriores\/cursos-realizados-em-2020\/o-livro-tributado-o-que-esta-em-jogo\/\"><span style=\"text-decoration: underline\">O livro tributado: o que est\u00e1 em jogo?<\/span><\/a><\/span><\/p>\n<p><span style=\"color: #0000ff\"><a style=\"color: #0000ff\" href=\"http:\/\/homolog.saopaulo.sp.leg.br\/escoladoparlamento\/cursos\/cursos-anteriores\/cursos-realizados-em-2020\/todos-contra-as-fake-news-em-defesa-da-democracia\/\">Todos contra as Fake News &#8211; em Defesa da Democracia (parceria com a APEL)<\/a><\/span><\/p>\n<p>&nbsp;<\/p>\n<p><strong>SETEMBRO<\/strong><\/p>\n<p><span style=\"color: #0000ff\"><a style=\"color: #0000ff\" href=\"http:\/\/homolog.saopaulo.sp.leg.br\/escoladoparlamento\/cursos\/cursos-anteriores\/cursos-realizados-em-2020\/juventudes-brasileiras-educacao-trabalho-e-desigualdades\/\">Juventudes Brasileiras: Educa\u00e7\u00e3o, Trabalho e Desigualdades<\/a><\/span><\/p>\n<p><span style=\"color: #0000ff\"><a style=\"color: #0000ff\" href=\"http:\/\/homolog.saopaulo.sp.leg.br\/escoladoparlamento\/cursos\/cursos-anteriores\/cursos-realizados-em-2020\/codigo-de-defesa-do-consumidor-e-a-prevencao-ao-superendividamento-perspectivas-sobre-o-pl-3-515-2015\/\">O C\u00f3digo de Defesa do Consumidor e a Preven\u00e7\u00e3o ao Superendividamento: perspectivas sobre o PL 3.515\/2015<\/a><\/span><\/p>\n<p><span style=\"color: #0000ff\"><a style=\"color: #0000ff\" href=\"https:\/\/homolog.saopaulo.sp.leg.br\/escoladoparlamento\/cursos\/cursos-anteriores\/cursos-realizados-em-2020\/raca-genero-democracia-e-participacao-politica-no-brasil\/\"><span style=\"color: #0000ff\">Ra\u00e7a, G\u00eanero, Democracia e Participa\u00e7\u00e3o Pol\u00edtica no Brasil<\/span><\/a><\/span><\/p>\n<p><a href=\"http:\/\/homolog.saopaulo.sp.leg.br\/escoladoparlamento\/parcerias\/em-andamento\/politicas-da-educacao-de-jovens-e-adultos-na-cidade-de-sao-paulo\/\">Pol\u00edticas da Educa\u00e7\u00e3o de Jovens e Adultos na Cidade de S\u00e3o Paulo<\/a><\/p>\n<p><a href=\"http:\/\/homolog.saopaulo.sp.leg.br\/escoladoparlamento\/parcerias\/realizados-2\/realizados-2020\/ii-gestao-democratica-da-educacao-basica-a-importancia-do-quadro-de-apoio-para-uma-escola-publica-de-qualidade-social\/\">II Gest\u00e3o Democr\u00e1tica da Educa\u00e7\u00e3o B\u00e1sica: a import\u00e2ncia do Quadro de Apoio para uma escola p\u00fablica de qualidade social<\/a><\/p>\n<p><a href=\"https:\/\/homolog.saopaulo.sp.leg.br\/escoladoparlamento\/parcerias\/realizados-2\/realizados-2020\/lingua-brasileira-de-sinais-libras-modulo-i\">L\u00edngua Brasileira de Sinais &#8211; Libras (M\u00f3dulo I)<\/a><\/p>\n<p>&nbsp;<\/p>\n<p><strong>OUTUBRO<\/strong><\/p>\n<p><span style=\"color: #0000ff\"> <a style=\"color: #0000ff\" href=\"http:\/\/homolog.saopaulo.sp.leg.br\/escoladoparlamento\/cursos\/cursos-anteriores\/cursos-realizados-em-2020\/a-filosofia-a-partir-de-seus-problemas\/\">A Filosofia a partir de seus problemas<\/a><\/span><\/p>\n<p><span style=\"color: #0000ff\"><a style=\"color: #0000ff\" href=\"http:\/\/homolog.saopaulo.sp.leg.br\/escoladoparlamento\/cursos\/cursos-anteriores\/cursos-realizados-em-2020\/caminhos-e-alternativas-para-a-reforma-tributaria\/\">Caminhos e Alternativas para a Reforma Tribut\u00e1ria<\/a><\/span><\/p>\n<p><span style=\"color: #0000ff\"> <a style=\"color: #0000ff\" href=\"http:\/\/homolog.saopaulo.sp.leg.br\/escoladoparlamento\/cursos\/cursos-anteriores\/cursos-realizados-em-2020\/educacao-politica-juventudes-e-democracia\/\">Educa\u00e7\u00e3o Pol\u00edtica, Juventudes e democracia &#8211; semin\u00e1rio de lan\u00e7amento da 11\u00aa edi\u00e7\u00e3o da Revista Parlamento e Sociedade<\/a><\/span><\/p>\n<p><span style=\"color: #0000ff\"> <a style=\"color: #0000ff\" href=\"https:\/\/homolog.saopaulo.sp.leg.br\/escoladoparlamento\/cursos\/cursos-anteriores\/cursos-realizados-em-2020\/seminarios-educacao-em-pesquisa\/\">Semin\u00e1rios Educa\u00e7\u00e3o em Pesquisa<\/a><\/span><\/p>\n<p><span style=\"color: #0000ff\"><a style=\"color: #0000ff\" href=\"https:\/\/homolog.saopaulo.sp.leg.br\/escoladoparlamento\/cursos\/cursos-anteriores\/cursos-realizados-em-2020\/comunicacao-politica-esfera-digital-e-gabinete-parlamentar-2a-edicao\/\">Comunica\u00e7\u00e3o Pol\u00edtica, Esfera Digital e Gabinete Parlamentar &#8211; 2.\u00aa Edi\u00e7\u00e3o<\/a><\/span><\/p>\n<p><span style=\"color: #0000ff\"><a style=\"color: #0000ff\" href=\"https:\/\/homolog.saopaulo.sp.leg.br\/escoladoparlamento\/cursos\/cursos-anteriores\/cursos-realizados-em-2020\/11o-encontro-das-origens-da-filosofia-contemporanea-edicao-extraordinaria\/\">11\u00b0 Encontro de Estudos da Origens da Filosofia Contempor\u00e2nea<\/a><\/span><\/p>\n<p><span style=\"color: #0000ff\"><a style=\"color: #0000ff\" href=\"https:\/\/homolog.saopaulo.sp.leg.br\/escoladoparlamento\/cursos\/em-andamento\/a-justica-eleitoral-paulista-nas-eleicoes-2020\/\">Elei\u00e7\u00f5es Municipais 2020 &#8211; Aprendizagens com a Justi\u00e7a Eleitoral Paulista<\/a><\/span><\/p>\n<p><span style=\"color: #0000ff\"> <a style=\"color: #0000ff\" href=\"https:\/\/homolog.saopaulo.sp.leg.br\/escoladoparlamento\/cursos\/cursos-anteriores\/cursos-realizados-em-2020\/transicao-de-governo-nos-municipios\/\">Transi\u00e7\u00e3o de Governo nos Munic\u00edpios<\/a><\/span><\/p>\n<p><span style=\"color: #0000ff\"> <a style=\"color: #0000ff\" href=\"https:\/\/homolog.saopaulo.sp.leg.br\/escoladoparlamento\/cursos\/cursos-anteriores\/cursos-realizados-em-2020\/8o-curso-iniciacao-politica\/\">8\u00ba Curso Inicia\u00e7\u00e3o Pol\u00edtica<\/a><\/span><\/p>\n<p><span style=\"color: #0000ff\"><a style=\"color: #0000ff\" href=\"https:\/\/homolog.saopaulo.sp.leg.br\/escoladoparlamento\/cursos\/cursos-anteriores\/cursos-realizados-em-2020\/politicas-publicas-para-populacao-em-situacao-de-rua\/\">Pol\u00edticas P\u00fablicas para Popula\u00e7\u00e3o em Situa\u00e7\u00e3o de Rua<\/a><\/span><\/p>\n<p><a href=\"https:\/\/homolog.saopaulo.sp.leg.br\/escoladoparlamento\/cursos\/cursos-anteriores\/cursos-realizados-em-2020\/ciclo-de-debates-contribuicoes-da-advocacia-na-consolidacao-do-estado-democratico-de-direito\/\">Ciclo de Debates: Contribui\u00e7\u00f5es da advocacia na consolida\u00e7\u00e3o do Estado Democr\u00e1tico de Direito<\/a><\/p>\n<p><a href=\"https:\/\/homolog.saopaulo.sp.leg.br\/escoladoparlamento\/parcerias\/realizados-2\/realizados-2020\/praticas-ensino-leitura-covid\/\">Pr\u00e1ticas de Ensino de Leitura e de Escrita nas Escolas Municipais de S\u00e3o Paulo em Tempos de Pandemia<\/a><\/p>\n<p>&nbsp;<\/p>\n<p><strong>NOVEMBRO<\/strong><\/p>\n<p><span style=\"color: #0000ff\"> <a style=\"color: #0000ff\" href=\"https:\/\/homolog.saopaulo.sp.leg.br\/escoladoparlamento\/cursos\/cursos-anteriores\/cursos-realizados-em-2020\/escuta-e-participacao-infantil\/\">Escuta e Participa\u00e7\u00e3o Infantil<\/a><\/span><\/p>\n<p><a href=\"https:\/\/homolog.saopaulo.sp.leg.br\/escoladoparlamento\/parcerias\/realizados-2\/realizados-2020\/curso-educacao-para-as-relacoes-etnico-raciais-suportes-teoricos-e-praticas-pedagogicas\/\">Educa\u00e7\u00e3o para as Rela\u00e7\u00f5es \u00c9tnico-Raciais: suportes te\u00f3ricos e pr\u00e1ticas pedag\u00f3gicas<\/a><\/p>\n<p>&nbsp;<\/p>\n<p><strong>DEZEMBRO<\/strong><\/p>\n<p><span style=\"color: #0000ff\"><a style=\"color: #0000ff\" href=\"https:\/\/homolog.saopaulo.sp.leg.br\/escoladoparlamento\/cursos\/cursos-anteriores\/cursos-realizados-em-2020\/desafios-do-desenvolvimento-brasileiro-pos-covid19\/\">Desafios do Desenvolvimento Brasileiro P\u00f3s-Covid 19<\/a><\/span><\/p>\n<p><span style=\"color: #0000ff\"> <a style=\"color: #0000ff\" href=\"https:\/\/homolog.saopaulo.sp.leg.br\/escoladoparlamento\/cursos\/cursos-anteriores\/cursos-realizados-em-2020\/lei-complementar-173-lgpd-e-desafios-atuais-no-poder-legislativo\/\">Lei Complementar 173, LGPD e Desafios Atuais no Poder Legislativo<\/a><\/span><\/p>\n<p><span style=\"color: #0000ff\"><a style=\"color: #0000ff\" href=\"https:\/\/homolog.saopaulo.sp.leg.br\/escoladoparlamento\/cursos\/cursos-anteriores\/cursos-realizados-em-2020\/relacoes-governamentais-investimentos-seguranca-juridica-e-a-interface-com-sociedade-civil\/\">Advocacy e Rela\u00e7\u00f5es Governamentais na Esfera Municipal<\/a><\/span><\/p>\n<p><span style=\"color: #0000ff\"> <a style=\"color: #0000ff\" href=\"https:\/\/homolog.saopaulo.sp.leg.br\/escoladoparlamento\/cursos\/cursos-anteriores\/cursos-realizados-em-2020\/30-anos-lei-organica\/\">Os 30 anos da Lei Org\u00e2nica do Munic\u00edpio de S\u00e3o Paulo<\/a><\/span><\/p>\n<p>&nbsp;<\/p>\n","protected":false},"excerpt":{"rendered":"<p>FEVEREIRO Simulador Eleitoral &nbsp; MAIO Comunica\u00e7\u00e3o Pol\u00edtica, Esfera Digital e Gabinete Parlamentar Desafios para o Desenvolvimento no s\u00e9c. XXI Introdu\u00e7\u00e3o \u00e0 Hist\u00f3ria da Filosofia Linguagem Simples e Poder P\u00fablico: Como aumentar a efetividade da Administra\u00e7\u00e3o P\u00fablica em situa\u00e7\u00f5es de crise Pol\u00edticas P\u00fablicas do Livro, da Leitura, da Literatura e da Biblioteca Projeto Rep\u00f3rter do Futuro [&hellip;]<\/p>\n","protected":false},"author":127,"featured_media":0,"parent":169,"menu_order":217,"comment_status":"closed","ping_status":"closed","template":"","meta":{"_acf_changed":false,"footnotes":""},"class_list":["post-17641","page","type-page","status-publish","hentry"],"acf":[],"_links":{"self":[{"href":"https:\/\/homolog.saopaulo.sp.leg.br\/escoladoparlamento\/wp-json\/wp\/v2\/pages\/17641","targetHints":{"allow":["GET"]}}],"collection":[{"href":"https:\/\/homolog.saopaulo.sp.leg.br\/escoladoparlamento\/wp-json\/wp\/v2\/pages"}],"about":[{"href":"https:\/\/homolog.saopaulo.sp.leg.br\/escoladoparlamento\/wp-json\/wp\/v2\/types\/page"}],"author":[{"embeddable":true,"href":"https:\/\/homolog.saopaulo.sp.leg.br\/escoladoparlamento\/wp-json\/wp\/v2\/users\/127"}],"replies":[{"embeddable":true,"href":"https:\/\/homolog.saopaulo.sp.leg.br\/escoladoparlamento\/wp-json\/wp\/v2\/comments?post=17641"}],"version-history":[{"count":5,"href":"https:\/\/homolog.saopaulo.sp.leg.br\/escoladoparlamento\/wp-json\/wp\/v2\/pages\/17641\/revisions"}],"predecessor-version":[{"id":29070,"href":"https:\/\/homolog.saopaulo.sp.leg.br\/escoladoparlamento\/wp-json\/wp\/v2\/pages\/17641\/revisions\/29070"}],"up":[{"embeddable":true,"href":"https:\/\/homolog.saopaulo.sp.leg.br\/escoladoparlamento\/wp-json\/wp\/v2\/pages\/169"}],"wp:attachment":[{"href":"https:\/\/homolog.saopaulo.sp.leg.br\/escoladoparlamento\/wp-json\/wp\/v2\/media?parent=17641"}],"curies":[{"name":"wp","href":"https:\/\/api.w.org\/{rel}","templated":true}]}}