{"id":1799,"date":"2015-09-18T19:58:40","date_gmt":"2015-09-18T22:58:40","guid":{"rendered":"http:\/\/homolog.saopaulo.sp.leg.br\/escoladoparlamento\/?page_id=1799"},"modified":"2018-05-11T14:46:00","modified_gmt":"2018-05-11T17:46:00","slug":"caminhos-da-comunicacao-publica-midia-sociedade-e-estado","status":"publish","type":"page","link":"https:\/\/homolog.saopaulo.sp.leg.br\/escoladoparlamento\/cursos\/cursos-anteriores\/cursos-realizados-em-2015\/caminhos-da-comunicacao-publica-midia-sociedade-e-estado\/","title":{"rendered":"Caminhos da Comunica\u00e7\u00e3o P\u00fablica: M\u00eddia, Sociedade e Estado"},"content":{"rendered":"<p><iframe loading=\"lazy\" title=\"C\u00e2mara promove semin\u00e1rio para discutir comunica\u00e7\u00e3o p\u00fablica\" width=\"640\" height=\"480\" src=\"https:\/\/www.youtube.com\/embed\/XWFjOcvJERA?feature=oembed\" frameborder=\"0\" allow=\"accelerometer; autoplay; clipboard-write; encrypted-media; gyroscope; picture-in-picture; web-share\" referrerpolicy=\"strict-origin-when-cross-origin\" allowfullscreen><\/iframe><\/p>\n<p><iframe loading=\"lazy\" title=\"C\u00e2mara promove semin\u00e1rio &quot;Caminhos da Comunica\u00e7\u00e3o P\u00fablica&quot;\" width=\"640\" height=\"480\" src=\"https:\/\/www.youtube.com\/embed\/Am95IjL-6kg?feature=oembed\" frameborder=\"0\" allow=\"accelerometer; autoplay; clipboard-write; encrypted-media; gyroscope; picture-in-picture; web-share\" referrerpolicy=\"strict-origin-when-cross-origin\" allowfullscreen><\/iframe><\/p>\n<p><iframe loading=\"lazy\" title=\"Editor da revista Apartes fala sobre semin\u00e1rio de comunica\u00e7\u00e3o\" width=\"640\" height=\"480\" src=\"https:\/\/www.youtube.com\/embed\/I8JgXw38Gmk?feature=oembed\" frameborder=\"0\" allow=\"accelerometer; autoplay; clipboard-write; encrypted-media; gyroscope; picture-in-picture; web-share\" referrerpolicy=\"strict-origin-when-cross-origin\" allowfullscreen><\/iframe><\/p>\n<p><iframe loading=\"lazy\" title=\"C\u00e2mara promove semin\u00e1rio &quot;Caminhos da Comunica\u00e7\u00e3o P\u00fablica&quot;\" width=\"640\" height=\"480\" src=\"https:\/\/www.youtube.com\/embed\/5dnQHFNi3S8?feature=oembed\" frameborder=\"0\" allow=\"accelerometer; autoplay; clipboard-write; encrypted-media; gyroscope; picture-in-picture; web-share\" referrerpolicy=\"strict-origin-when-cross-origin\" allowfullscreen><\/iframe><\/p>\n<hr \/>\n<h4>V\u00eddeos com todos os pain\u00e9is na \u00edntegra.<\/h4>\n<p><iframe loading=\"lazy\" title=\"Comunica\u00e7\u00e3o P\u00fablica\" width=\"640\" height=\"360\" src=\"https:\/\/www.youtube.com\/embed\/videoseries?list=PL7WmlcfNQHf6Gh06espNyWGfBcYeDTKvd\" frameborder=\"0\" allow=\"accelerometer; autoplay; clipboard-write; encrypted-media; gyroscope; picture-in-picture; web-share\" referrerpolicy=\"strict-origin-when-cross-origin\" allowfullscreen><\/iframe><\/p>\n<p><strong>Objetivos:<\/strong> O Semin\u00e1rio \u201cCaminhos da Comunica\u00e7\u00e3o P\u00fablica: M\u00eddia, Sociedade e Estado\u201d tem por objetivo fomentar o debate acerca das formas de intera\u00e7\u00e3o democr\u00e1tica entre os ve\u00edculos de comunica\u00e7\u00e3o institucional e a sociedade. O evento visa apresentar os desafios da intera\u00e7\u00e3o, do acesso aos dados, da transpar\u00eancia e da gest\u00e3o da informa\u00e7\u00e3o de interesse p\u00fablico.<\/p>\n<p>Como interagir com institui\u00e7\u00f5es e seus representantes; onde buscar a informa\u00e7\u00e3o e os dados p\u00fablicos; como se comportam os ve\u00edculos de comunica\u00e7\u00e3o em rela\u00e7\u00e3o aos temas e servi\u00e7os de utilidade p\u00fablica; o que esperar das ferramentas de comunica\u00e7\u00e3o institucional, como portais, revistas, TVs e redes sociais.<\/p>\n<p><strong>P\u00fablico-alvo:<\/strong> Gestores e servidores p\u00fablicos dos poderes Legislativo, Executivo e Judici\u00e1rio e de outros entes da administra\u00e7\u00e3o p\u00fablica; professores e estudantes de\u00a0comunica\u00e7\u00e3o; profissionais e membros da sociedade civil que atuem ou tenham interesse na \u00e1rea.<\/p>\n<p><strong>Coordenadora:<\/strong> Maria Isabel Lopes Corr\u00eaa e L\u00edvia Karasawa Tamashiro<\/p>\n<p><strong>Diretora Respons\u00e1vel:<\/strong> Tatiana Braz Ribeiral<\/p>\n<p><strong>Vagas:<\/strong> 180<\/p>\n<p><strong>Carga Hor\u00e1ria:<\/strong> 16h<\/p>\n<p><strong>Inscri\u00e7\u00f5es:<\/strong> Encerradas.<\/p>\n<h3><strong>Programa:<\/strong><\/h3>\n<table>\n<tbody>\n<tr>\n<td><strong>Data<\/strong><\/td>\n<td><strong>Hor\u00e1rio<\/strong><\/td>\n<td><strong>Local<\/strong><\/td>\n<\/tr>\n<tr>\n<td><strong>8\/10<\/strong><\/td>\n<td>9h30 \u00e0s 18h30<\/td>\n<td><a href=\"http:\/\/homolog.saopaulo.sp.leg.br\/transparencia\/auditorios-online\/auditorio-prestes-maia\/\">Audit\u00f3rio Prestes Maia (Plenarinho)<\/a><\/td>\n<\/tr>\n<tr>\n<td><strong>9\/10<\/strong><\/td>\n<td>10h \u00e0s 18h<\/td>\n<td><a href=\"http:\/\/homolog.saopaulo.sp.leg.br\/transparencia\/auditorios-online\/auditorio-prestes-maia\/\">Audit\u00f3rio Prestes Maia (Plenarinho)<\/a><\/td>\n<\/tr>\n<\/tbody>\n<\/table>\n<p><strong>Programa detalhado:<\/strong><\/p>\n<table>\n<tbody>\n<tr>\n<td>\n<h3><strong>8\/10<\/strong><\/h3>\n<\/td>\n<td><\/td>\n<\/tr>\n<tr>\n<td>\n<h4>9h<\/h4>\n<\/td>\n<td>\n<h4>CREDENCIAMENTO<\/h4>\n<\/td>\n<\/tr>\n<tr>\n<td>\n<h4>9h30<\/h4>\n<\/td>\n<td>\n<h4>ABERTURA<\/h4>\n<p><strong>Ant\u00f4nio Donato <\/strong>\/\/presidente C\u00e2mara Municipal de S\u00e3o Paulo<\/p>\n<p><strong>Christy Ganzert Pato <\/strong>\/\/diretor-presidente da Escola do Parlamento da CMSP<\/p>\n<p><strong>Maria Isabel Lopes Correa<\/strong> \/\/coordenadora de Comunica\u00e7\u00e3o da Escola do Parlamento<\/p>\n<p><strong>Antonio Assiz<\/strong> \/\/diretor de Comunica\u00e7\u00e3o Externa da CMSP<\/td>\n<\/tr>\n<tr>\n<td>\n<h4>10h-12h30<\/h4>\n<\/td>\n<td>\n<h4>PAINEL 1 | <em>Desafios da Comunica\u00e7\u00e3o P\u00fablica<\/em><\/h4>\n<p><strong>Antonio Assiz<\/strong> \/\/diretor de Comunica\u00e7\u00e3o Externa da CMSP<\/p>\n<p><strong>Evandro Spinelli<\/strong> \/\/diretor de Atendimento da FSB Comunica\u00e7\u00f5es<\/p>\n<p><strong>Eduardo Ribeiro<\/strong> \/\/diretor de Jornalismo da ABI \u2013 Associa\u00e7\u00e3o Brasileira de Imprensa<\/td>\n<\/tr>\n<tr>\n<td>\n<h4>14h-16h<\/h4>\n<\/td>\n<td>\n<h4>PAINEL 2 <em>| Rela\u00e7\u00f5es com a M\u00eddia: o papel do assessor<\/em><\/h4>\n<p><strong>D\u00e9bora Pinheiro<\/strong> \/\/analista de Pol\u00edticas sociais do Minist\u00e9rio da Sa\u00fade<\/p>\n<p><strong>Ros\u00e2ngela Sanches<\/strong> \/\/diretora de Comunica\u00e7\u00e3o do Tribunal de Justi\u00e7a do SP<\/p>\n<p><strong>Everaldo Gouveia<\/strong> \/\/assessor de imprensa da Presid\u00eancia da CMSP<\/td>\n<\/tr>\n<tr>\n<td>\n<h4>16h15-18h15<\/h4>\n<\/td>\n<td>\n<h4>PAINEL\u00a03 <em>| Transpar\u00eancia: acesso \u00e0 informa\u00e7\u00e3o p\u00fablica<\/em><\/h4>\n<p><strong>Eunice Prudente<\/strong> \/\/diretora da Ouvidoria Geral do Estado de S\u00e3o Paulo<\/p>\n<p><strong>Fernanda Campagnucci<\/strong> \/\/coordenadora de Promo\u00e7\u00e3o da Integridade da Controladoria Geral do Munic\u00edpio de SP<\/p>\n<p><strong>Fl\u00e1vio Munhoz<\/strong> \/\/coordenador do Portal da CMSP<\/td>\n<\/tr>\n<tr>\n<td>\n<h3><strong>9\/10<\/strong><\/h3>\n<\/td>\n<td><\/td>\n<\/tr>\n<tr>\n<td>\n<h4>10h-12h30<\/h4>\n<\/td>\n<td>\n<h4>PAINEL 4<em> | Di\u00e1logos pelas Redes Sociais: #tend\u00eancias<\/em><\/h4>\n<p><strong>Bia Abramo<\/strong> \/\/coordenadora de Redes Sociais da Prefeitura de S\u00e3o Paulo<\/p>\n<p><strong>Marcos Giovanella<\/strong> \/\/diretor de Marketing da Prefeitura de Curitiba<\/p>\n<p><strong>Higor Faria<\/strong> \/\/coordenador de redes sociais do Conselho Superior da Justi\u00e7a do Trabalho<\/td>\n<\/tr>\n<tr>\n<td>\n<h4>13h45-15h45<\/h4>\n<\/td>\n<td>\n<h4>PAINEL 5<em> | Constru\u00e7\u00e3o das M\u00eddias Legislativas: da pauta \u00e0 veicula\u00e7\u00e3o<\/em><\/h4>\n<p><strong>Ricardo Icassati Hermano<\/strong> \/\/diretor da Ag\u00eancia e do Jornal do Senado<\/p>\n<p><strong>S\u00e2ndor Vasconcelos<\/strong> \/\/editor da revista Apartes<\/p>\n<p><strong>Wagner Belmonte<\/strong> \/\/diretor da TV C\u00e2mara S\u00e3o Paulo<\/td>\n<\/tr>\n<tr>\n<td>\n<h4>16h-18h<\/h4>\n<\/td>\n<td>\n<h4>PAINEL 6 |<em>Comunica\u00e7\u00e3o P\u00fablica: A vis\u00e3o da imprensa<\/em><\/h4>\n<p><strong>Tatiana Vasconcellos<\/strong> \/\/\u00e2ncora da BandNews FM<\/p>\n<p><strong>Gabriel Prado<\/strong> \/\/rep\u00f3rter da Globonews<\/p>\n<p><strong>Giba Bergamim Jr.<\/strong> \/\/rep\u00f3rter do caderno Cotidiano da Folha de S. Paulo<\/td>\n<\/tr>\n<\/tbody>\n<\/table>\n","protected":false},"excerpt":{"rendered":"<p>V\u00eddeos com todos os pain\u00e9is na \u00edntegra. Objetivos: O Semin\u00e1rio \u201cCaminhos da Comunica\u00e7\u00e3o P\u00fablica: M\u00eddia, Sociedade e Estado\u201d tem por objetivo fomentar o debate acerca das formas de intera\u00e7\u00e3o democr\u00e1tica entre os ve\u00edculos de comunica\u00e7\u00e3o institucional e a sociedade. O evento visa apresentar os desafios da intera\u00e7\u00e3o, do acesso aos dados, da transpar\u00eancia e da [&hellip;]<\/p>\n","protected":false},"author":79,"featured_media":0,"parent":1331,"menu_order":648,"comment_status":"closed","ping_status":"closed","template":"","meta":{"_acf_changed":false,"footnotes":""},"class_list":["post-1799","page","type-page","status-publish","hentry"],"acf":[],"_links":{"self":[{"href":"https:\/\/homolog.saopaulo.sp.leg.br\/escoladoparlamento\/wp-json\/wp\/v2\/pages\/1799","targetHints":{"allow":["GET"]}}],"collection":[{"href":"https:\/\/homolog.saopaulo.sp.leg.br\/escoladoparlamento\/wp-json\/wp\/v2\/pages"}],"about":[{"href":"https:\/\/homolog.saopaulo.sp.leg.br\/escoladoparlamento\/wp-json\/wp\/v2\/types\/page"}],"author":[{"embeddable":true,"href":"https:\/\/homolog.saopaulo.sp.leg.br\/escoladoparlamento\/wp-json\/wp\/v2\/users\/79"}],"replies":[{"embeddable":true,"href":"https:\/\/homolog.saopaulo.sp.leg.br\/escoladoparlamento\/wp-json\/wp\/v2\/comments?post=1799"}],"version-history":[{"count":5,"href":"https:\/\/homolog.saopaulo.sp.leg.br\/escoladoparlamento\/wp-json\/wp\/v2\/pages\/1799\/revisions"}],"predecessor-version":[{"id":9423,"href":"https:\/\/homolog.saopaulo.sp.leg.br\/escoladoparlamento\/wp-json\/wp\/v2\/pages\/1799\/revisions\/9423"}],"up":[{"embeddable":true,"href":"https:\/\/homolog.saopaulo.sp.leg.br\/escoladoparlamento\/wp-json\/wp\/v2\/pages\/1331"}],"wp:attachment":[{"href":"https:\/\/homolog.saopaulo.sp.leg.br\/escoladoparlamento\/wp-json\/wp\/v2\/media?parent=1799"}],"curies":[{"name":"wp","href":"https:\/\/api.w.org\/{rel}","templated":true}]}}