{"id":18228,"date":"2020-07-02T17:56:58","date_gmt":"2020-07-02T20:56:58","guid":{"rendered":"http:\/\/homolog.saopaulo.sp.leg.br\/escoladoparlamento\/?page_id=18228"},"modified":"2025-05-28T16:47:29","modified_gmt":"2025-05-28T19:47:29","slug":"todos-contra-as-fake-news-compromisso-com-a-democracia","status":"publish","type":"page","link":"https:\/\/homolog.saopaulo.sp.leg.br\/escoladoparlamento\/cursos\/cursos-anteriores\/cursos-realizados-em-2020\/todos-contra-as-fake-news-compromisso-com-a-democracia\/","title":{"rendered":"Todos contra as Fake News: Compromisso com a Democracia"},"content":{"rendered":"<h3><strong><a href=\"https:\/\/homolog.saopaulo.sp.leg.br\/escoladoparlamento\/wp-content\/uploads\/sites\/5\/2020\/07\/logo-abracrim-2-55.png\"><img loading=\"lazy\" decoding=\"async\" class=\"alignright wp-image-18232 size-full\" src=\"https:\/\/homolog.saopaulo.sp.leg.br\/escoladoparlamento\/wp-content\/uploads\/sites\/5\/2020\/07\/logo-abracrim-2-55.png\" alt=\"\" width=\"164\" height=\"94\" \/><\/a>Parceria Escola do Parlamento e ABRACRIM &#8211; Associa\u00e7\u00e3o Brasileira dos Advogados Criminalistas<\/strong><\/h3>\n<p>&nbsp;<\/p>\n<p>Considerando:<\/p>\n<ul>\n<li>Os riscos que a deteriora\u00e7\u00e3o do debate p\u00fablico, a partir da propaga\u00e7\u00e3o das <em>fake news<\/em>, imp\u00f5em \u00e0 democracia brasileira;<\/li>\n<li>Os custos da prolifera\u00e7\u00e3o das <em>fake news<\/em> para o sistema eleitoral brasileiro;<\/li>\n<li>Os esfor\u00e7os do Poder Legislativo e do Poder Judici\u00e1rio brasileiros para a constru\u00e7\u00e3o de solu\u00e7\u00f5es democr\u00e1ticas e eficazes para combater a dissemina\u00e7\u00e3o das <em>fake news<\/em> e os seus impactos na esfera p\u00fablica.<\/li>\n<\/ul>\n<p>A <em>C\u00e2mara Municipal de S\u00e3o Paulo<\/em>, atrav\u00e9s da <em>Escola do Parlamento<\/em>, em parceria com a Associa\u00e7\u00e3o Brasileira de Advogados Criminalistas, organizaram, sob a lideran\u00e7a do Dr. Luiz Augusto D\u2019Urso a cartilha <strong><em>Todos contra as Fake News<\/em><\/strong>, com o objetivo de subsidiar o debate p\u00fablico e promover o esclarecimento da popula\u00e7\u00e3o sobre a quest\u00e3o, ampliando a compreens\u00e3o de todos sobre o que s\u00e3o as <em>fake news<\/em>, porque elas provocam a deteriora\u00e7\u00e3o da sociabilidade p\u00fablica e do debate pol\u00edtico e como elas t\u00eam impactado a qualidade da democracia brasileira.<\/p>\n<p>Este evento aqui proposto oportuniza o lan\u00e7amento da Cartilha e tamb\u00e9m o in\u00edcio das atividades de forma\u00e7\u00e3o da <em>Escola do Parlamento<\/em> neste campo.<\/p>\n<p><strong>Objetivos:<\/strong><\/p>\n<ul>\n<li>Identificar, analisar e compreender o fen\u00f4meno das <em>fake news<\/em>.<\/li>\n<li>Compreender o impacto das <em>fake news<\/em> na deteriora\u00e7\u00e3o do debate p\u00fablico.<\/li>\n<li>Comprometer-se com um comportamento respons\u00e1vel, evitando a prolifera\u00e7\u00e3o das <em>fake news<\/em>.<\/li>\n<\/ul>\n<p><strong>Conte\u00fados:<\/strong><\/p>\n<ul>\n<li>Conceito de <em>fake news<\/em><\/li>\n<li>O enquadramento jur\u00eddico poss\u00edvel das <em>fake news<\/em><\/li>\n<li>Impactos das <em>fake news<\/em> na esfera p\u00fablica e no debate pol\u00edtico<\/li>\n<li><em>Fake news<\/em> e crimes de reputa\u00e7\u00e3o.<\/li>\n<\/ul>\n<p><strong>P\u00fablico Alvo:<\/strong> interessados no tema<\/p>\n<h2><strong><span style=\"color: #000000\">6 de julho das 17h \u00e0s 18h<\/span><\/strong><\/h2>\n<p><strong><span style=\"color: #ff0000\">O evento ser\u00e1 aberto e dispensa inscri\u00e7\u00f5es.<\/span><\/strong><br \/>\n<strong><span style=\"color: #ff0000\">A transmiss\u00e3o ser\u00e1 ONLINE atrav\u00e9s de <em>streaming\u00a0<\/em>na p\u00e1gina da\u00a0<span style=\"color: #0000ff\"><a style=\"color: #0000ff\" href=\"http:\/\/www.facebook.com\/eparlamento\">Escola do Parlamento no Facebook<\/a>.<\/span><\/span><\/strong><\/p>\n<h4>Clique <a href=\"https:\/\/youtu.be\/ltDnOVVtZos\">AQUI<\/a> para assistir ao v\u00eddeo do evento de lan\u00e7amento<\/h4>\n<p><strong>Com as presen\u00e7as de:<\/strong><\/p>\n<p><strong>Vereador Eduardo Tuma<\/strong> <strong>\u2219 <\/strong><em>Presidente da C\u00e2mara Municipal de S\u00e3o Paulo<\/em><br \/>\n<strong>Dr. Luiz Augusto D\u2019Urso<\/strong> <strong>\u2219 <\/strong><em>FGV\/ ABRACRIM<\/em><br \/>\n<strong>Prof. Dr. Alexsandro Santos<\/strong> <strong>\u2219 <\/strong><em>Diretor-Presidente da Escola do Parlamento da C\u00e2mara Municipal de S\u00e3o Paulo<\/em><\/p>\n<h2><\/h2>\n<h3>Baixe aqui a sua cartilha <a href=\"https:\/\/homolog.saopaulo.sp.leg.br\/escoladoparlamento\/wp-content\/uploads\/sites\/5\/2020\/07\/Todos-contra-as-fake-news-atualizado-em-020720.pdf\">Todos Contra as Fake News<\/a><\/h3>\n<p>Assista tamb\u00e9m \u00e0 <a href=\"http:\/\/youtube.com\/playlist?list=PLx0-rxXcyzf8Gllrq-yl6vDXvVG1JTk0f\">s\u00e9rie de v\u00eddeos <em>Fake News<\/em><\/a> elaborados em parceria com a TV C\u00e2mara<\/p>\n<p style=\"text-align: center\">\n","protected":false},"excerpt":{"rendered":"<p>Parceria Escola do Parlamento e ABRACRIM &#8211; Associa\u00e7\u00e3o Brasileira dos Advogados Criminalistas &nbsp; Considerando: Os riscos que a deteriora\u00e7\u00e3o do debate p\u00fablico, a partir da propaga\u00e7\u00e3o das fake news, imp\u00f5em \u00e0 democracia brasileira; Os custos da prolifera\u00e7\u00e3o das fake news para o sistema eleitoral brasileiro; Os esfor\u00e7os do Poder Legislativo e do Poder Judici\u00e1rio brasileiros [&hellip;]<\/p>\n","protected":false},"author":522,"featured_media":0,"parent":17641,"menu_order":204,"comment_status":"closed","ping_status":"closed","template":"","meta":{"_acf_changed":false,"footnotes":""},"class_list":["post-18228","page","type-page","status-publish","hentry"],"acf":[],"_links":{"self":[{"href":"https:\/\/homolog.saopaulo.sp.leg.br\/escoladoparlamento\/wp-json\/wp\/v2\/pages\/18228","targetHints":{"allow":["GET"]}}],"collection":[{"href":"https:\/\/homolog.saopaulo.sp.leg.br\/escoladoparlamento\/wp-json\/wp\/v2\/pages"}],"about":[{"href":"https:\/\/homolog.saopaulo.sp.leg.br\/escoladoparlamento\/wp-json\/wp\/v2\/types\/page"}],"author":[{"embeddable":true,"href":"https:\/\/homolog.saopaulo.sp.leg.br\/escoladoparlamento\/wp-json\/wp\/v2\/users\/522"}],"replies":[{"embeddable":true,"href":"https:\/\/homolog.saopaulo.sp.leg.br\/escoladoparlamento\/wp-json\/wp\/v2\/comments?post=18228"}],"version-history":[{"count":5,"href":"https:\/\/homolog.saopaulo.sp.leg.br\/escoladoparlamento\/wp-json\/wp\/v2\/pages\/18228\/revisions"}],"predecessor-version":[{"id":29468,"href":"https:\/\/homolog.saopaulo.sp.leg.br\/escoladoparlamento\/wp-json\/wp\/v2\/pages\/18228\/revisions\/29468"}],"up":[{"embeddable":true,"href":"https:\/\/homolog.saopaulo.sp.leg.br\/escoladoparlamento\/wp-json\/wp\/v2\/pages\/17641"}],"wp:attachment":[{"href":"https:\/\/homolog.saopaulo.sp.leg.br\/escoladoparlamento\/wp-json\/wp\/v2\/media?parent=18228"}],"curies":[{"name":"wp","href":"https:\/\/api.w.org\/{rel}","templated":true}]}}