{"id":1882,"date":"2015-09-24T14:28:41","date_gmt":"2015-09-24T17:28:41","guid":{"rendered":"http:\/\/homolog.saopaulo.sp.leg.br\/escoladoparlamento\/?page_id=1882"},"modified":"2018-05-11T14:42:58","modified_gmt":"2018-05-11T17:42:58","slug":"cidadania-e-politica","status":"publish","type":"page","link":"https:\/\/homolog.saopaulo.sp.leg.br\/escoladoparlamento\/cursos\/cursos-anteriores\/cursos-realizados-em-2015\/cidadania-e-politica\/","title":{"rendered":"Cidadania e Pol\u00edtica II"},"content":{"rendered":"<p><iframe loading=\"lazy\" title=\"Ciclo de palestras quer aproximar popula\u00e7\u00e3o do legislativo paulistano\" width=\"640\" height=\"480\" src=\"https:\/\/www.youtube.com\/embed\/jH33xIQKU4I?feature=oembed\" frameborder=\"0\" allow=\"accelerometer; autoplay; clipboard-write; encrypted-media; gyroscope; picture-in-picture; web-share\" referrerpolicy=\"strict-origin-when-cross-origin\" allowfullscreen><\/iframe><\/p>\n<hr \/>\n<p><strong>Objetivos:<\/strong> Aproximar cidad\u00e3os dos conceitos cotidianos da pol\u00edtica auxiliando na compreens\u00e3o do funcionamento das institui\u00e7\u00f5es eleitorais e pol\u00edticas. T\u00f3picos: Democracia e Participa\u00e7\u00e3o; Estrutura do estado brasileiro (federalismo, compet\u00eancia de cada ente); Forma de organiza\u00e7\u00e3o e atribui\u00e7\u00f5es do poder executivo; Forma de organiza\u00e7\u00e3o e atribui\u00e7\u00f5es do poder legislativo; Sistema Eleitoral (proporcional e majorit\u00e1rio).<\/p>\n<p><strong>Coordenadora e Diretora Respons\u00e1vel:<\/strong> Lara Mesquita.<\/p>\n<p><strong>Carga Hor\u00e1ria:<\/strong> 10h<\/p>\n<p><strong>P\u00fablico Alvo: <\/strong>Servidores da C\u00e2mara Municipal e da Prefeitura, Lideran\u00e7as Comunit\u00e1rias e p\u00fablico em geral.<\/p>\n<p><strong>Vagas:<\/strong> 60<\/p>\n<p><strong>Inscri\u00e7\u00f5es:<\/strong> Encerradas.<\/p>\n<h3><strong>Programa:<\/strong><\/h3>\n<table width=\"839\">\n<tbody>\n<tr>\n<td><strong>Data<\/strong><\/td>\n<td><strong>Hora<\/strong><\/td>\n<td><strong>Local<\/strong><\/td>\n<td><strong>Tema<\/strong><\/td>\n<td><strong>Palestrante<\/strong><\/td>\n<\/tr>\n<tr>\n<td><strong>05\/10<\/strong><\/td>\n<td>19:30 \u2013 21:30<\/td>\n<td><a href=\"http:\/\/homolog.saopaulo.sp.leg.br\/transparencia\/auditorios-online\/sala-oscar-pedroso-horta-sala-b\/\">Sala Oscar Pedroso Horta<\/a><\/td>\n<td><em>Democracia e Participa\u00e7\u00e3o<\/em><\/td>\n<td>Christy Ganzert Pato<\/td>\n<\/tr>\n<tr>\n<td><strong>07\/10<\/strong><\/td>\n<td>19:30 \u2013 21:30<\/td>\n<td><a href=\"http:\/\/homolog.saopaulo.sp.leg.br\/transparencia\/auditorios-online\/sala-oscar-pedroso-horta-sala-b\/\">Sala Oscar Pedroso Horta<\/a><\/td>\n<td><em>Estrutura do Estado Brasileiro (federalismo e atribui\u00e7\u00f5es de cada ente)<\/em><\/td>\n<td>Lara Mesquita<\/td>\n<\/tr>\n<tr>\n<td><strong>14\/10<\/strong><\/td>\n<td>19:30 \u2013 21:30<\/td>\n<td><a href=\"http:\/\/homolog.saopaulo.sp.leg.br\/transparencia\/auditorios-online\/sala-tiradentes\/\">Tiradentes<\/a><\/td>\n<td><em>Poder Legislativo (forma de organiza\u00e7\u00e3o e atua\u00e7\u00e3o \u2013 foco no munic\u00edpio)\u00a0<\/em><\/td>\n<td>Humberto Dantas<\/td>\n<\/tr>\n<tr>\n<td><strong>19\/10<\/strong><\/td>\n<td>19:30 \u2013 21:30<\/td>\n<td><a href=\"http:\/\/homolog.saopaulo.sp.leg.br\/transparencia\/auditorios-online\/sala-oscar-pedroso-horta-sala-b\/\">Sala Oscar Pedroso Horta<\/a><\/td>\n<td><em>Poder Executivo (forma de organiza\u00e7\u00e3o e atua\u00e7\u00e3o \u2013 foco no munic\u00edpio)\u00a0<\/em><\/td>\n<td>Tatiana Ribeiral<\/td>\n<\/tr>\n<tr>\n<td><strong>21\/10<\/strong><\/td>\n<td>19:30 \u2013 21:30<\/td>\n<td><a href=\"http:\/\/homolog.saopaulo.sp.leg.br\/transparencia\/auditorios-online\/sala-oscar-pedroso-horta-sala-b\/\">Sala Oscar Pedroso Horta<\/a><\/td>\n<td><em>Sistema Eleitoral\u00a0<\/em><\/td>\n<td>Lara Mesquita<\/td>\n<\/tr>\n<\/tbody>\n<\/table>\n","protected":false},"excerpt":{"rendered":"<p>Objetivos: Aproximar cidad\u00e3os dos conceitos cotidianos da pol\u00edtica auxiliando na compreens\u00e3o do funcionamento das institui\u00e7\u00f5es eleitorais e pol\u00edticas. T\u00f3picos: Democracia e Participa\u00e7\u00e3o; Estrutura do estado brasileiro (federalismo, compet\u00eancia de cada ente); Forma de organiza\u00e7\u00e3o e atribui\u00e7\u00f5es do poder executivo; Forma de organiza\u00e7\u00e3o e atribui\u00e7\u00f5es do poder legislativo; Sistema Eleitoral (proporcional e majorit\u00e1rio). Coordenadora e Diretora [&hellip;]<\/p>\n","protected":false},"author":79,"featured_media":0,"parent":1331,"menu_order":645,"comment_status":"closed","ping_status":"closed","template":"","meta":{"_acf_changed":false,"footnotes":""},"class_list":["post-1882","page","type-page","status-publish","hentry"],"acf":[],"_links":{"self":[{"href":"https:\/\/homolog.saopaulo.sp.leg.br\/escoladoparlamento\/wp-json\/wp\/v2\/pages\/1882","targetHints":{"allow":["GET"]}}],"collection":[{"href":"https:\/\/homolog.saopaulo.sp.leg.br\/escoladoparlamento\/wp-json\/wp\/v2\/pages"}],"about":[{"href":"https:\/\/homolog.saopaulo.sp.leg.br\/escoladoparlamento\/wp-json\/wp\/v2\/types\/page"}],"author":[{"embeddable":true,"href":"https:\/\/homolog.saopaulo.sp.leg.br\/escoladoparlamento\/wp-json\/wp\/v2\/users\/79"}],"replies":[{"embeddable":true,"href":"https:\/\/homolog.saopaulo.sp.leg.br\/escoladoparlamento\/wp-json\/wp\/v2\/comments?post=1882"}],"version-history":[{"count":5,"href":"https:\/\/homolog.saopaulo.sp.leg.br\/escoladoparlamento\/wp-json\/wp\/v2\/pages\/1882\/revisions"}],"predecessor-version":[{"id":9413,"href":"https:\/\/homolog.saopaulo.sp.leg.br\/escoladoparlamento\/wp-json\/wp\/v2\/pages\/1882\/revisions\/9413"}],"up":[{"embeddable":true,"href":"https:\/\/homolog.saopaulo.sp.leg.br\/escoladoparlamento\/wp-json\/wp\/v2\/pages\/1331"}],"wp:attachment":[{"href":"https:\/\/homolog.saopaulo.sp.leg.br\/escoladoparlamento\/wp-json\/wp\/v2\/media?parent=1882"}],"curies":[{"name":"wp","href":"https:\/\/api.w.org\/{rel}","templated":true}]}}