{"id":1963,"date":"2015-10-05T15:50:59","date_gmt":"2015-10-05T18:50:59","guid":{"rendered":"http:\/\/homolog.saopaulo.sp.leg.br\/escoladoparlamento\/?page_id=1963"},"modified":"2016-02-12T18:32:49","modified_gmt":"2016-02-12T20:32:49","slug":"xxvi-encontro-da-associacao-brasileira-de-escolas-do-legislativo-e-de-contas-abel","status":"publish","type":"page","link":"https:\/\/homolog.saopaulo.sp.leg.br\/escoladoparlamento\/cursos\/cursos-anteriores\/cursos-realizados-em-2015\/xxvi-encontro-da-associacao-brasileira-de-escolas-do-legislativo-e-de-contas-abel\/","title":{"rendered":"XXVI Encontro da ABEL e Censo das Escolas do Legislativo e de Contas"},"content":{"rendered":"<p><strong>Objetivos do Encontro: <\/strong>Resgatar a trajet\u00f3ria das Escolas, assim como a da ABEL, e abordar os desafios para o futuro das Escolas do Legislativo e de Contas<\/p>\n<p><strong>Organiza\u00e7\u00e3o:<\/strong>\u00a0ABEL, Instituto do Legislativo Paulista da Assembleia Legislativa de S\u00e3o Paulo e Escola do Parlamento da C\u00e2mara Municipal de S\u00e3o Paulo<\/p>\n<p><strong>P\u00fablico Alvo:<\/strong> Integrantes das Escolas associadas \u00e0 ABEL<\/p>\n<p><strong>Inscri\u00e7\u00f5es:<\/strong> De 07\/10 a 30\/10<\/p>\n<h3><em>A apura\u00e7\u00e3o do segundo\u00a0Censo das Escolas do Legislativo e Contas ser\u00e1 fundamental para atualizarmos o perfil dessas escolas no Brasil. Por isso, queremos mapear o hist\u00f3rico das escolas, sua estrutura f\u00edsica e acad\u00eamica, os recursos humanos dispon\u00edveis, a estrutura organizacional e or\u00e7ament\u00e1ria. Participe!<\/em><\/h3>\n<h3><a href=\"http:\/\/goo.gl\/forms\/nnIxBI1mXI\">PREENCHA AQUI O CENSO ABEL 2015<\/a><\/h3>\n<h3>Avisos aos participantes:<\/h3>\n<ol>\n<li>Para a organiza\u00e7\u00e3o dos trabalhos sugerimos que a chegada em S\u00e3o Paulo seja no dia 04 de novembro. N\u00e3o haver\u00e1 translado do aeroporto para o hotel.<\/li>\n<li>Hotel conveniado:\u00a0Pestana S\u00e3o Paulo Hotel &amp; Conference Center. Contatos: telefone (11) 4062-0609 &#8211; apertar a op\u00e7\u00e3o 1\/ E-mail: <a href=\"mailto:reservas.br@pestana.com\">reservas.br@pestana.com<\/a>. Categorias dispon\u00edveis: Single &#8211; R$ 266,00 +\u00a00,5% de ISS e Duplo &#8211; R$ 295,00 + 0,5% de ISS (Informar que \u00e9 participante do Evento da ABEL ou C\u00f3digo Promocional: GBCONGSEMR)<\/li>\n<li>As informa\u00e7\u00f5es de reserva de hospedagem devem ser repassadas \u00e0 ABEL, para controle, atrav\u00e9s dos endere\u00e7os: <a href=\"mailto:nsrebello@senado.gov.br\">nsrebello@senado.gov.br<\/a> e <a href=\"mailto:florian@senado.gov.br\">florian@senado.gov.br<\/a><\/li>\n<li>Como nos eventos anteriores, as institui\u00e7\u00f5es associadas que estejam em dia com a anuidade da ABEL ter\u00e3o direito \u00e0 inscri\u00e7\u00e3o de, no m\u00e1ximo, dois participantes, sem \u00f4nus. Para participa\u00e7\u00e3o adicional dever\u00e1 ser paga a quantia de R$800,00 (oitocentos reais) por participante.<\/li>\n<li>Dados banc\u00e1rios: Banco do Brasil. N\u00ba do banco : 001. Ag: 3600-5. C\/C: 112.377-7 . Tipo de conta: corrente pessoa jur\u00eddica. Titular: Associa\u00e7\u00e3o Brasileira das Escolas do Legislativo e de Contas &#8211; ABEL. CNPJ: 05.801.353\/0001-04<\/li>\n<li>Os associados que optaram pelo pagamento da anuidade nos termos do par\u00e1grafo \u00fanico do artigo 5\u00ba, do Estatuto Social, dever\u00e3o entrar em contato com a Diretoria para confirmar os valores espec\u00edficos da inscri\u00e7\u00e3o.<\/li>\n<\/ol>\n<p><strong>Programa\u00e7\u00e3o:<\/strong><\/p>\n<table>\n<tbody>\n<tr>\n<td colspan=\"3\">\n<h3>04\/11 | Assembleia Legislativa do Estado de S\u00e3o Paulo<\/h3>\n<\/td>\n<\/tr>\n<tr>\n<td>18h00<\/td>\n<td>Plen\u00e1rio Paulo Kobayashi<\/td>\n<td>\n<h5><strong>Solenidade de Abertura<\/strong><\/h5>\n<p>Presidente da ALESP: <em>Deputado Fernando Capez<\/em><\/p>\n<p>Presidente da ABEL: <em>Florian Madruga<\/em><\/p>\n<p>Diretora-Presidente do ILP: <em>Patr\u00edcia Rosset<\/em><\/p>\n<p>Diretor-Presidente da Escola do Parlamento: <em>Christy Ganzert Pato<\/em><\/p>\n<p>Diretora da Escola do Tribunal de Contas do Estado: <em>Conselheira Cristiana de Castro Moraes<\/em><\/p>\n<p>Diretor-Presidente da Escola do Tribunal de Contas do Munic\u00edpio: <em>Conselheiro Jo\u00e3o Antonio da Silva Filho<\/em><\/td>\n<\/tr>\n<tr>\n<td>21h<\/td>\n<td><\/td>\n<td>\n<h5><strong>Coquetel de Recep\u00e7\u00e3o<\/strong><\/h5>\n<\/td>\n<\/tr>\n<tr>\n<td colspan=\"3\">\n<h3>05\/11 | Assembleia Legislativa do Estado de S\u00e3o Paulo<\/h3>\n<\/td>\n<\/tr>\n<tr>\n<td>9h<\/td>\n<td>Sa\u00edda do Hotel para Visita<\/td>\n<td>\n<h5>MUSEU DA L\u00cdNGUA PORTUGUESA<\/h5>\n<h5>PINACOTECA<\/h5>\n<\/td>\n<\/tr>\n<tr>\n<td>12h30 &#8211; 13h45<\/td>\n<td>\u00a0Almo\u00e7o<\/td>\n<td>\u00a0Restaurante Villa Fiore, situado na Rua Ab\u00edlio Soares, 1251, pr\u00f3ximo \u00e0 ALESP.<\/td>\n<\/tr>\n<tr>\n<td>\u00a014h \u2013 17h<\/td>\n<td>\u00a0Plen\u00e1rio Teot\u00f4nio Vilela<\/td>\n<td>\n<h5><strong>PAINEL 1: POSSIBILIDADES E DESAFIOS PARA A CONSOLIDA\u00c7\u00c3O DAS ESCOLAS ENQUANTO P\u00d3LOS DE FORMA\u00c7\u00c3O CIDAD\u00c3<\/strong><\/h5>\n<p>Presid\u00eancia de Mesa:\u00a0<em>Patr\u00edcia Rosset,\u00a0<\/em>Diretora-Presidente do ILP<\/p>\n<p style=\"padding-left: 30px\"><strong>Palestra 1:<\/strong>\u00a0Comunica\u00e7\u00e3o P\u00fablica: as Escolas e a aproxima\u00e7\u00e3o do cidad\u00e3o ao Legislativo<\/p>\n<p style=\"padding-left: 60px\"><em>Ruth Schmitz de Castro,\u00a0<\/em>Escola\u00a0do Legislativo da Assembleia de Minas<\/p>\n<p style=\"padding-left: 60px\"><em>Wagner Belmonte<\/em>, Diretor da\u00a0TV C\u00e2mara SP<\/p>\n<p style=\"padding-left: 60px\">Representante da TV ALESP (nome a confirmar)<\/p>\n<p style=\"padding-left: 30px\"><strong>Palestra 2:<\/strong>\u00a0Escolas do Legislativo como processo de moderniza\u00e7\u00e3o institucional<\/p>\n<p style=\"padding-left: 60px\"><em>William Maximiliano Carvalho de Melo,\u00a0<\/em>USP<\/p>\n<p style=\"padding-left: 30px\"><strong>Palestra 3:<\/strong>\u00a0O papel das Escolas de Contas na forma\u00e7\u00e3o para a cidadania<\/p>\n<p style=\"padding-left: 60px\"><em>Norberto Pereira Platero,\u00a0<\/em>Analista de Finan\u00e7as e Controle aposentado da CGU<\/p>\n<p>&nbsp;<\/p>\n<h5><strong>PAINEL 2: TRAJET\u00d3RIA E CONSOLIDA\u00c7\u00c3O DA\u00a0ABEL<\/strong><\/h5>\n<p>Presid\u00eancia da Mesa:\u00a0<em>Florian Madruga<\/em>, Presidente da ABEL, e <em>Roberto\u00a0Eduardo Lamari<\/em>,\u00a0Diretor Regional da ABEL<\/p>\n<p style=\"padding-left: 30px\"><strong>Censo ABEL<\/strong><\/p>\n<p style=\"padding-left: 60px\"><em>Tatiana Ribeiral,\u00a0<\/em>Diretora Executiva\u00a0da Escola do Parlamento da CMSP<\/p>\n<p style=\"padding-left: 30px\"><strong>Apresenta\u00e7\u00e3o das Escolas participantes do XXVI Encontro da ABEL<\/strong><\/p>\n<p style=\"padding-left: 30px\"><strong>Entrega do Pr\u00eamio Cultural ABEL<\/strong><\/p>\n<\/td>\n<\/tr>\n<tr>\n<td>20h30 &#8211; 23h00<\/td>\n<td>JANTAR<\/td>\n<td>\n<h5>Cantina<em> Vico d&#8217;O\u00a0<\/em>Scugnizzo, localizada na Rua Arthur Azevedo, 773 &#8211; Jardim Paulista.<\/h5>\n<\/td>\n<\/tr>\n<tr>\n<td colspan=\"3\">\n<h3>06\/11 | C\u00e2mara Municipal de S\u00e3o Paulo (CMSP)<\/h3>\n<\/td>\n<\/tr>\n<tr>\n<td>9h \u2013 12h<\/td>\n<td><a href=\"http:\/\/homolog.saopaulo.sp.leg.br\/transparencia\/auditorios-online\/auditorio-prestes-maia\/\">Audit\u00f3rio Prestes Maia<\/a><\/td>\n<td>\n<h5><strong>PAINEL 3: EXPOSI\u00c7\u00c3O DAS EXPERI\u00caNCIAS DAS ESCOLAS DO LEGISLATIVO E DE CONTAS\u00a0<\/strong><\/h5>\n<p>Presid\u00eancia de Mesa: <em>Leonardo Barbagalo, <\/em>Diretor Acad\u00eamico da Escola do Parlamento da CMSP<\/td>\n<\/tr>\n<tr>\n<td><\/td>\n<td>Restaurante-Escola da CMSP<\/td>\n<td>Almo\u00e7o<\/td>\n<\/tr>\n<tr>\n<td>14h \u2013 16h<\/td>\n<td><a href=\"http:\/\/homolog.saopaulo.sp.leg.br\/transparencia\/auditorios-online\/auditorio-prestes-maia\/\">Audit\u00f3rio Prestes Maia<\/a><\/td>\n<td>\n<h5><strong>PAINEL 4: INDICADORES E POL\u00cdTICAS P\u00daBLICAS: AS ESCOLAS COMO FOMENTADORAS DE PESQUISA E DE ENGAJAMENTO SOCIAL<\/strong><\/h5>\n<p>Presid\u00eancia de Mesa: <em>Lara Mesquita, <\/em>Diretora Acad\u00eamica da Escola do Parlamento da CMSP<\/p>\n<p style=\"padding-left: 30px\"><strong>Palestra 1: <\/strong>Uso de indicadores sociais na elabora\u00e7\u00e3o e na avalia\u00e7\u00e3o de Pol\u00edticas P\u00fablicas<\/p>\n<p style=\"padding-left: 60px\"><em>Cristiane Kerches<\/em>, USP<\/p>\n<p style=\"padding-left: 30px\"><strong>Palestra 2: <\/strong>O ILP e o \u00cdndice Paulista de Responsabilidade Social &#8211; IPRS<\/p>\n<p style=\"padding-left: 60px\"><em>Tania Rodrigues Mendes,\u00a0<\/em>Diretora Executiva do ILP<\/p>\n<\/td>\n<\/tr>\n<tr>\n<td>16h30 &#8211; 17h00<\/td>\n<td><a href=\"http:\/\/homolog.saopaulo.sp.leg.br\/transparencia\/auditorios-online\/auditorio-prestes-maia\/\">Audit\u00f3rio Prestes Maia<\/a><\/td>\n<td><strong>ASSEMBLEIA GERAL DA ABEL<\/strong><\/p>\n<ul>\n<li>Escolha do local do pr\u00f3ximo\u00a0Encontro da ABEL<\/li>\n<li>Presta\u00e7\u00e3o de contas<\/li>\n<li>Leitura e aprova\u00e7\u00e3o da Carta de S\u00e3o Paulo<\/li>\n<\/ul>\n<\/td>\n<\/tr>\n<tr>\n<td>17h00 \u2013 17h30<\/td>\n<td>\u00a0<a href=\"http:\/\/homolog.saopaulo.sp.leg.br\/transparencia\/auditorios-online\/auditorio-prestes-maia\/\">Audit\u00f3rio Prestes Maia<\/a><\/td>\n<td>\n<h5><strong>Encerramento<\/strong><\/h5>\n<p>Presidente da C\u00e2mara Municipal de S\u00e3o Paulo \u2013 <em>Vereador Antonio Donato<\/em><\/p>\n<p>Presidente da ABEL: <em>Florian Madruga<\/em><\/p>\n<p>Diretora-Presidente do ILP: <em>Patr\u00edcia Rosset<\/em><\/p>\n<p>Diretor-Presidente da Escola do Parlamento: <em>Christy Ganzert Pato<\/em><\/p>\n<p>Diretora da Escola do Tribunal de Contas do Estado: <em>Conselheira Cristiana de Castro Moraes<\/em><\/p>\n<p>Diretor-Presidente da Escola do Tribunal de Contas do Munic\u00edpio: <em>Conselheiro Jo\u00e3o Antonio da Silva Filho<\/em><\/p>\n<p>&nbsp;<\/p>\n<p><strong>Programa\u00e7\u00e3o de encerramento:<\/strong><\/p>\n<ul>\n<li>Entrega dos certificados de participa\u00e7\u00e3o<\/li>\n<li>Foto oficial<\/li>\n<\/ul>\n<\/td>\n<\/tr>\n<\/tbody>\n<\/table>\n<p>&nbsp;<\/p>\n","protected":false},"excerpt":{"rendered":"<p>Objetivos do Encontro: Resgatar a trajet\u00f3ria das Escolas, assim como a da ABEL, e abordar os desafios para o futuro das Escolas do Legislativo e de Contas Organiza\u00e7\u00e3o:\u00a0ABEL, Instituto do Legislativo Paulista da Assembleia Legislativa de S\u00e3o Paulo e Escola do Parlamento da C\u00e2mara Municipal de S\u00e3o Paulo P\u00fablico Alvo: Integrantes das Escolas associadas \u00e0 [&hellip;]<\/p>\n","protected":false},"author":127,"featured_media":0,"parent":1331,"menu_order":644,"comment_status":"closed","ping_status":"closed","template":"","meta":{"_acf_changed":false,"footnotes":""},"class_list":["post-1963","page","type-page","status-publish","hentry"],"acf":[],"_links":{"self":[{"href":"https:\/\/homolog.saopaulo.sp.leg.br\/escoladoparlamento\/wp-json\/wp\/v2\/pages\/1963","targetHints":{"allow":["GET"]}}],"collection":[{"href":"https:\/\/homolog.saopaulo.sp.leg.br\/escoladoparlamento\/wp-json\/wp\/v2\/pages"}],"about":[{"href":"https:\/\/homolog.saopaulo.sp.leg.br\/escoladoparlamento\/wp-json\/wp\/v2\/types\/page"}],"author":[{"embeddable":true,"href":"https:\/\/homolog.saopaulo.sp.leg.br\/escoladoparlamento\/wp-json\/wp\/v2\/users\/127"}],"replies":[{"embeddable":true,"href":"https:\/\/homolog.saopaulo.sp.leg.br\/escoladoparlamento\/wp-json\/wp\/v2\/comments?post=1963"}],"version-history":[{"count":5,"href":"https:\/\/homolog.saopaulo.sp.leg.br\/escoladoparlamento\/wp-json\/wp\/v2\/pages\/1963\/revisions"}],"predecessor-version":[{"id":2911,"href":"https:\/\/homolog.saopaulo.sp.leg.br\/escoladoparlamento\/wp-json\/wp\/v2\/pages\/1963\/revisions\/2911"}],"up":[{"embeddable":true,"href":"https:\/\/homolog.saopaulo.sp.leg.br\/escoladoparlamento\/wp-json\/wp\/v2\/pages\/1331"}],"wp:attachment":[{"href":"https:\/\/homolog.saopaulo.sp.leg.br\/escoladoparlamento\/wp-json\/wp\/v2\/media?parent=1963"}],"curies":[{"name":"wp","href":"https:\/\/api.w.org\/{rel}","templated":true}]}}