{"id":2054,"date":"2015-10-08T17:28:21","date_gmt":"2015-10-08T20:28:21","guid":{"rendered":"http:\/\/homolog.saopaulo.sp.leg.br\/escoladoparlamento\/?page_id=2054"},"modified":"2018-05-11T14:46:47","modified_gmt":"2018-05-11T17:46:47","slug":"o-crece-conselho-de-representantes-de-conselhos-de-escolas-a-democracia-participativa-e-a-qualidade-social-da-educacao","status":"publish","type":"page","link":"https:\/\/homolog.saopaulo.sp.leg.br\/escoladoparlamento\/cursos\/cursos-anteriores\/cursos-realizados-em-2015\/o-crece-conselho-de-representantes-de-conselhos-de-escolas-a-democracia-participativa-e-a-qualidade-social-da-educacao\/","title":{"rendered":"O CRECE &#8211; Conselho de Representantes de Conselhos de Escolas, a Democracia Participativa e a Qualidade Social da Educa\u00e7\u00e3o"},"content":{"rendered":"<p><iframe loading=\"lazy\" title=\"Semin\u00e1rio promovido pela Escola do Parlamento discute a democracia\" width=\"640\" height=\"480\" src=\"https:\/\/www.youtube.com\/embed\/0BYAI2l-d0k?feature=oembed\" frameborder=\"0\" allow=\"accelerometer; autoplay; clipboard-write; encrypted-media; gyroscope; picture-in-picture; web-share\" referrerpolicy=\"strict-origin-when-cross-origin\" allowfullscreen><\/iframe><\/p>\n<hr \/>\n<h5>Este evento \u00e9 resultado de uma parceria da Escola do Parlamento da CMSP com a Secretaria Municipal de Educa\u00e7\u00e3o &#8211; SME<\/h5>\n<p><strong>Objetivos:<\/strong> Identificar e refletir sobre os processos de Educa\u00e7\u00e3o que promovam o exerc\u00edcio da Cidadania Ativa; Compreender a import\u00e2ncia da participa\u00e7\u00e3o da Comunidade Escolar na Gest\u00e3o da Escola; Refletir sobre a import\u00e2ncia dos exerc\u00edcios de participa\u00e7\u00e3o no espa\u00e7o escolar como oportunidades de forma\u00e7\u00e3o do cidad\u00e3o participativo; Reconhecer o Conselho de Escola, a Associa\u00e7\u00e3o de Pais e Mestres e as organiza\u00e7\u00f5es estudantis como espa\u00e7os de exerc\u00edcio de cidadania participativa; Fortalecer a Gest\u00e3o Democr\u00e1tica da Escola P\u00fablica Municipal; Contribuir para a Qualidade Social da Educa\u00e7\u00e3o;<\/p>\n<p><strong>Coordena\u00e7\u00e3o:<\/strong> S\u00edlvia Carvalho<\/p>\n<p><strong>Diretor Respons\u00e1vel:<\/strong> Leonardo Barbagallo<\/p>\n<p><strong>Vagas:<\/strong> 335<\/p>\n<p><strong>Carga Hor\u00e1ria:<\/strong> 3h<\/p>\n<p><strong>P\u00fablico Alvo:<\/strong> Conselheiros de Conselhos de Escolas Municipais<\/p>\n<p><strong>Convoca\u00e7\u00e3o:<\/strong> <a href=\"http:\/\/homolog.saopaulo.sp.leg.br\/escoladoparlamento\/wp-content\/uploads\/sites\/5\/2015\/10\/Convoca\u00e7\u00e3o-CRECE-01.pdf\">DOC 10\u00a0out 2015 pg. 44<\/a> <a href=\"http:\/\/homolog.saopaulo.sp.leg.br\/escoladoparlamento\/wp-content\/uploads\/sites\/5\/2015\/10\/Convoca\u00e7\u00e3o-CRECE-02.pdf\">DOC 10 out 2015 pg. 45<\/a><\/p>\n<p><a href=\"http:\/\/goo.gl\/forms\/gV7M5y8YLz\">INSCREVA-SE AQUI!<\/a><\/p>\n<p><strong>Programa\u00e7\u00e3o:<\/strong><\/p>\n<table>\n<tbody>\n<tr>\n<td><strong>DREs<\/strong><\/td>\n<td><strong>Data<\/strong><\/td>\n<td><strong>Hora<\/strong><\/td>\n<td><strong>Local<\/strong><\/td>\n<td><strong>Palestrante<\/strong><\/td>\n<\/tr>\n<tr>\n<td>Penha; Ipiranga; S\u00e3o Miguel Paulista<\/td>\n<td><strong>19\/10<\/strong><\/td>\n<td>14h \u00e0s 17h<\/td>\n<td>CMSP \u2013 <a href=\"http:\/\/homolog.saopaulo.sp.leg.br\/transparencia\/auditorios-online\/salao-nobre-presidente-joao-brasil-vita\/\">Sal\u00e3o Nobre<\/a><\/td>\n<td>Maria Vict\u00f3ria Benevides<\/td>\n<\/tr>\n<tr>\n<td>Guaianazes; Butant\u00e3; Capela do Socorro; Santo Amaro<\/td>\n<td><strong>20\/10<\/strong><\/td>\n<td>14h \u00e0s 17h<\/td>\n<td>CMSP \u2013 <a href=\"http:\/\/homolog.saopaulo.sp.leg.br\/transparencia\/auditorios-online\/salao-nobre-presidente-joao-brasil-vita\/\">Sal\u00e3o Nobre<\/a><\/td>\n<td>Ulisses Ara\u00fajo<\/td>\n<\/tr>\n<tr>\n<td>Campo Limpo; Freguesia do \u00d3; Itaquera<\/td>\n<td><strong>26\/10<\/strong><\/td>\n<td>14h \u00e0s 17h<\/td>\n<td>CMSP \u2013 <a href=\"http:\/\/homolog.saopaulo.sp.leg.br\/transparencia\/auditorios-online\/salao-nobre-presidente-joao-brasil-vita\/\">Sal\u00e3o Nobre<\/a><\/td>\n<td>Eliseu Muniz<\/td>\n<\/tr>\n<tr>\n<td>Pirituba\/Jaragu\u00e1; Ja\u00e7an\u00e3\/Trememb\u00e9; S\u00e3o Mateus<\/td>\n<td><strong>05\/11<\/strong><\/td>\n<td>14h \u00e0s 17h<\/td>\n<td>CMSP \u2013 <a href=\"http:\/\/homolog.saopaulo.sp.leg.br\/transparencia\/auditorios-online\/salao-nobre-presidente-joao-brasil-vita\/\">Sal\u00e3o Nobre<\/a><\/td>\n<td>\u00c2ngela Antunes<\/td>\n<\/tr>\n<\/tbody>\n<\/table>\n<p><strong>Bibliografia:<\/strong><\/p>\n<p>BENEVIDES, Maria Vict\u00f3ria. A Cidadania Ativa: referendo, plebiscito e iniciativa popular. S\u00e3o Paulo: Editora \u00c1tica, 1991.<\/p>\n<p>CISESKI, \u00c2ngela Antunes. Aceita um Conselho? Teoria e pr\u00e1tica da gest\u00e3o participativa na escola p\u00fablica. Disserta\u00e7\u00e3o de Mestrado. S\u00e3o Paulo: FEUSP, 1997.<\/p>\n<p>ARAUJO, Ulisses F. Assembleia Escolar: um caminho para a resolu\u00e7\u00e3o de conflitos. S\u00e3o Paulo: Moderna, 2004.<\/p>\n","protected":false},"excerpt":{"rendered":"<p>Este evento \u00e9 resultado de uma parceria da Escola do Parlamento da CMSP com a Secretaria Municipal de Educa\u00e7\u00e3o &#8211; SME Objetivos: Identificar e refletir sobre os processos de Educa\u00e7\u00e3o que promovam o exerc\u00edcio da Cidadania Ativa; Compreender a import\u00e2ncia da participa\u00e7\u00e3o da Comunidade Escolar na Gest\u00e3o da Escola; Refletir sobre a import\u00e2ncia dos exerc\u00edcios [&hellip;]<\/p>\n","protected":false},"author":127,"featured_media":0,"parent":1331,"menu_order":640,"comment_status":"closed","ping_status":"closed","template":"","meta":{"_acf_changed":false,"footnotes":""},"class_list":["post-2054","page","type-page","status-publish","hentry"],"acf":[],"_links":{"self":[{"href":"https:\/\/homolog.saopaulo.sp.leg.br\/escoladoparlamento\/wp-json\/wp\/v2\/pages\/2054","targetHints":{"allow":["GET"]}}],"collection":[{"href":"https:\/\/homolog.saopaulo.sp.leg.br\/escoladoparlamento\/wp-json\/wp\/v2\/pages"}],"about":[{"href":"https:\/\/homolog.saopaulo.sp.leg.br\/escoladoparlamento\/wp-json\/wp\/v2\/types\/page"}],"author":[{"embeddable":true,"href":"https:\/\/homolog.saopaulo.sp.leg.br\/escoladoparlamento\/wp-json\/wp\/v2\/users\/127"}],"replies":[{"embeddable":true,"href":"https:\/\/homolog.saopaulo.sp.leg.br\/escoladoparlamento\/wp-json\/wp\/v2\/comments?post=2054"}],"version-history":[{"count":5,"href":"https:\/\/homolog.saopaulo.sp.leg.br\/escoladoparlamento\/wp-json\/wp\/v2\/pages\/2054\/revisions"}],"predecessor-version":[{"id":9426,"href":"https:\/\/homolog.saopaulo.sp.leg.br\/escoladoparlamento\/wp-json\/wp\/v2\/pages\/2054\/revisions\/9426"}],"up":[{"embeddable":true,"href":"https:\/\/homolog.saopaulo.sp.leg.br\/escoladoparlamento\/wp-json\/wp\/v2\/pages\/1331"}],"wp:attachment":[{"href":"https:\/\/homolog.saopaulo.sp.leg.br\/escoladoparlamento\/wp-json\/wp\/v2\/media?parent=2054"}],"curies":[{"name":"wp","href":"https:\/\/api.w.org\/{rel}","templated":true}]}}