{"id":2308,"date":"2015-10-29T20:26:18","date_gmt":"2015-10-29T22:26:18","guid":{"rendered":"http:\/\/homolog.saopaulo.sp.leg.br\/escoladoparlamento\/?page_id=2308"},"modified":"2018-05-11T14:51:31","modified_gmt":"2018-05-11T17:51:31","slug":"2308-2","status":"publish","type":"page","link":"https:\/\/homolog.saopaulo.sp.leg.br\/escoladoparlamento\/cursos\/cursos-anteriores\/cursos-realizados-em-2015\/2308-2\/","title":{"rendered":"Partidos Pol\u00edticos"},"content":{"rendered":"<p><strong>Objetivos:<\/strong> Os Partidos Pol\u00edticos constituem uma figura central do sistema democr\u00e1tico representativo. Por esta raz\u00e3o, a crise de representatividade recai diretamente sobre eles, demandando uma maior compreens\u00e3o sobre sua atua\u00e7\u00e3o.\u00a0Apresentar e discutir um panorama geral sobre a capacidade atual do sistema partid\u00e1rio, tanto do ponto de vista te\u00f3rico, como na realidade brasileira, de mediar os diferentes interesses na arena pol\u00edtica.<\/p>\n<p><strong>Diretor Respons\u00e1vel:<\/strong> Lara Mesquita<\/p>\n<p><strong>Coordenador:<\/strong> Glauco Peres da Silva<\/p>\n<p><strong>P\u00fablico Alvo:<\/strong> cidad\u00e3os em geral, estudantes, membros de partidos pol\u00edticos; servidores de C\u00e2maras Municipais e do poder p\u00fablico municipal, membros da sociedade civil organizada, conselheiros municipais.<\/p>\n<p><strong>Carga Hor\u00e1ria:<\/strong> 21h<\/p>\n<p><strong>Inscri\u00e7\u00f5es: <\/strong>De\u00a09\/11 a 16\/11 (inscri\u00e7\u00f5es encerradas)<\/p>\n<p><strong>Programa\u00e7\u00e3o:<\/strong><\/p>\n<table>\n<tbody>\n<tr>\n<td><strong>Data<\/strong><\/td>\n<td><strong>Hora<\/strong><\/td>\n<td><strong>Local<\/strong><\/td>\n<td><strong>Palestrante<\/strong><\/td>\n<td><strong>Tema da palestra\/aula<\/strong><\/td>\n<\/tr>\n<tr>\n<td><strong>17\/11<\/strong><\/td>\n<td>19h -22h<\/td>\n<td><a href=\"http:\/\/homolog.saopaulo.sp.leg.br\/transparencia\/auditorios-online\/sala-sergio-vieira-de-mello-sala\/\">Sala S\u00e9rgio Vieira de Mello<\/a><\/td>\n<td>Glauco Peres da Silva<\/td>\n<td><em>Democracia representativa: os partidos como meios de representa\u00e7\u00e3o<\/em><\/td>\n<\/tr>\n<tr>\n<td><strong>18\/11<\/strong><\/td>\n<td>19h -22h<\/td>\n<td><a href=\"http:\/\/homolog.saopaulo.sp.leg.br\/transparencia\/auditorios-online\/sala-sergio-vieira-de-mello-sala\/\">Sala S\u00e9rgio Vieira de Mello<\/a><\/td>\n<td>Glauco Peres da Silva<\/td>\n<td>A import\u00e2ncia do sistema eleitoral: Duverger e Rae<em>\u00a0<\/em><\/td>\n<\/tr>\n<tr>\n<td><strong>24\/11<\/strong><\/td>\n<td>19h -22h<\/td>\n<td>\u00a0<a href=\"http:\/\/homolog.saopaulo.sp.leg.br\/transparencia\/auditorios-online\/sala-tiradentes\/\">Sala Tiradentes<\/a><\/td>\n<td>Diego Correa<\/td>\n<td><em>A import\u00e2ncia do sistema eleitoral: a conex\u00e3o eleitoral<\/em><\/td>\n<\/tr>\n<tr>\n<td><strong>25\/11<\/strong><\/td>\n<td>19h -22h<\/td>\n<td>\u00a0<a href=\"http:\/\/homolog.saopaulo.sp.leg.br\/transparencia\/auditorios-online\/sala-oscar-pedroso-horta-sala-b\/\">Sala Oscar Pedroso Horta<\/a><\/td>\n<td>Andreza Davidian<\/td>\n<td>Tipologia dos Partidos Pol\u00edticos<em>\u00a0<\/em><\/td>\n<\/tr>\n<tr>\n<td><strong>01\/12<\/strong><\/td>\n<td>19h -22h<\/td>\n<td>\u00a0<a href=\"http:\/\/homolog.saopaulo.sp.leg.br\/transparencia\/auditorios-online\/sala-oscar-pedroso-horta-sala-b\/\">Sala Oscar Pedroso Horta<\/a><\/td>\n<td>Fernando Guarnieri<\/td>\n<td><em>Organiza\u00e7\u00e3o e sistema partid\u00e1rio\u00a0<\/em><\/td>\n<\/tr>\n<tr>\n<td><strong>08\/12<\/strong><\/td>\n<td>19h -22h<\/td>\n<td>\u00a0<a href=\"http:\/\/homolog.saopaulo.sp.leg.br\/transparencia\/auditorios-online\/sala-oscar-pedroso-horta-sala-b\/\">Sala Oscar Pedroso Horta<\/a><\/td>\n<td>Tiago Borges<\/td>\n<td><em>Sistema Partid\u00e1rio Brasileiro: Interpreta\u00e7\u00f5es comuns\u00a0<\/em><\/td>\n<\/tr>\n<tr>\n<td><strong>09\/12<\/strong><\/td>\n<td>19h -22h<\/td>\n<td>\u00a0<a href=\"http:\/\/homolog.saopaulo.sp.leg.br\/transparencia\/auditorios-online\/sala-oscar-pedroso-horta-sala-b\/\">Sala Oscar Pedroso Horta<\/a><\/td>\n<td>Leonardo Barone<\/td>\n<td><em>Sistema Partid\u00e1rio Brasileiro: Interpreta\u00e7\u00f5es Recentes<\/em><\/td>\n<\/tr>\n<\/tbody>\n<\/table>\n","protected":false},"excerpt":{"rendered":"<p>Objetivos: Os Partidos Pol\u00edticos constituem uma figura central do sistema democr\u00e1tico representativo. Por esta raz\u00e3o, a crise de representatividade recai diretamente sobre eles, demandando uma maior compreens\u00e3o sobre sua atua\u00e7\u00e3o.\u00a0Apresentar e discutir um panorama geral sobre a capacidade atual do sistema partid\u00e1rio, tanto do ponto de vista te\u00f3rico, como na realidade brasileira, de mediar os [&hellip;]<\/p>\n","protected":false},"author":127,"featured_media":0,"parent":1331,"menu_order":634,"comment_status":"closed","ping_status":"closed","template":"","meta":{"_acf_changed":false,"footnotes":""},"class_list":["post-2308","page","type-page","status-publish","hentry"],"acf":[],"_links":{"self":[{"href":"https:\/\/homolog.saopaulo.sp.leg.br\/escoladoparlamento\/wp-json\/wp\/v2\/pages\/2308","targetHints":{"allow":["GET"]}}],"collection":[{"href":"https:\/\/homolog.saopaulo.sp.leg.br\/escoladoparlamento\/wp-json\/wp\/v2\/pages"}],"about":[{"href":"https:\/\/homolog.saopaulo.sp.leg.br\/escoladoparlamento\/wp-json\/wp\/v2\/types\/page"}],"author":[{"embeddable":true,"href":"https:\/\/homolog.saopaulo.sp.leg.br\/escoladoparlamento\/wp-json\/wp\/v2\/users\/127"}],"replies":[{"embeddable":true,"href":"https:\/\/homolog.saopaulo.sp.leg.br\/escoladoparlamento\/wp-json\/wp\/v2\/comments?post=2308"}],"version-history":[{"count":5,"href":"https:\/\/homolog.saopaulo.sp.leg.br\/escoladoparlamento\/wp-json\/wp\/v2\/pages\/2308\/revisions"}],"predecessor-version":[{"id":9445,"href":"https:\/\/homolog.saopaulo.sp.leg.br\/escoladoparlamento\/wp-json\/wp\/v2\/pages\/2308\/revisions\/9445"}],"up":[{"embeddable":true,"href":"https:\/\/homolog.saopaulo.sp.leg.br\/escoladoparlamento\/wp-json\/wp\/v2\/pages\/1331"}],"wp:attachment":[{"href":"https:\/\/homolog.saopaulo.sp.leg.br\/escoladoparlamento\/wp-json\/wp\/v2\/media?parent=2308"}],"curies":[{"name":"wp","href":"https:\/\/api.w.org\/{rel}","templated":true}]}}