{"id":24233,"date":"2020-09-29T14:04:15","date_gmt":"2020-09-29T17:04:15","guid":{"rendered":"http:\/\/homolog.saopaulo.sp.leg.br\/escoladoparlamento\/?page_id=24233"},"modified":"2022-08-19T16:01:26","modified_gmt":"2022-08-19T19:01:26","slug":"politicas-publicas-para-populacao-em-situacao-de-rua","status":"publish","type":"page","link":"https:\/\/homolog.saopaulo.sp.leg.br\/escoladoparlamento\/cursos\/cursos-anteriores\/cursos-realizados-em-2020\/politicas-publicas-para-populacao-em-situacao-de-rua\/","title":{"rendered":"Pol\u00edticas P\u00fablicas para Popula\u00e7\u00e3o em Situa\u00e7\u00e3o de Rua"},"content":{"rendered":"<h1>Curso de Extens\u00e3o Universit\u00e1ria: Pol\u00edticas P\u00fablicas para a Popula\u00e7\u00e3o em Situa\u00e7\u00e3o de Rua &#8211; 20h<\/h1>\n<p>&nbsp;<\/p>\n<h3><span style=\"color: #ff0000\">AVALIA\u00c7\u00c3O ONLINE PARA CERTIFICA\u00c7\u00c3O: PRAZO ENCERRADO<\/span><\/h3>\n<p><span style=\"color: #ff0000\">Aten\u00e7\u00e3o!<\/span><br \/>\n<span style=\"color: #ff0000\">Para recebimento de certificados \u00e9 necess\u00e1rio responder a este question\u00e1rio online de avalia\u00e7\u00e3o de conte\u00fado.<\/span><br \/>\n<span style=\"color: #ff0000\">Somente as <strong>pessoas inscritas pelo Sympla<\/strong> que obtiverem <strong>resposta satisfat\u00f3ria (70% de acertos)<\/strong> ter\u00e3o direito ao certificado de conclus\u00e3o do curso.<\/span><\/p>\n<p>&nbsp;<\/p>\n<h3><\/h3>\n<p>&nbsp;<\/p>\n<p><strong>Ementa:<\/strong> O curso destina-se aos servidores p\u00fablicos, estudantes, profissionais, pesquisadores e ativistas envolvidos na elabora\u00e7\u00e3o, implementa\u00e7\u00e3o, avalia\u00e7\u00e3o, controle externo e controle social das pol\u00edticas p\u00fablicas para a Popula\u00e7\u00e3o em Situa\u00e7\u00e3o de Rua no \u00e2mbito do Sistema \u00danico da Assist\u00eancia Social (SUAS).<\/p>\n<p><strong>Objetivo:<\/strong> Tem por objetivo geral apresentar, discutir e problematizar a hist\u00f3ria e a atualidade dessas pol\u00edticas p\u00fablicas no pacto federativo brasileiro, com enfoque na atua\u00e7\u00e3o da esfera local, especialmente a municipal, em suas diversas etapas, abordando aspectos da intersetorialidade e da participa\u00e7\u00e3o social atinentes a tais pol\u00edticas.<\/p>\n<p><strong>Justificativa: <\/strong>Nos \u00faltimos tempos, os olhares t\u00eam se voltado cada vez mais \u00e0queles que fazem da rua o espa\u00e7o de sobreviv\u00eancia.\u00a0A exist\u00eancia de condi\u00e7\u00f5es t\u00e3o aviltantes aos direitos humanos nos requisita a entender e construir respostas atrav\u00e9s de pol\u00edticas p\u00fablicas a essa manifesta\u00e7\u00e3o do pauperismo e da desigualdade social.\u00a0A Pol\u00edtica Nacional para a Inclus\u00e3o Social da Popula\u00e7\u00e3o em Situa\u00e7\u00e3o de Rua vem orientar a constru\u00e7\u00e3o e execu\u00e7\u00e3o de pol\u00edticas p\u00fablicas na contram\u00e3o dos estigmas, viol\u00eancias e viola\u00e7\u00f5es de direitos a que s\u00e3o submetidas essa popula\u00e7\u00e3o, buscando reunir esfor\u00e7os para contribuir na reconstru\u00e7\u00e3o dos projetos de vida mais dignos.\u00a0H\u00e1 uma crescente preocupa\u00e7\u00e3o dos formuladores das pol\u00edticas p\u00fablicas em desenvolver a\u00e7\u00f5es voltadas \u00e0 popula\u00e7\u00e3o que faz da rua sua moradia, e dai adv\u00e9m a proposta desse curso, possibilitando reflex\u00f5es, an\u00e1lises e estrat\u00e9gias de a\u00e7\u00e3o frente a essa quest\u00e3o t\u00e3o complexa.<\/p>\n<p><strong>Conte\u00fados abordados:<\/strong><strong>\u00a0<\/strong><\/p>\n<ol>\n<li>O Sistema \u00danico da Assist\u00eancia Social<\/li>\n<li>As determina\u00e7\u00f5es econ\u00f4micas e socio-hist\u00f3ricas envolvidas na condi\u00e7\u00e3o de rua<\/li>\n<li>Vulnerabildiades, desigualdades e marcadores sociais estruturantes: ra\u00e7a, g\u00eanero, classe e orienta\u00e7\u00e3o sexual<\/li>\n<li>A Pol\u00edtica Nacional para Popula\u00e7\u00e3o em Situa\u00e7\u00e3o de Rua<\/li>\n<li>Servi\u00e7os socioassistenciais para a Popula\u00e7\u00e3o em Situa\u00e7\u00e3o de Rua no \u00e2mbito do SUAS<\/li>\n<li>Territ\u00f3rialidade e intersetorialidade no atendimento \u00e0 Popula\u00e7\u00e3o em Situa\u00e7\u00e3o de Rua<\/li>\n<li>Diagn\u00f3stico e Pol\u00edtica Municipal Atendimento \u00e0 Popula\u00e7\u00e3o em Situa\u00e7\u00e3o de Rua em S\u00e3o Paulo<\/li>\n<li>Mecanismos e desafios da participa\u00e7\u00e3o social no \u00e2mbito das pol\u00edticas para Popula\u00e7\u00e3o em Situa\u00e7\u00e3o de Rua<\/li>\n<li>Pol\u00edticas de habita\u00e7\u00e3o e pol\u00edticas para Popula\u00e7\u00e3o em Situa\u00e7\u00e3o de Rua: desafios e converg\u00eancias<\/li>\n<\/ol>\n<p><strong>\u00a0<\/strong><\/p>\n<h3>Datas:\u00a0 07\/10; 14\/10; 21\/10; 28\/10; 04\/11; 11\/11 e 18\/11 &#8211;<\/h3>\n<h3>7 encontros \u00e0s quartas-feiras<\/h3>\n<h3>Hor\u00e1rio: das 19h \u00e0s 21h.<\/h3>\n<p><span style=\"color: #0000ff\">Inscri\u00e7\u00f5es encerradas<\/span><\/p>\n<p>As aulas s\u00e3o ministradas por:<\/p>\n<p><strong>M\u00e1rcia de Assis Costa &#8211;<\/strong>\u00a0possui gradua\u00e7\u00e3o em Servi\u00e7o Social (1990), Mestrado (2002) e doutorado (2016) em Servi\u00e7o Social pela Pontif\u00edcia Universidade Cat\u00f3lica de S\u00e3o Paulo. Atualmente \u00e9 Analista em Assist\u00eancia e Desenvolvimento Social na Prefeitura de S\u00e3o, onde atua na Pol\u00edtica de Sa\u00fade no \u00e2mbito da Aten\u00e7\u00e3o B\u00e1sica como Assessora de Gest\u00e3o Participativa. Trabalhou como docente em cursos de Gradua\u00e7\u00e3o P\u00f3s Gradua\u00e7\u00e3o em Servi\u00e7o Social.<\/p>\n<p>&nbsp;<\/p>\n<h3><strong>\u00a0Programa\u00e7\u00e3o<\/strong><\/h3>\n<p>Aula 1 &#8211; 07\/10 &#8211; 19hs<\/p>\n<p>O aprofundamento da Quest\u00e3o Social nas Sociedade pr\u00e9-capitalista ao capitalismo contempor\u00e2neo e o crescimento da popula\u00e7\u00e3o em situa\u00e7\u00e3o de rua.<\/p>\n<p><span style=\"color: #993366\"><a style=\"color: #993366\" href=\"https:\/\/www.facebook.com\/eparlamento\/videos\/1768771353280436\"><strong>Clique aqui para assistir<\/strong><\/a><\/span><\/p>\n<p>Aula 2 &#8211; 14\/10 &#8211; 19hs<\/p>\n<p>Do per\u00edodo Imperial \u00e0 Conquista da Seguridade Social: Antecedentes Hist\u00f3ricos \u00e0 Constru\u00e7\u00e3o do Sistema \u00danico de Assist\u00eancia Social.<\/p>\n<p><span style=\"color: #993366\"><a style=\"color: #993366\" href=\"https:\/\/www.facebook.com\/455071117849014\/videos\/626084121402892\"><strong>Clique aqui para assistir<\/strong><\/a><\/span><\/p>\n<p>Aula 3- 21\/10 &#8211; 19hs<\/p>\n<p>Desigualdade Social e Exclus\u00e3o Social da Popula\u00e7\u00e3o em Situa\u00e7\u00e3o de Rua :marcadores sociais estruturantes, ra\u00e7a, g\u00eanero, classe e orienta\u00e7\u00e3o social.\u00a0 O perfil S\u00f3cio demogr\u00e1fico da Popula\u00e7\u00e3o em situa\u00e7\u00e3o de rua.<\/p>\n<p><span style=\"color: #993366\"><strong><a style=\"color: #993366\" href=\"https:\/\/www.facebook.com\/eparlamento\/videos\/3367130613372908\">Clique aqui para assistir<\/a><\/strong><\/span><\/p>\n<p>Aula 4- 28\/10 &#8211; 19hs<\/p>\n<p><span style=\"color: #993366\"><strong><a style=\"color: #993366\" href=\"https:\/\/www.facebook.com\/eparlamento\/videos\/754933245057777\">Clique aqui para assistir<\/a><\/strong><\/span><\/p>\n<p>Constru\u00e7\u00e3o de Pol\u00edticas P\u00fablicas voltadas a popula\u00e7\u00e3o em situa\u00e7\u00e3o de rua.<\/p>\n<p>Aula 5- 04\/11 &#8211; 19hs<br \/>\n<a href=\"https:\/\/www.facebook.com\/eparlamento\/videos\/372760994035084\"><span style=\"color: #993366\"><strong>Clique aqui para assistir<\/strong><\/span><\/a><\/p>\n<p>Territorialidade e Intersetorialidade no Atendimento a Popula\u00e7\u00e3o em Situa\u00e7\u00e3o de Rua<\/p>\n<p>Os servi\u00e7os assistenciais para Popula\u00e7\u00e3o de Rua no \u00e2mbito do SUAS, o desafio na Constru\u00e7\u00e3o do trabalho em rede.<\/p>\n<p>Aula 6- 11\/11 &#8211; 19hs<br \/>\n<a href=\"https:\/\/www.facebook.com\/eparlamento\/videos\/3407677535993857\"><span style=\"color: #993366\"><strong>Clique aqui para assistir<\/strong><\/span><\/a><\/p>\n<p>Popula\u00e7\u00e3o em Situa\u00e7\u00e3o de Rua e o direito a moradia.<\/p>\n<p>Aula 7- 18\/11 &#8211; 19hs<\/p>\n<p><a href=\"https:\/\/business.facebook.com\/eparlamento\/videos\/1071104619991531\/\"><strong>Clique aqui para assistir<\/strong><\/a><\/p>\n<p>Gest\u00e3o Democr\u00e1tica e a participa\u00e7\u00e3o social as pol\u00edticas para popula\u00e7\u00e3o em situa\u00e7\u00e3o de rua.<\/p>\n<p><strong>\u00a0<\/strong><\/p>\n<h3 style=\"text-align: center\"><span style=\"color: #ff0000\"><strong>ATEN\u00c7\u00c3O<\/strong><\/span><\/h3>\n<p>A gera\u00e7\u00e3o do certificado ser\u00e1 feita\u00a0<b>ap\u00f3s resposta satisfat\u00f3ria a question\u00e1rio online de avalia\u00e7\u00e3o de conte\u00fado<\/b>\u00a0que ser\u00e1 disponibilizado ap\u00f3s a \u00faltima aula\u00a0<strong>somente \u00e0queles que fizeram a inscri\u00e7\u00e3o via plataforma Sympla<\/strong>\u00a0(leia aqui a\u00a0<a href=\"https:\/\/homolog.saopaulo.sp.leg.br\/escoladoparlamento\/wp-content\/uploads\/sites\/5\/2020\/08\/Poli%CC%81tica-de-Certificac%CC%A7a%CC%83o-para-Cursos-a%CC%80-Dista%CC%82ncia-da-EP-Revisa%CC%83o-v1.1.pdf\" target=\"_blank\" rel=\"nofollow noopener noreferrer\"><strong>Pol\u00edtica de Certifica\u00e7\u00e3o para Cursos \u00e0 Dist\u00e2ncia da EP<\/strong><\/a>)<strong>.\u00a0<\/strong><\/p>\n<p>&nbsp;<\/p>\n<p>&nbsp;<\/p>\n<p>&nbsp;<\/p>\n","protected":false},"excerpt":{"rendered":"<p>Curso de Extens\u00e3o Universit\u00e1ria: Pol\u00edticas P\u00fablicas para a Popula\u00e7\u00e3o em Situa\u00e7\u00e3o de Rua &#8211; 20h &nbsp; AVALIA\u00c7\u00c3O ONLINE PARA CERTIFICA\u00c7\u00c3O: PRAZO ENCERRADO Aten\u00e7\u00e3o! Para recebimento de certificados \u00e9 necess\u00e1rio responder a este question\u00e1rio online de avalia\u00e7\u00e3o de conte\u00fado. Somente as pessoas inscritas pelo Sympla que obtiverem resposta satisfat\u00f3ria (70% de acertos) ter\u00e3o direito ao certificado [&hellip;]<\/p>\n","protected":false},"author":731,"featured_media":0,"parent":17641,"menu_order":179,"comment_status":"closed","ping_status":"closed","template":"","meta":{"_acf_changed":false,"footnotes":""},"class_list":["post-24233","page","type-page","status-publish","hentry"],"acf":[],"_links":{"self":[{"href":"https:\/\/homolog.saopaulo.sp.leg.br\/escoladoparlamento\/wp-json\/wp\/v2\/pages\/24233","targetHints":{"allow":["GET"]}}],"collection":[{"href":"https:\/\/homolog.saopaulo.sp.leg.br\/escoladoparlamento\/wp-json\/wp\/v2\/pages"}],"about":[{"href":"https:\/\/homolog.saopaulo.sp.leg.br\/escoladoparlamento\/wp-json\/wp\/v2\/types\/page"}],"author":[{"embeddable":true,"href":"https:\/\/homolog.saopaulo.sp.leg.br\/escoladoparlamento\/wp-json\/wp\/v2\/users\/731"}],"replies":[{"embeddable":true,"href":"https:\/\/homolog.saopaulo.sp.leg.br\/escoladoparlamento\/wp-json\/wp\/v2\/comments?post=24233"}],"version-history":[{"count":5,"href":"https:\/\/homolog.saopaulo.sp.leg.br\/escoladoparlamento\/wp-json\/wp\/v2\/pages\/24233\/revisions"}],"predecessor-version":[{"id":27990,"href":"https:\/\/homolog.saopaulo.sp.leg.br\/escoladoparlamento\/wp-json\/wp\/v2\/pages\/24233\/revisions\/27990"}],"up":[{"embeddable":true,"href":"https:\/\/homolog.saopaulo.sp.leg.br\/escoladoparlamento\/wp-json\/wp\/v2\/pages\/17641"}],"wp:attachment":[{"href":"https:\/\/homolog.saopaulo.sp.leg.br\/escoladoparlamento\/wp-json\/wp\/v2\/media?parent=24233"}],"curies":[{"name":"wp","href":"https:\/\/api.w.org\/{rel}","templated":true}]}}