{"id":24307,"date":"2020-10-07T15:12:06","date_gmt":"2020-10-07T18:12:06","guid":{"rendered":"http:\/\/homolog.saopaulo.sp.leg.br\/escoladoparlamento\/?page_id=24307"},"modified":"2021-01-18T13:32:36","modified_gmt":"2021-01-18T16:32:36","slug":"transicao-de-governo-nos-municipios","status":"publish","type":"page","link":"https:\/\/homolog.saopaulo.sp.leg.br\/escoladoparlamento\/cursos\/cursos-anteriores\/cursos-realizados-em-2020\/transicao-de-governo-nos-municipios\/","title":{"rendered":"Transi\u00e7\u00e3o de Governo nos Munic\u00edpios"},"content":{"rendered":"<p>Em ano eleitoral, o debate sobre processo de transi\u00e7\u00e3o de governo \u00e9 bastante pertinente, em especial no Brasil, onde troca de mandatos \u00e9 ainda vista como uma ruptura entre o mandat\u00e1rio rec\u00e9m-eleito e o governante anterior. Mesmo ap\u00f3s a promulga\u00e7\u00e3o da Lei das Elei\u00e7\u00f5es &#8211; Lei 9.504\/1997, da Lei de Responsabilidade Fiscal\u00a0 &#8211; Lei Complementar 101\/2000 &#8211;\u00a0 e da Lei de Acesso \u00e0 Informa\u00e7\u00e3o \u2013 Lei 12.527\/2011, muitos problemas de intera\u00e7\u00e3o t\u00eam sido identificados na altern\u00e2ncia de poder no \u00e2mbito local (contratos de presta\u00e7\u00e3o de servi\u00e7o que vencem no final do mandato que finaliza; venda de maquin\u00e1rio para fazer caixa; desaparecimento de sistemas de informa\u00e7\u00e3o; falta de informa\u00e7\u00f5es sobre conv\u00eanios, contratos, pessoal, d\u00edvida; e aus\u00eancia de agenda de atua\u00e7\u00e3o para os primeiros dias). No atual contexto, onde as <em>fake news<\/em> pautaram as \u00faltimas elei\u00e7\u00f5es, a disponibiliza\u00e7\u00e3o de informa\u00e7\u00f5es \u00e9 uma a\u00e7\u00e3o essencial para garantir os processos democr\u00e1ticos e transparentes em mudan\u00e7as de gest\u00f5es municipais.<\/p>\n<p>Pensando nisso, a <em>Escola do Parlamento<\/em> realiza o Semin\u00e1rio <strong><em>Transi\u00e7\u00e3o de Governo nos Munic\u00edpios<\/em><\/strong>, com a presen\u00e7a de especialistas para tratar sobre o tema e apresentar instrumentais para organizar o processo de transi\u00e7\u00e3o.<\/p>\n<p><strong>Objetivos: <\/strong>O objetivo principal do semin\u00e1rio \u00e9 realizar um debate sobre a import\u00e2ncia de processos de transi\u00e7\u00e3o democr\u00e1tica e transparente em todas as localidades, para que a popula\u00e7\u00e3o n\u00e3o sofra com a descontinuidade de servi\u00e7os. O semin\u00e1rio dar\u00e1 assist\u00eancia aos munic\u00edpios interessados em desenvolver o processo de transi\u00e7\u00e3o de governo, apoiando a institucionaliza\u00e7\u00e3o, por meio de modelo de projeto de lei e de instrumentais para organizar informa\u00e7\u00f5es a serem fornecidos \u00e0 equipe sucessora.<\/p>\n<p><strong>P\u00fablico alvo: \u00a0<\/strong>assessores parlamentares, servidores p\u00fablicos, prefeitos, vereadores, candidatos a prefeitos e a vereadores, popula\u00e7\u00e3o em geral &#8211; estudantes e interessados no tema.<\/p>\n<h3><strong>Transmiss\u00e3o ONLINE atrav\u00e9s de\u00a0<em>streaming<\/em>\u00a0na p\u00e1gina<\/strong><br \/>\n<strong>da\u00a0<\/strong><a href=\"http:\/\/www.facebook.com\/eparlamento\"><strong>Escola do Parlamento no Facebook<\/strong><\/a><\/h3>\n<h3><strong>Inscri\u00e7\u00f5es: <span style=\"color: #ff0000\">encerradas<\/span><\/strong><\/h3>\n<hr \/>\n<h3><a href=\"https:\/\/www.facebook.com\/eparlamento\/videos\/830265471112647\">Clique AQUI para rever o semin\u00e1rio<\/a><\/h3>\n<h3><strong><span style=\"color: #ff0000\">Programa\u00e7\u00e3o:<\/span><br \/>\n26 de outubro &#8211; das 18h \u00e0s 21h<br \/>\n<\/strong><\/h3>\n<p><strong>Tema:<\/strong> <span style=\"text-decoration: underline\"><br \/>\nTransi\u00e7\u00e3o de governo republicana<br \/>\n<\/span><strong>\u2234 Fernando de Souza Coelho \u2022 <\/strong><em>Doutor em Administra\u00e7\u00e3o P\u00fablica e Governo pela Escola de Administra\u00e7\u00e3o de Empresas de S\u00e3o Paulo da Funda\u00e7\u00e3o Getulio Vargas (EAESP-FGV). \u00a0Professor do curso de gradua\u00e7\u00e3o e do curso de mestrado em Gest\u00e3o de Pol\u00edticas P\u00fablicas da Escola de Artes, Ci\u00eancias e Humanidades da Universidade de S\u00e3o Paulo (EACH-USP).\u00a0 Participou como apoiador do Projeto Transi\u00e7\u00e3o de Governo nos Munic\u00edpios Paulistas (2011 &#8211; 2013), realizado pela Funda\u00e7\u00e3o Prefeito Faria Lima \u2013 Centro de Estudos e Pesquisas de Administra\u00e7\u00e3o Municipal (CEPAM).<\/em><\/p>\n<p><strong>Tema:<\/strong> <span style=\"text-decoration: underline\"><br \/>\nOrganizando a transi\u00e7\u00e3o: a\u00e7\u00f5es para a normatiza\u00e7\u00e3o<\/span><strong><br \/>\n\u2234 Maria do Carmo Meirelles Toledo Cruz<\/strong><strong> \u2022 <\/strong><em>Doutora em Administra\u00e7\u00e3o P\u00fablica e Governo pela EAESP-FGV; professora dos Mestrados Acad\u00eamico em Educa\u00e7\u00e3o e Profissional em Forma\u00e7\u00e3o de Gestores Educacionais da Universidade Cidade de S\u00e3o Paulo (Unicid) e da P\u00f3s-gradua\u00e7\u00e3o da Funda\u00e7\u00e3o Escola de Sociologia e Pol\u00edtica de S\u00e3o Paulo; secret\u00e1ria executiva do\u00a0Instituto\u00a0para o Desenvolvimento de Inova\u00e7\u00f5es Tecnol\u00f3gicas, Sociais, Gest\u00e3o de Pol\u00edticas P\u00fablicas e Justi\u00e7a Social (Instituto JUS). Foi coordenadora do Projeto Transi\u00e7\u00e3o de Governo nos Munic\u00edpios Paulistas (2011-2013).<\/em><\/p>\n<p><strong>Tema:<\/strong> <span style=\"text-decoration: underline\"><br \/>\nA import\u00e2ncia das informa\u00e7\u00f5es e como organiz\u00e1-las<\/span><strong><br \/>\n\u2234 Silvia Maura Trazzi Seixas<\/strong><strong> \u2022\u00a0<\/strong><em>Soci\u00f3loga, p\u00f3s-graduada pela Escola de Sociologia e Pol\u00edtica de S\u00e3o Paulo. Foi t\u00e9cnica do Cepam, membro da organiza\u00e7\u00e3o do Projeto Transi\u00e7\u00e3o de Governo nos Munic\u00edpios Paulistas realizado pelo Cepam (2011 \u2013 2013). Atualmente, \u00e9 consultora de gest\u00e3o e pol\u00edticas p\u00fablicas municipais.<\/em><\/p>\n<hr \/>\n<h4 style=\"text-align: center\"><span style=\"color: #0000ff\"><strong>ATEN\u00c7\u00c3O<br \/>\n<span style=\"color: #000000\"><br \/>\nPara ter direito \u00e0 certifica\u00e7\u00e3o, o aluno deve responder ao question\u00e1rio &#8211; acesse <a href=\"https:\/\/docs.google.com\/forms\/d\/e\/1FAIpQLSfTVPnAwApf9oCmjAdFBpmc_TZDKwLrfaD1LejoPtRdIhe4qg\/viewform?usp=sf_link\">AQUI<\/a> o link.<br \/>\nSomente quem fez a inscri\u00e7\u00e3o via plataforma Sympla receber\u00e1 o certificado.<\/span><\/strong><\/span><\/h4>\n","protected":false},"excerpt":{"rendered":"<p>Em ano eleitoral, o debate sobre processo de transi\u00e7\u00e3o de governo \u00e9 bastante pertinente, em especial no Brasil, onde troca de mandatos \u00e9 ainda vista como uma ruptura entre o mandat\u00e1rio rec\u00e9m-eleito e o governante anterior. Mesmo ap\u00f3s a promulga\u00e7\u00e3o da Lei das Elei\u00e7\u00f5es &#8211; Lei 9.504\/1997, da Lei de Responsabilidade Fiscal\u00a0 &#8211; Lei Complementar [&hellip;]<\/p>\n","protected":false},"author":522,"featured_media":0,"parent":17641,"menu_order":176,"comment_status":"closed","ping_status":"closed","template":"","meta":{"_acf_changed":false,"footnotes":""},"class_list":["post-24307","page","type-page","status-publish","hentry"],"acf":[],"_links":{"self":[{"href":"https:\/\/homolog.saopaulo.sp.leg.br\/escoladoparlamento\/wp-json\/wp\/v2\/pages\/24307","targetHints":{"allow":["GET"]}}],"collection":[{"href":"https:\/\/homolog.saopaulo.sp.leg.br\/escoladoparlamento\/wp-json\/wp\/v2\/pages"}],"about":[{"href":"https:\/\/homolog.saopaulo.sp.leg.br\/escoladoparlamento\/wp-json\/wp\/v2\/types\/page"}],"author":[{"embeddable":true,"href":"https:\/\/homolog.saopaulo.sp.leg.br\/escoladoparlamento\/wp-json\/wp\/v2\/users\/522"}],"replies":[{"embeddable":true,"href":"https:\/\/homolog.saopaulo.sp.leg.br\/escoladoparlamento\/wp-json\/wp\/v2\/comments?post=24307"}],"version-history":[{"count":5,"href":"https:\/\/homolog.saopaulo.sp.leg.br\/escoladoparlamento\/wp-json\/wp\/v2\/pages\/24307\/revisions"}],"predecessor-version":[{"id":24617,"href":"https:\/\/homolog.saopaulo.sp.leg.br\/escoladoparlamento\/wp-json\/wp\/v2\/pages\/24307\/revisions\/24617"}],"up":[{"embeddable":true,"href":"https:\/\/homolog.saopaulo.sp.leg.br\/escoladoparlamento\/wp-json\/wp\/v2\/pages\/17641"}],"wp:attachment":[{"href":"https:\/\/homolog.saopaulo.sp.leg.br\/escoladoparlamento\/wp-json\/wp\/v2\/media?parent=24307"}],"curies":[{"name":"wp","href":"https:\/\/api.w.org\/{rel}","templated":true}]}}