{"id":25288,"date":"2021-02-22T12:49:47","date_gmt":"2021-02-22T15:49:47","guid":{"rendered":"https:\/\/homolog.saopaulo.sp.leg.br\/escoladoparlamento\/?page_id=25288"},"modified":"2021-04-13T11:06:42","modified_gmt":"2021-04-13T14:06:42","slug":"presenca-e-atuacao-das-mulheres-na-politica-paulistana","status":"publish","type":"page","link":"https:\/\/homolog.saopaulo.sp.leg.br\/escoladoparlamento\/cursos\/cursos-anteriores\/cursos-realizados-em-2021\/presenca-e-atuacao-das-mulheres-na-politica-paulistana\/","title":{"rendered":"Presen\u00e7a e Atua\u00e7\u00e3o das Mulheres na Pol\u00edtica Paulistana"},"content":{"rendered":"<h2>Ciclo de Semin\u00e1rios<\/h2>\n<p>A sociedade brasileira \u00e9 atravessada por mecanismos de opress\u00e3o, silenciamento e exterm\u00ednio orientados pelo machismo estrutural.\u00a0 Um dos espa\u00e7os em que essa l\u00f3gica mais se manifesta \u00e9 justamente na pol\u00edtica institucional. H\u00e1 uma sub-representa\u00e7\u00e3o das mulheres nas estruturas de governo e nas estruturas partid\u00e1rias brasileiras.<\/p>\n<p>No ano de 2020, as elei\u00e7\u00f5es municipais de S\u00e3o Paulo alcan\u00e7aram um resultado hist\u00f3rico no que diz respeito \u00e0 inclus\u00e3o num\u00e9rica de mulheres no Parlamento Paulistano. S\u00e3o 13 vereadoras, de diferentes filia\u00e7\u00f5es pol\u00edticas, que exercer\u00e3o seus mandatos parlamentares por quatro anos.<\/p>\n<p>Conhecer, compreender e dialogar sobre\u00a0 como essas mulheres experimentam o desafio de atuar na pol\u00edtica institucional brasileira, bem como podemos aumentar e ampliar sua atua\u00e7\u00e3o pol\u00edtica s\u00e3o os objetivos centrais\u00a0 deste Ciclo de Semin\u00e1rios.<\/p>\n<p><strong>EMENTA<\/strong><\/p>\n<ul>\n<li>Institui\u00e7\u00f5es pol\u00edticas brasileiras e a participa\u00e7\u00e3o da mulher;<\/li>\n<li>Rela\u00e7\u00f5es de g\u00eanero na democracia brasileira;<\/li>\n<li>Hist\u00f3rias de vida e hist\u00f3rias de lutas de mulheres paulistanas na pol\u00edtica.<\/li>\n<\/ul>\n<p><strong>METODOLOGIA<\/strong><\/p>\n<ul>\n<li>Quatro semin\u00e1rios virtuais, realizados em forma de mesas de conversa, contando com tempo de exposi\u00e7\u00e3o das participantes e tempo de di\u00e1logo com o p\u00fablico.<\/li>\n<\/ul>\n<p>&nbsp;<\/p>\n<p><strong>Os semin\u00e1rios acontecer\u00e3o por meio da plataforma ZOOM em link a ser enviado aos inscritos.<\/strong><\/p>\n<p><strong>Destacamos que o evento tamb\u00e9m ser\u00e1 transmitido pelo canal do YouTube da Escola do Parlamento:<\/strong><\/p>\n<p><strong>Link para o semin\u00e1rio do dia 05\/03 &#8211; <a href=\"https:\/\/youtu.be\/y38AVyPxuqQ\">https:\/\/youtu.be\/y38AVyPxuqQ\u00a0<\/a><\/strong><\/p>\n<p><strong>Link para o semin\u00e1rio do dia 12\/03 &#8211; <a href=\"https:\/\/youtu.be\/M3gqboNenvc\">https:\/\/youtu.be\/M3gqboNenvc<\/a><\/strong><\/p>\n<p><strong>Link para o semin\u00e1rio do dia 19\/03 &#8211; <a href=\"https:\/\/youtu.be\/Ew7Go-2cTkc\">https:\/\/youtu.be\/Ew7Go-2cTkc<\/a><\/strong><\/p>\n<p><strong>Link para o semin\u00e1rio do dia 26\/03 &#8211; <a href=\"https:\/\/youtu.be\/7ERTgyrvWtw\">https:\/\/youtu.be\/7ERTgyrvWtw<\/a><\/strong><\/p>\n<p><strong>Siga o nosso canal! &#8211; <a href=\"http:\/\/www.youtube.com\/escoladoparlamentoCMSP\">http:\/\/www.youtube.com\/escoladoparlamentoCMSP<\/a><\/strong><\/p>\n<p>&nbsp;<\/p>\n<p><strong>Lembramos que para o recebimento do certificado \u00e9 obrigat\u00f3rio que os inscritos acompanhem o evento pelo ZOOM.<\/strong><\/p>\n<p>&nbsp;<\/p>\n<p><strong>P\u00daBLICO ALVO:\u00a0 <\/strong>P\u00fablico em geral<\/p>\n<p><strong>VAGAS: <\/strong>500<\/p>\n<p><strong>FREQU\u00caNCIA: <\/strong>100%<\/p>\n<p><strong>DATAS DOS SEMIN\u00c1RIOS: <span style=\"color: #0000ff\">05\/03; 12\/03; 19\/03; 26\/03 (sextas-feiras)<\/span><\/strong><\/p>\n<p><strong>HOR\u00c1RIO:<\/strong> <span style=\"color: #0000ff\"><b>14h30 \u00e0s 16h30<\/b><\/span><\/p>\n<p><strong>PER\u00cdODO DE INSCRI\u00c7\u00c3O: <\/strong>25\/02\/2021 a 03\/03\/2021 <strong>\u00a0<\/strong><\/p>\n<h3><span style=\"color: #ff0000\">\u00a0<\/span><\/h3>\n<h3>Certifica\u00e7\u00e3o de participa\u00e7\u00e3o equivalente a oito horas e meia.<\/h3>\n<p>Mais informa\u00e7\u00f5es sobre a POL\u00cdTICA DE CONTROLE DE INSCRI\u00c7\u00c3O, FREQU\u00caNCIA E CERTIFICA\u00c7\u00c3O PARA CURSOS LIVRES DA ESCOLA DO PARLAMENTO NA MODALIDADE N\u00c3O PRESENCIAL, <a href=\"https:\/\/homolog.saopaulo.sp.leg.br\/escoladoparlamento\/wp-content\/uploads\/sites\/5\/2021\/01\/POLITICA-DE-INSCRICAO-E-CERTIFICACAO_21jan21.pdf\">clique aqui<\/a><\/p>\n<p>&nbsp;<\/p>\n","protected":false},"excerpt":{"rendered":"<p>Ciclo de Semin\u00e1rios A sociedade brasileira \u00e9 atravessada por mecanismos de opress\u00e3o, silenciamento e exterm\u00ednio orientados pelo machismo estrutural.\u00a0 Um dos espa\u00e7os em que essa l\u00f3gica mais se manifesta \u00e9 justamente na pol\u00edtica institucional. H\u00e1 uma sub-representa\u00e7\u00e3o das mulheres nas estruturas de governo e nas estruturas partid\u00e1rias brasileiras. No ano de 2020, as elei\u00e7\u00f5es municipais [&hellip;]<\/p>\n","protected":false},"author":731,"featured_media":0,"parent":25320,"menu_order":152,"comment_status":"closed","ping_status":"closed","template":"","meta":{"_acf_changed":false,"footnotes":""},"class_list":["post-25288","page","type-page","status-publish","hentry"],"acf":[],"_links":{"self":[{"href":"https:\/\/homolog.saopaulo.sp.leg.br\/escoladoparlamento\/wp-json\/wp\/v2\/pages\/25288","targetHints":{"allow":["GET"]}}],"collection":[{"href":"https:\/\/homolog.saopaulo.sp.leg.br\/escoladoparlamento\/wp-json\/wp\/v2\/pages"}],"about":[{"href":"https:\/\/homolog.saopaulo.sp.leg.br\/escoladoparlamento\/wp-json\/wp\/v2\/types\/page"}],"author":[{"embeddable":true,"href":"https:\/\/homolog.saopaulo.sp.leg.br\/escoladoparlamento\/wp-json\/wp\/v2\/users\/731"}],"replies":[{"embeddable":true,"href":"https:\/\/homolog.saopaulo.sp.leg.br\/escoladoparlamento\/wp-json\/wp\/v2\/comments?post=25288"}],"version-history":[{"count":5,"href":"https:\/\/homolog.saopaulo.sp.leg.br\/escoladoparlamento\/wp-json\/wp\/v2\/pages\/25288\/revisions"}],"predecessor-version":[{"id":25629,"href":"https:\/\/homolog.saopaulo.sp.leg.br\/escoladoparlamento\/wp-json\/wp\/v2\/pages\/25288\/revisions\/25629"}],"up":[{"embeddable":true,"href":"https:\/\/homolog.saopaulo.sp.leg.br\/escoladoparlamento\/wp-json\/wp\/v2\/pages\/25320"}],"wp:attachment":[{"href":"https:\/\/homolog.saopaulo.sp.leg.br\/escoladoparlamento\/wp-json\/wp\/v2\/media?parent=25288"}],"curies":[{"name":"wp","href":"https:\/\/api.w.org\/{rel}","templated":true}]}}