{"id":25546,"date":"2021-03-23T11:01:09","date_gmt":"2021-03-23T14:01:09","guid":{"rendered":"https:\/\/homolog.saopaulo.sp.leg.br\/escoladoparlamento\/?page_id=25546"},"modified":"2021-05-18T13:37:31","modified_gmt":"2021-05-18T16:37:31","slug":"indice-de-democracia-local-idl-estudos-a-partir-da-experiencia-de-sao-paulo","status":"publish","type":"page","link":"https:\/\/homolog.saopaulo.sp.leg.br\/escoladoparlamento\/cursos\/cursos-anteriores\/cursos-realizados-em-2021\/indice-de-democracia-local-idl-estudos-a-partir-da-experiencia-de-sao-paulo\/","title":{"rendered":"\u00cdndice de Democracia Local (IDL): Estudos a partir da experi\u00eancia de S\u00e3o Paulo"},"content":{"rendered":"<p style=\"font-weight: 300\"><b><strong>COORDENA\u00c7\u00c3O:<\/strong><\/b><\/p>\n<p style=\"font-weight: 300\">Dr. Diego Moraes<\/p>\n<p style=\"font-weight: 300\">Prof. Dr. Humberto Dantas<\/p>\n<p style=\"font-weight: 300\">Prof. Dr. Alexsandro Santos<\/p>\n<p style=\"font-weight: 300\"><b>NATUREZA DO EVENTO<\/b>\u00a0(curso, semin\u00e1rio, ciclo de palestras ou outro):<\/p>\n<p style=\"font-weight: 300\">Semin\u00e1rio \u2013 lan\u00e7amento de livro<\/p>\n<p style=\"font-weight: 300\"><b>JUSTIFICATIVA<\/b>:<\/p>\n<p style=\"font-weight: 300\">O \u00cdndice de Democracia Local (IDL) foi calculado para a cidade de S\u00e3o Paulo em 2019 pelo Instituto Sivis com a finalidade de aumentar o conhecimento acerca das principais dimens\u00f5es democr\u00e1ticas na maior metr\u00f3pole das Am\u00e9ricas. Com os dados compilados pelo IDL em S\u00e3o Paulo, \u00e9 poss\u00edvel avan\u00e7ar no diagn\u00f3stico das raz\u00f5es por tr\u00e1s da crescente fal\u00eancia de democracias ao redor do mundo na contemporaneidade a partir de um enfoque na dimens\u00e3o local. A relev\u00e2ncia do estudo da democracia local para a compreens\u00e3o dessa crise pol\u00edtica deve-se ao entendimento de que, para que o sistema democr\u00e1tico flores\u00e7a e prospere, \u00e9 necess\u00e1rio que as decis\u00f5es sejam tomadas o mais pr\u00f3ximo poss\u00edvel dos cidad\u00e3os, de modo que, em certa medida, as pr\u00f3prias comunidades estipulem seus desafios e encontrem solu\u00e7\u00f5es para seus problemas, numa abordagem que vai \u201cde baixo para cima\u201d (<em>bottom-up<\/em>) ao inv\u00e9s do tradicional olhar \u201cde cima para baixo\u201d (<em>top-down<\/em>).<\/p>\n<p style=\"font-weight: 300\">A fim de divulgar e potencializar todo o rico conhecimento gerado pela aplica\u00e7\u00e3o do Projeto IDL em S\u00e3o Paulo, foi produzido um livro com base nos dados de democracia local encontrados para essa cidade, o qual constitui uma contribui\u00e7\u00e3o fundamental para propiciar \u00e0 comunidade acad\u00eamica novos conhecimentos sobre democracia na cidade de S\u00e3o Paulo. Por ser uma abordagem inovadora, entendemos que \u00e9 fundamental oferecer estudos aprofundados que investiguem as estat\u00edsticas compiladas pelo projeto. Com essa finalidade, especialistas de renome na Ci\u00eancia Pol\u00edtica contribu\u00edram com suas interpreta\u00e7\u00f5es dos dados produzidos pelo IDL a fim de desvelar os principais pontos de estrangulamento da democracia na cidade. Os cap\u00edtulos exploraram ao m\u00e1ximo o potencial dos dados coletados no projeto valendo-se da ampla expertise desses intelectuais, de modo a demonstrar a capacidade que o IDL possui em subsidiar a produ\u00e7\u00e3o acad\u00eamica e avan\u00e7ar no conhecimento sobre a democracia local.\u00a0<b><strong>O livro produzido, intitulado \u201c\u00cdndice de Democracia Local: estudos a partir da experi\u00eancia de S\u00e3o Paulo\u201d, est\u00e1 dispon\u00edvel de modo totalmente gratuito ao p\u00fablico em formatos\u00a0<\/strong><\/b><a href=\"https:\/\/drive.google.com\/file\/d\/18C3ExRZ35WsmnQpm_u3eyuN_N781GyqF\/view?usp=sharing\">e-book<\/a><b><strong>\u00a0e audiobook.<\/strong><\/b><\/p>\n<p style=\"font-weight: 300\">\u00a0<b><strong>OBJETIVOS<\/strong><\/b><\/p>\n<p style=\"font-weight: 300\">Espera-se que, ao final da atividade, os participantes ampliem sua capacidade de:<\/p>\n<p style=\"font-weight: 300\">Compreender as for\u00e7as e as fragilidades da democracia local na cidade de S\u00e3o Paulo.<\/p>\n<p style=\"font-weight: 300\">Refletir sobre os desafios que se colocam ao regime democr\u00e1tico na contemporaneidade.<\/p>\n<p style=\"font-weight: 300\"><b><strong>\u00a0<\/strong><\/b><b><strong>EMENTA<\/strong><\/b><\/p>\n<p style=\"font-weight: 300\">Democracia local<\/p>\n<p style=\"font-weight: 300\">S\u00e3o Paulo<\/p>\n<p style=\"font-weight: 300\">Indicadores de democracia<\/p>\n<p style=\"font-weight: 300\">Governo local<\/p>\n<p style=\"font-weight: 300\"><b><strong>METODOLOGIA<\/strong><\/b><\/p>\n<p style=\"font-weight: 300\">Semin\u00e1rio em sess\u00e3o \u00fanica, com 2h de dura\u00e7\u00e3o, organizado em forma de confer\u00eancia, seguida de rodada de perguntas por parte do p\u00fablico e da media\u00e7\u00e3o.<\/p>\n<p style=\"font-weight: 300\"><b><strong>\u00a0<\/strong><\/b><\/p>\n<p style=\"font-weight: 300\"><b><strong>P\u00daBLICO-ALVO<\/strong><\/b><\/p>\n<p style=\"font-weight: 300\">P\u00fablico em geral<\/p>\n<p style=\"font-weight: 300\"><b><strong>VAGAS<\/strong><\/b><\/p>\n<p style=\"font-weight: 300\">500<\/p>\n<p style=\"font-weight: 300\"><b><strong>FREQU\u00caNCIA:<\/strong><\/b><\/p>\n<p style=\"font-weight: 300\">100%<\/p>\n<h4><b><strong>PER\u00cdODO DE INSCRI\u00c7\u00c3O:\u00a0<\/strong><\/b>22\/03\/2021 a 05\/04\/2021\u00a0<b><strong>\u00a0<\/strong><\/b><\/h4>\n<h4><a href=\"https:\/\/docs.google.com\/forms\/d\/e\/1FAIpQLSekh51iKqz60i_xrsQ-D0OHncSJWQ_nbIeu0U9pXpVQKA_Qlg\/viewform\">Question\u00e1rio de avalia\u00e7\u00e3o do curso<\/a><strong><br \/>\n(somente preencha se voc\u00ea se inscreveu via plataforma Sympla\/aceitaremos apenas uma resposta para cada email cadastrado\/formul\u00e1rio online dispon\u00edvel at\u00e9 \u00e0s 23h59 do dia 08\/04)<\/strong><\/h4>\n<h3><strong>Reveja o semin\u00e1rio clicando <a href=\"https:\/\/www.youtube.com\/watch?v=do-37CPZgF8\">AQUI<\/a><\/strong><\/h3>\n<p style=\"font-weight: 300\"><b><strong>PROGRAMA\u00c7\u00c3O E SUGEST\u00c3O INICIAL DE CONVIDADOS:<\/strong><\/b><\/p>\n<table width=\"623\">\n<tbody>\n<tr>\n<td width=\"104\">\n<p style=\"font-weight: 300\"><b><strong>DATA E HOR\u00c1RIO<\/strong><\/b><\/p>\n<\/td>\n<td width=\"217\">\n<p style=\"font-weight: 300\"><b><strong>ATIVIDADE<\/strong><\/b><\/p>\n<\/td>\n<td width=\"302\">\n<p style=\"font-weight: 300\"><b><strong>CONVIDADOS<\/strong><\/b><\/p>\n<\/td>\n<\/tr>\n<tr>\n<td width=\"104\">\n<p style=\"font-weight: 300\"><b><strong>05\/04\/2021<\/strong><\/b><\/p>\n<p style=\"font-weight: 300\"><b><strong>20 minutos<\/strong><\/b><\/p>\n<\/td>\n<td width=\"217\">\n<p style=\"font-weight: 300\"><b><strong>Abertura do Semin\u00e1rio<\/strong><\/b><\/p>\n<p style=\"font-weight: 300\"><b><strong>\u00a0<\/strong><\/b><\/p>\n<\/td>\n<td width=\"302\">\n<p style=\"font-weight: 300\">Dr. Diego Moraes<\/p>\n<p style=\"font-weight: 300\">\n<\/td>\n<\/tr>\n<tr>\n<td width=\"104\">\n<p style=\"font-weight: 300\"><b><strong>05\/04\/2021<\/strong><\/b><\/p>\n<p>&nbsp;<\/p>\n<p style=\"font-weight: 300\"><b><strong>50 min<\/strong><\/b><\/p>\n<\/td>\n<td width=\"217\">\n<p style=\"font-weight: 300\"><b><strong>Mesa 1 Exposi\u00e7\u00e3o dos autores e perguntas<\/strong><\/b><\/p>\n<p style=\"font-weight: 300\">Autor 1 \u2013 15\u2019<\/p>\n<p style=\"font-weight: 300\">Autor 2 \u2013 15\u2019<\/p>\n<p style=\"font-weight: 300\">Perguntas e respostas \u2013 20\u2019<\/p>\n<\/td>\n<td width=\"302\">\n<p style=\"font-weight: 300\">Autores:<\/p>\n<p style=\"font-weight: 300\">1 &#8211; Prof. Dr. Jos\u00e9 \u00c1lvaro Mois\u00e9s<\/p>\n<p style=\"font-weight: 300\">2- Luna Chino\/ Profa. Dra Lara Mesquita<\/p>\n<p style=\"font-weight: 300\">Moderador: Prof. Dr. Alexsandro Santos<\/p>\n<\/td>\n<\/tr>\n<tr>\n<td width=\"104\">\n<p style=\"font-weight: 300\"><b><strong>05\/04\/2021<\/strong><\/b><\/p>\n<p style=\"font-weight: 300\"><b><strong>\u00a0<\/strong><\/b><\/p>\n<p style=\"font-weight: 300\"><b><strong>50 min<\/strong><\/b><\/p>\n<\/td>\n<td width=\"217\">\n<p style=\"font-weight: 300\"><b><strong>Mesa 2 Exposi\u00e7\u00e3o dos autores e perguntas<\/strong><\/b><\/p>\n<p style=\"font-weight: 300\">Autor 3 \u2013 15\u2019<\/p>\n<p style=\"font-weight: 300\">Autor 4 \u2013 15\u2019<\/p>\n<p style=\"font-weight: 300\">Perguntas e respostas \u2013 20\u2019<\/p>\n<\/td>\n<td width=\"302\">\n<p style=\"font-weight: 300\">Autores:<\/p>\n<p style=\"font-weight: 300\">3 &#8211; Profa. Dra. Maria Teresa Kerbauy\/Ms. Tha\u00eds Cavalcante Martins<\/p>\n<p style=\"font-weight: 300\">4 &#8211; Profa. Dra. Graziella Testa<\/p>\n<p style=\"font-weight: 300\">Moderador: Prof. Dr. Humberto Dantas<\/p>\n<\/td>\n<\/tr>\n<\/tbody>\n<\/table>\n<p style=\"font-weight: 300\">\n","protected":false},"excerpt":{"rendered":"<p>COORDENA\u00c7\u00c3O: Dr. Diego Moraes Prof. Dr. Humberto Dantas Prof. Dr. Alexsandro Santos NATUREZA DO EVENTO\u00a0(curso, semin\u00e1rio, ciclo de palestras ou outro): Semin\u00e1rio \u2013 lan\u00e7amento de livro JUSTIFICATIVA: O \u00cdndice de Democracia Local (IDL) foi calculado para a cidade de S\u00e3o Paulo em 2019 pelo Instituto Sivis com a finalidade de aumentar o conhecimento acerca das [&hellip;]<\/p>\n","protected":false},"author":660,"featured_media":0,"parent":25320,"menu_order":143,"comment_status":"closed","ping_status":"closed","template":"","meta":{"_acf_changed":false,"footnotes":""},"class_list":["post-25546","page","type-page","status-publish","hentry"],"acf":[],"_links":{"self":[{"href":"https:\/\/homolog.saopaulo.sp.leg.br\/escoladoparlamento\/wp-json\/wp\/v2\/pages\/25546","targetHints":{"allow":["GET"]}}],"collection":[{"href":"https:\/\/homolog.saopaulo.sp.leg.br\/escoladoparlamento\/wp-json\/wp\/v2\/pages"}],"about":[{"href":"https:\/\/homolog.saopaulo.sp.leg.br\/escoladoparlamento\/wp-json\/wp\/v2\/types\/page"}],"author":[{"embeddable":true,"href":"https:\/\/homolog.saopaulo.sp.leg.br\/escoladoparlamento\/wp-json\/wp\/v2\/users\/660"}],"replies":[{"embeddable":true,"href":"https:\/\/homolog.saopaulo.sp.leg.br\/escoladoparlamento\/wp-json\/wp\/v2\/comments?post=25546"}],"version-history":[{"count":5,"href":"https:\/\/homolog.saopaulo.sp.leg.br\/escoladoparlamento\/wp-json\/wp\/v2\/pages\/25546\/revisions"}],"predecessor-version":[{"id":25668,"href":"https:\/\/homolog.saopaulo.sp.leg.br\/escoladoparlamento\/wp-json\/wp\/v2\/pages\/25546\/revisions\/25668"}],"up":[{"embeddable":true,"href":"https:\/\/homolog.saopaulo.sp.leg.br\/escoladoparlamento\/wp-json\/wp\/v2\/pages\/25320"}],"wp:attachment":[{"href":"https:\/\/homolog.saopaulo.sp.leg.br\/escoladoparlamento\/wp-json\/wp\/v2\/media?parent=25546"}],"curies":[{"name":"wp","href":"https:\/\/api.w.org\/{rel}","templated":true}]}}