{"id":25864,"date":"2021-04-22T17:23:02","date_gmt":"2021-04-22T20:23:02","guid":{"rendered":"https:\/\/homolog.saopaulo.sp.leg.br\/escoladoparlamento\/?page_id=25864"},"modified":"2021-08-19T16:18:26","modified_gmt":"2021-08-19T19:18:26","slug":"escola-para-educacao-integral-em-tempos-de-pandemia-e-pos-pandemia","status":"publish","type":"page","link":"https:\/\/homolog.saopaulo.sp.leg.br\/escoladoparlamento\/cursos\/cursos-anteriores\/cursos-realizados-em-2021\/escola-para-educacao-integral-em-tempos-de-pandemia-e-pos-pandemia\/","title":{"rendered":"Escola para Educa\u00e7\u00e3o Integral em Tempos de Pandemia e P\u00f3s-pandemia"},"content":{"rendered":"<h3>ATEN\u00c7\u00c3O: O link para o question\u00e1rio de Avalia\u00e7\u00e3o de Conte\u00fado foi enviado somente para os alunos que tiveram 100% de presen\u00e7a. Verifique o email com que voc\u00ea fez a inscri\u00e7\u00e3o &#8211; e caso n\u00e3o encontre a mensagem na caixa de entrada ou na de spam, ou ainda se voc\u00ea tem d\u00favidas, entre em contato conosco no atendimento.ep@saopaulo.sp.leg.br. O prazo para submiss\u00e3o de suas respostas \u00e9 at\u00e9 a meia-noite da segunda-feira, dia 28\/6.<br \/>\n<span style=\"color: #ff0000\">A partir dessa data teremos at\u00e9 10 dias \u00fateis para o envio do certificado.<\/span><\/h3>\n<p>Voc\u00ea pode rever todos os encontros no <a href=\"https:\/\/www.youtube.com\/c\/EscoladoParlamentoCMSP\">Canal da Escola do Parlamento no YouTube<\/a><br \/>\n<a href=\"https:\/\/www.youtube.com\/playlist?list=PL7WmlcfNQHf6WDV9qNYAb9iEJ7LMs2wID\">Acesse aqui a playlist com todas as 8 aulas<\/a><\/p>\n\n<!-- iframe plugin v.6.0 wordpress.org\/plugins\/iframe\/ -->\n<iframe loading=\"lazy\" src=\"https:\/\/www.sympla.com.br\/escola-para-educacao-integral-em-tempos-de-pandemia-e-pos-pandemia__1194809\" width=\"100%\" height=\"1000\" scrolling=\"yes\" class=\"iframe-class\" frameborder=\"0\"><\/iframe>\n\n<p>&nbsp;<\/p>\n","protected":false},"excerpt":{"rendered":"<p>ATEN\u00c7\u00c3O: O link para o question\u00e1rio de Avalia\u00e7\u00e3o de Conte\u00fado foi enviado somente para os alunos que tiveram 100% de presen\u00e7a. Verifique o email com que voc\u00ea fez a inscri\u00e7\u00e3o &#8211; e caso n\u00e3o encontre a mensagem na caixa de entrada ou na de spam, ou ainda se voc\u00ea tem d\u00favidas, entre em contato conosco [&hellip;]<\/p>\n","protected":false},"author":522,"featured_media":0,"parent":25320,"menu_order":136,"comment_status":"closed","ping_status":"closed","template":"","meta":{"_acf_changed":false,"footnotes":""},"class_list":["post-25864","page","type-page","status-publish","hentry"],"acf":[],"_links":{"self":[{"href":"https:\/\/homolog.saopaulo.sp.leg.br\/escoladoparlamento\/wp-json\/wp\/v2\/pages\/25864","targetHints":{"allow":["GET"]}}],"collection":[{"href":"https:\/\/homolog.saopaulo.sp.leg.br\/escoladoparlamento\/wp-json\/wp\/v2\/pages"}],"about":[{"href":"https:\/\/homolog.saopaulo.sp.leg.br\/escoladoparlamento\/wp-json\/wp\/v2\/types\/page"}],"author":[{"embeddable":true,"href":"https:\/\/homolog.saopaulo.sp.leg.br\/escoladoparlamento\/wp-json\/wp\/v2\/users\/522"}],"replies":[{"embeddable":true,"href":"https:\/\/homolog.saopaulo.sp.leg.br\/escoladoparlamento\/wp-json\/wp\/v2\/comments?post=25864"}],"version-history":[{"count":5,"href":"https:\/\/homolog.saopaulo.sp.leg.br\/escoladoparlamento\/wp-json\/wp\/v2\/pages\/25864\/revisions"}],"predecessor-version":[{"id":26371,"href":"https:\/\/homolog.saopaulo.sp.leg.br\/escoladoparlamento\/wp-json\/wp\/v2\/pages\/25864\/revisions\/26371"}],"up":[{"embeddable":true,"href":"https:\/\/homolog.saopaulo.sp.leg.br\/escoladoparlamento\/wp-json\/wp\/v2\/pages\/25320"}],"wp:attachment":[{"href":"https:\/\/homolog.saopaulo.sp.leg.br\/escoladoparlamento\/wp-json\/wp\/v2\/media?parent=25864"}],"curies":[{"name":"wp","href":"https:\/\/api.w.org\/{rel}","templated":true}]}}