{"id":2592,"date":"2015-11-25T19:24:52","date_gmt":"2015-11-25T21:24:52","guid":{"rendered":"http:\/\/homolog.saopaulo.sp.leg.br\/escoladoparlamento\/?page_id=2592"},"modified":"2018-03-01T15:06:35","modified_gmt":"2018-03-01T18:06:35","slug":"cursos-realizados-em-2011","status":"publish","type":"page","link":"https:\/\/homolog.saopaulo.sp.leg.br\/escoladoparlamento\/cursos\/cursos-anteriores\/cursos-realizados-em-2011\/","title":{"rendered":"Cursos Realizados em 2011"},"content":{"rendered":"<p><a href=\"http:\/\/homolog.saopaulo.sp.leg.br\/escoladoparlamento\/cursos\/cursos-anteriores\/cursos-realizados-em-2012\/combate-ao-trabalho-forcado-urbano\/\">Combate ao Trabalho For\u00e7ado Urbano<\/a><\/p>\n<p><a href=\"http:\/\/homolog.saopaulo.sp.leg.br\/escoladoparlamento\/cursos\/cursos-anteriores\/cursos-realizados-em-2011\/seminario-em-celebracao-ao-dia-internacional-contra-a-corrupcao\/\">Dia Internacional contra a Corrup\u00e7\u00e3o<\/a><\/p>\n<p><a href=\"http:\/\/homolog.saopaulo.sp.leg.br\/escoladoparlamento\/cursos\/cursos-anteriores\/cursos-realizados-em-2011\/democracia-e-o-parlamento-paulistano\/\">Democracia e o Parlamento Paulistano<\/a><\/p>\n<p><a href=\"http:\/\/homolog.saopaulo.sp.leg.br\/escoladoparlamento\/cursos\/cursos-anteriores\/cursos-realizados-em-2011\/gestao-de-politicas-educacionais-e-direito-a-educacao-no-brasil\/\">Gest\u00e3o de Pol\u00edticas Educacionais e Direito \u00e0 Educa\u00e7\u00e3o no Brasil<\/a><\/p>\n<p><a href=\"http:\/\/homolog.saopaulo.sp.leg.br\/escoladoparlamento\/cursos\/cursos-anteriores\/cursos-realizados-em-2011\/seminario-marco-regulatorio-para-as-politicas-metropolitanas\/\">Marco Regulat\u00f3rio para as Pol\u00edticas Metropolitanas<\/a><\/p>\n<p><a href=\"http:\/\/homolog.saopaulo.sp.leg.br\/escoladoparlamento\/cursos\/cursos-anteriores\/cursos-realizados-em-2011\/poder-legislativo-e-democracia-no-brasil-contemporaneo\/\">Poder Legislativo e Democracia no Brasil Contempor\u00e2neo<\/a><\/p>\n<p><a href=\"http:\/\/homolog.saopaulo.sp.leg.br\/escoladoparlamento\/cursos\/cursos-anteriores\/cursos-realizados-em-2011\/terceirizacao-nas-relacoes-de-trabalho-seminario\/\">Semin\u00e1rio Terceiriza\u00e7\u00e3o nas Rela\u00e7\u00f5es de Trabalho<\/a><\/p>\n<p><a href=\"http:\/\/homolog.saopaulo.sp.leg.br\/escoladoparlamento\/cursos\/cursos-anteriores\/cursos-realizados-em-2011\/temas-e-valores-da-primeira-cultura-brasileira\/\">Temas e Valores da Primeira Cultura Brasileira<\/a><\/p>\n<p><a href=\"http:\/\/homolog.saopaulo.sp.leg.br\/escoladoparlamento\/cursos\/cursos-anteriores\/cursos-realizados-em-2011\/trabalho-decente-conceito-juridico-e-relevancia-politica\/\">Trabalho Decente: conceito jur\u00eddico e relev\u00e2ncia pol\u00edtica<\/a><\/p>\n<p>&nbsp;<\/p>\n<p>&nbsp;<\/p>\n","protected":false},"excerpt":{"rendered":"<p>Combate ao Trabalho For\u00e7ado Urbano Dia Internacional contra a Corrup\u00e7\u00e3o Democracia e o Parlamento Paulistano Gest\u00e3o de Pol\u00edticas Educacionais e Direito \u00e0 Educa\u00e7\u00e3o no Brasil Marco Regulat\u00f3rio para as Pol\u00edticas Metropolitanas Poder Legislativo e Democracia no Brasil Contempor\u00e2neo Semin\u00e1rio Terceiriza\u00e7\u00e3o nas Rela\u00e7\u00f5es de Trabalho Temas e Valores da Primeira Cultura Brasileira Trabalho Decente: conceito jur\u00eddico [&hellip;]<\/p>\n","protected":false},"author":127,"featured_media":0,"parent":169,"menu_order":713,"comment_status":"closed","ping_status":"closed","template":"","meta":{"_acf_changed":false,"footnotes":""},"class_list":["post-2592","page","type-page","status-publish","hentry"],"acf":[],"_links":{"self":[{"href":"https:\/\/homolog.saopaulo.sp.leg.br\/escoladoparlamento\/wp-json\/wp\/v2\/pages\/2592","targetHints":{"allow":["GET"]}}],"collection":[{"href":"https:\/\/homolog.saopaulo.sp.leg.br\/escoladoparlamento\/wp-json\/wp\/v2\/pages"}],"about":[{"href":"https:\/\/homolog.saopaulo.sp.leg.br\/escoladoparlamento\/wp-json\/wp\/v2\/types\/page"}],"author":[{"embeddable":true,"href":"https:\/\/homolog.saopaulo.sp.leg.br\/escoladoparlamento\/wp-json\/wp\/v2\/users\/127"}],"replies":[{"embeddable":true,"href":"https:\/\/homolog.saopaulo.sp.leg.br\/escoladoparlamento\/wp-json\/wp\/v2\/comments?post=2592"}],"version-history":[{"count":5,"href":"https:\/\/homolog.saopaulo.sp.leg.br\/escoladoparlamento\/wp-json\/wp\/v2\/pages\/2592\/revisions"}],"predecessor-version":[{"id":8555,"href":"https:\/\/homolog.saopaulo.sp.leg.br\/escoladoparlamento\/wp-json\/wp\/v2\/pages\/2592\/revisions\/8555"}],"up":[{"embeddable":true,"href":"https:\/\/homolog.saopaulo.sp.leg.br\/escoladoparlamento\/wp-json\/wp\/v2\/pages\/169"}],"wp:attachment":[{"href":"https:\/\/homolog.saopaulo.sp.leg.br\/escoladoparlamento\/wp-json\/wp\/v2\/media?parent=2592"}],"curies":[{"name":"wp","href":"https:\/\/api.w.org\/{rel}","templated":true}]}}