{"id":2639,"date":"2015-12-03T14:05:53","date_gmt":"2015-12-03T16:05:53","guid":{"rendered":"http:\/\/homolog.saopaulo.sp.leg.br\/escoladoparlamento\/?page_id=2639"},"modified":"2018-05-11T14:45:23","modified_gmt":"2018-05-11T17:45:23","slug":"comunicacao-livre-modulo-iii-webdoc-e-webtv","status":"publish","type":"page","link":"https:\/\/homolog.saopaulo.sp.leg.br\/escoladoparlamento\/cursos\/cursos-anteriores\/cursos-realizados-em-2015\/comunicacao-livre-modulo-iii-webdoc-e-webtv\/","title":{"rendered":"Comunica\u00e7\u00e3o Livre &#8211; M\u00f3dulo III: WebDoc e WebTV"},"content":{"rendered":"<p><strong>Objetivos:<\/strong> No novo cen\u00e1rio comunicacional a forma\u00e7\u00e3o em novas tecnologias se tornou essencial para os que t\u00eam interesse em atuar como produtores de informa\u00e7\u00e3o. H\u00e1 cada vez mais gente querendo ampliar suas capacidades em equipamentos e aplicativos e ao mesmo tempo entender melhor o cen\u00e1rio da <em>cibercultura<\/em>. O curso de Comunica\u00e7\u00e3o Digital Livre buscar\u00e1 apresentar essas quest\u00f5es de forma introdut\u00f3ria ao estudante.<\/p>\n<p><strong>Diretor Respons\u00e1vel:<\/strong> Christy Ganzert Pato<\/p>\n<p><strong>Coordenador:<\/strong> Renato Rovai<\/p>\n<p><strong>P\u00fablico Alvo<\/strong>:\u00a0Jovens e adultos com interesse em atuar na \u00e1rea ou que j\u00e1 desenvolvam algum tipo de projeto e estejam em busca de forma\u00e7\u00e3o.<\/p>\n<p><strong>Vagas:<\/strong> 30<\/p>\n<p><strong>Carga Hor\u00e1ria:<\/strong>\u00a009h<\/p>\n<p><strong>Inscri\u00e7\u00f5es:<\/strong> At\u00e9 14\/12.<\/p>\n<p><span style=\"color: #800000\"><strong>Aten\u00e7\u00e3o:<\/strong> \u00c9 imprescind\u00edvel para as oficinas a disponibilidade de <em>smartphone<\/em> pr\u00f3prio.<\/span><\/p>\n<p><strong>Programa\u00e7\u00e3o:<\/strong><\/p>\n<table>\n<tbody>\n<tr>\n<td><strong>Data<\/strong><\/td>\n<td><strong>Hora<\/strong><\/td>\n<td><strong>Local<\/strong><\/td>\n<td><strong>Palestrante<\/strong><\/td>\n<td><strong>Tema<\/strong><\/td>\n<\/tr>\n<tr>\n<td><strong>14\/12<\/strong><\/td>\n<td>19h \u2013 22h<\/td>\n<td><a href=\"http:\/\/homolog.saopaulo.sp.leg.br\/transparencia\/auditorios-online\/sala-oscar-pedroso-horta-sala-b\/\">Sala Oscar Pedroso Horta<\/a><\/td>\n<td>Pedro Ortiz<\/td>\n<td><em>Abertura: O papel das WebTVs<\/em><\/td>\n<\/tr>\n<tr>\n<td><strong>15\/12<\/strong><\/td>\n<td>19h \u2013 22h<\/td>\n<td><a href=\"http:\/\/homolog.saopaulo.sp.leg.br\/transparencia\/auditorios-online\/sala-oscar-pedroso-horta-sala-b\/\">Sala Oscar Pedroso Horta<\/a><\/td>\n<td>Andr\u00e9 Deak\u00a0Alonso<\/p>\n<p>Maria Shirts<\/td>\n<td><em>Oficina: WebTVs e WebDoc\u00a0<\/em><\/td>\n<\/tr>\n<tr>\n<td><strong>16\/12<\/strong><\/td>\n<td>19h \u2013 22h<\/td>\n<td><a href=\"http:\/\/homolog.saopaulo.sp.leg.br\/transparencia\/auditorios-online\/sala-oscar-pedroso-horta-sala-b\/\">Sala Oscar Pedroso Horta<\/a><\/td>\n<td>Andr\u00e9 Deak\u00a0Alonso<\/p>\n<p>Maria Shirts<\/td>\n<td><em>Oficina: WebTVs e WebDoc\u00a0<\/em><\/td>\n<\/tr>\n<\/tbody>\n<\/table>\n","protected":false},"excerpt":{"rendered":"<p>Objetivos: No novo cen\u00e1rio comunicacional a forma\u00e7\u00e3o em novas tecnologias se tornou essencial para os que t\u00eam interesse em atuar como produtores de informa\u00e7\u00e3o. H\u00e1 cada vez mais gente querendo ampliar suas capacidades em equipamentos e aplicativos e ao mesmo tempo entender melhor o cen\u00e1rio da cibercultura. O curso de Comunica\u00e7\u00e3o Digital Livre buscar\u00e1 apresentar [&hellip;]<\/p>\n","protected":false},"author":127,"featured_media":0,"parent":1331,"menu_order":621,"comment_status":"closed","ping_status":"closed","template":"","meta":{"_acf_changed":false,"footnotes":""},"class_list":["post-2639","page","type-page","status-publish","hentry"],"acf":[],"_links":{"self":[{"href":"https:\/\/homolog.saopaulo.sp.leg.br\/escoladoparlamento\/wp-json\/wp\/v2\/pages\/2639","targetHints":{"allow":["GET"]}}],"collection":[{"href":"https:\/\/homolog.saopaulo.sp.leg.br\/escoladoparlamento\/wp-json\/wp\/v2\/pages"}],"about":[{"href":"https:\/\/homolog.saopaulo.sp.leg.br\/escoladoparlamento\/wp-json\/wp\/v2\/types\/page"}],"author":[{"embeddable":true,"href":"https:\/\/homolog.saopaulo.sp.leg.br\/escoladoparlamento\/wp-json\/wp\/v2\/users\/127"}],"replies":[{"embeddable":true,"href":"https:\/\/homolog.saopaulo.sp.leg.br\/escoladoparlamento\/wp-json\/wp\/v2\/comments?post=2639"}],"version-history":[{"count":5,"href":"https:\/\/homolog.saopaulo.sp.leg.br\/escoladoparlamento\/wp-json\/wp\/v2\/pages\/2639\/revisions"}],"predecessor-version":[{"id":9417,"href":"https:\/\/homolog.saopaulo.sp.leg.br\/escoladoparlamento\/wp-json\/wp\/v2\/pages\/2639\/revisions\/9417"}],"up":[{"embeddable":true,"href":"https:\/\/homolog.saopaulo.sp.leg.br\/escoladoparlamento\/wp-json\/wp\/v2\/pages\/1331"}],"wp:attachment":[{"href":"https:\/\/homolog.saopaulo.sp.leg.br\/escoladoparlamento\/wp-json\/wp\/v2\/media?parent=2639"}],"curies":[{"name":"wp","href":"https:\/\/api.w.org\/{rel}","templated":true}]}}