{"id":26403,"date":"2021-07-13T19:29:36","date_gmt":"2021-07-13T22:29:36","guid":{"rendered":"https:\/\/homolog.saopaulo.sp.leg.br\/escoladoparlamento\/?page_id=26403"},"modified":"2021-07-13T19:29:36","modified_gmt":"2021-07-13T22:29:36","slug":"projeto-pedagogico-do-curso","status":"publish","type":"page","link":"https:\/\/homolog.saopaulo.sp.leg.br\/escoladoparlamento\/pos-graduacao\/curso-de-aperfeicoamento-seja-democracia-formacao-e-mobilizacao-de-liderancas-para-a-defesa-da-democracia\/projeto-pedagogico-do-curso\/","title":{"rendered":"PROJETO PEDAG\u00d3GICO DO CURSO"},"content":{"rendered":"<p>Para conhecer o\u00a0<strong>Projeto Pedag\u00f3gico<\/strong> do\u00a0<b>CURSO DE APERFEI\u00c7OAMENTO \u201cSEJA DEMOCRACIA \u2013 FORMA\u00c7\u00c3O E MOBILIZA\u00c7\u00c3O DE LIDERAN\u00c7AS PARA A DEFESA DA DEMOCRACIA<\/b> acesse o link:<\/p>\n<p><a href=\"https:\/\/homolog.saopaulo.sp.leg.br\/escoladoparlamento\/wp-content\/uploads\/sites\/5\/2021\/07\/PP-Curso-Aperfeic\u0327oamento-IPAD.pdf\">Projeto Pedag\u00f3gico do Curso de Aperfeic\u0327oamento Seja Democracia &#8211; EP.IMJA.IPAD<\/a><\/p>\n","protected":false},"excerpt":{"rendered":"<p>Para conhecer o\u00a0Projeto Pedag\u00f3gico do\u00a0CURSO DE APERFEI\u00c7OAMENTO \u201cSEJA DEMOCRACIA \u2013 FORMA\u00c7\u00c3O E MOBILIZA\u00c7\u00c3O DE LIDERAN\u00c7AS PARA A DEFESA DA DEMOCRACIA acesse o link: Projeto Pedag\u00f3gico do Curso de Aperfeic\u0327oamento Seja Democracia &#8211; EP.IMJA.IPAD<\/p>\n","protected":false},"author":297,"featured_media":0,"parent":26401,"menu_order":123,"comment_status":"closed","ping_status":"closed","template":"","meta":{"_acf_changed":false,"footnotes":""},"class_list":["post-26403","page","type-page","status-publish","hentry"],"acf":[],"_links":{"self":[{"href":"https:\/\/homolog.saopaulo.sp.leg.br\/escoladoparlamento\/wp-json\/wp\/v2\/pages\/26403","targetHints":{"allow":["GET"]}}],"collection":[{"href":"https:\/\/homolog.saopaulo.sp.leg.br\/escoladoparlamento\/wp-json\/wp\/v2\/pages"}],"about":[{"href":"https:\/\/homolog.saopaulo.sp.leg.br\/escoladoparlamento\/wp-json\/wp\/v2\/types\/page"}],"author":[{"embeddable":true,"href":"https:\/\/homolog.saopaulo.sp.leg.br\/escoladoparlamento\/wp-json\/wp\/v2\/users\/297"}],"replies":[{"embeddable":true,"href":"https:\/\/homolog.saopaulo.sp.leg.br\/escoladoparlamento\/wp-json\/wp\/v2\/comments?post=26403"}],"version-history":[{"count":1,"href":"https:\/\/homolog.saopaulo.sp.leg.br\/escoladoparlamento\/wp-json\/wp\/v2\/pages\/26403\/revisions"}],"predecessor-version":[{"id":26405,"href":"https:\/\/homolog.saopaulo.sp.leg.br\/escoladoparlamento\/wp-json\/wp\/v2\/pages\/26403\/revisions\/26405"}],"up":[{"embeddable":true,"href":"https:\/\/homolog.saopaulo.sp.leg.br\/escoladoparlamento\/wp-json\/wp\/v2\/pages\/26401"}],"wp:attachment":[{"href":"https:\/\/homolog.saopaulo.sp.leg.br\/escoladoparlamento\/wp-json\/wp\/v2\/media?parent=26403"}],"curies":[{"name":"wp","href":"https:\/\/api.w.org\/{rel}","templated":true}]}}