{"id":26570,"date":"2021-08-23T20:16:08","date_gmt":"2021-08-23T23:16:08","guid":{"rendered":"https:\/\/homolog.saopaulo.sp.leg.br\/escoladoparlamento\/?page_id=26570"},"modified":"2021-10-14T08:38:44","modified_gmt":"2021-10-14T11:38:44","slug":"curso-de-extensao-universitaria-partidos-politicos-e-sistema-eleitoral-no-brasil","status":"publish","type":"page","link":"https:\/\/homolog.saopaulo.sp.leg.br\/escoladoparlamento\/selecao-de-docentes\/credenciamento-cursos-livres-extensao-pos\/curso-de-extensao-universitaria-partidos-politicos-e-sistema-eleitoral-no-brasil\/","title":{"rendered":"Curso de Extens\u00e3o Universit\u00e1ria Partidos Pol\u00edticos e Sistema Eleitoral no Brasil"},"content":{"rendered":"<h3><strong>Descri\u00e7\u00e3o da Atividade<\/strong><\/h3>\n<p>O curso destina-se a estudantes, servidores p\u00fablicos, profissionais do terceiro setor e ativistas interessados por e\/ou envolvidos com as tem\u00e1ticas de representa\u00e7\u00e3o pol\u00edtica, partidos pol\u00edticos, elei\u00e7\u00f5es, mandatos pol\u00edticos, e pol\u00edtica de maneira mais geral. Tem por objetivo geral apresentar, discutir e problematizar as quest\u00f5es te\u00f3ricas e pr\u00e1ticas que decorrem dos desafios do governo representativo, aplicando-as em perspectiva hist\u00f3rica ao caso brasileiro. Mais especificamente, o curso ir\u00e1 tratar de sistemas eleitorais (fam\u00edlias e breve hist\u00f3ria de seu desenvolvimento) e sistemas partid\u00e1rios (sua institucionaliza\u00e7\u00e3o e evolu\u00e7\u00e3o hist\u00f3rica), sempre olhando para a experi\u00eancia brasileira. Ao final, tratar\u00e1 de temas mais voltados aos debates de conjuntura, abordando tem\u00e1ticas como: reforma pol\u00edtica, reforma eleitoral, financiamento de campanha, intera\u00e7\u00f5es entre partidos e a justi\u00e7a eleitoral, representa\u00e7\u00e3o pol\u00edtica de minorias, entre outras tem\u00e1ticas contempor\u00e2neas.<\/p>\n<p><strong>Caracter\u00edsticas da oferta do curso<\/strong><\/p>\n<ol>\n<li>Profissional necess\u00e1rio para a oferta do curso: 01 (um) facilitador de aprendizagem, respons\u00e1vel por conduzir todas as atividades formativas.<\/li>\n<li>Carga hor\u00e1ria: 20 horas, distribu\u00eddas em 07 (sete) encontros semanais vespertinos e\/ou noturnos de 2 horas cada um, totalizando 14 horas de aulas e 6 horas de atividades<\/li>\n<li>Modalidade: presencial ou aprendizagem remota com plataforma de media\u00e7\u00e3o \u00e0 dist\u00e2ncia<\/li>\n<li>Previs\u00e3o de in\u00edcio da oferta do curso: 3 de novembro de 2021.<\/li>\n<\/ol>\n<p><strong>Conte\u00fados priorit\u00e1rios<\/strong><\/p>\n<ol>\n<li>Governo representativo e elei\u00e7\u00f5es<\/li>\n<li>Elei\u00e7\u00f5es e sistemas eleitorais: hist\u00f3ria, tipos e fam\u00edlias<\/li>\n<li>Partidos pol\u00edticos e sistemas partid\u00e1rios: hist\u00f3ria, institucionaliza\u00e7\u00e3o<\/li>\n<li>Sistema eleitoral e sistema partid\u00e1rio brasileiro: hist\u00f3ria e o formato recente<\/li>\n<li>Intera\u00e7\u00e3o entre sistema eleitoral e sistema partid\u00e1rio<\/li>\n<li>Financiamento de campanhas eleitorais<\/li>\n<li>Partidos pol\u00edticos: inser\u00e7\u00e3o no governo, atua\u00e7\u00e3o no legislativo, organiza\u00e7\u00e3o da sociedade<\/li>\n<li>Partidos pol\u00edticos: nacionaliza\u00e7\u00e3o, competi\u00e7\u00e3o e regula\u00e7\u00e3o<\/li>\n<li>Partidos Pol\u00edticos e Representa\u00e7\u00f5es dos grupos sociais minorizados: ra\u00e7a, g\u00eanero e outras categorias<\/li>\n<\/ol>\n<p><strong>Conte\u00fados complementares<\/strong><\/p>\n<ol start=\"10\">\n<li>Reformas pol\u00edticas na Quinta Rep\u00fablica: transforma\u00e7\u00f5es e o debate corrente<\/li>\n<li>A Justi\u00e7a Eleitoral entre o ativismo judicial e a judicializa\u00e7\u00e3o da pol\u00edtica<\/li>\n<\/ol>\n<p><strong>Metodologia<\/strong><\/p>\n<p>Aulas expositivas, exposi\u00e7\u00e3o dialogada, leituras orientadas, exerc\u00edcios de reflex\u00e3o te\u00f3rica e estudos de caso, apresenta\u00e7\u00e3o e an\u00e1lise de v\u00eddeos, documentos, textos legais ou mobiliza\u00e7\u00e3o de outros materiais did\u00e1ticos, a crit\u00e9rio do facilitador de aprendizagem.<\/p>\n<p><strong>Recursos f\u00edsicos e did\u00e1ticos<\/strong><\/p>\n<p>Para a execu\u00e7\u00e3o das aulas ser\u00e1 disponibilizada plataforma virtual de media\u00e7\u00e3o, com servi\u00e7o gratuito de <em>stream<\/em> e transmiss\u00e3o autom\u00e1tica nas redes sociais da Escola do Parlamento.<\/p>\n<p><strong>Calend\u00e1rio previsto para a oferta<\/strong><\/p>\n<p>A oferta da primeira edi\u00e7\u00e3o curso de extens\u00e3o universit\u00e1ria \u201cPartidos Pol\u00edticos e Sistema Eleitoral no Brasil\u201d est\u00e1 prevista para os dias 3, 10, 17, 24 de novembro, e 1, 8 e 15 de dezembro de 2021.<\/p>\n<p>========================<\/p>\n<p>Nessa se\u00e7\u00e3o voc\u00ea encontra o cronograma, conjunto de links e materiais de refer\u00eancia importantes para a inscri\u00e7\u00e3o, preenchimento adequado de documentos e envio de recursos deste processo seletivo.<\/p>\n<h4><strong><span style=\"color: #800000\"><a style=\"color: #800000\" href=\"https:\/\/forms.gle\/7DbNyZBCBn3K8noDA\">Formul\u00e1rio de Inscri\u00e7\u00e3o<\/a><\/span><\/strong><\/h4>\n<h4><strong><span style=\"color: #800000\"><a style=\"color: #800000\" href=\"https:\/\/homolog.saopaulo.sp.leg.br\/escoladoparlamento\/wp-content\/uploads\/sites\/5\/2021\/09\/EDITAL-EP-04.21-Partidos-Politicos-e-Sistema-Eleitoral-Brasileiro.pdf\">Edital de Credenciamento<\/a><\/span><\/strong><\/h4>\n<h4><strong><span style=\"color: #800000\"><a style=\"color: #800000\" href=\"https:\/\/forms.gle\/iYWzAzBPFbTTAez77\">Formul\u00e1rio de Recursos contra Resultado Preliminar<\/a> (Abertura ser\u00e1 \u00e0s 10h do dia 06\/10)<\/span><\/strong><\/h4>\n<h3><span style=\"color: #000000\"><strong>Documentos importantes:<\/strong><\/span><\/h3>\n<h4><span style=\"color: #800000\"><strong><a style=\"color: #800000\" href=\"https:\/\/homolog.saopaulo.sp.leg.br\/escoladoparlamento\/wp-content\/uploads\/sites\/5\/2021\/08\/ANEXO-II-Edital-Partidos-Politicos_EP.docx\">Anexo II &#8211; Declara\u00e7\u00e3o de Autenticidade<\/a><\/strong><\/span><\/h4>\n<h4><span style=\"color: #800000\"><strong><a style=\"color: #800000\" href=\"https:\/\/homolog.saopaulo.sp.leg.br\/escoladoparlamento\/wp-content\/uploads\/sites\/5\/2021\/09\/ANEXO-III-Edital-Partidos-Politicos_EP.docx\">Anexo III &#8211; Declara\u00e7\u00e3o de apresenta\u00e7\u00e3o de comprovantes de experi\u00eancia profissional e produ\u00e7\u00e3o acad\u00eamica<\/a><\/strong><strong><a style=\"color: #800000\" href=\"https:\/\/homolog.saopaulo.sp.leg.br\/escoladoparlamento\/wp-content\/uploads\/sites\/5\/2021\/08\/ANEXO-III-Edital-Partidos-Politicos_EP.docx\"> submetidos para an\u00e1lise<\/a><\/strong><\/span><\/h4>\n<h4><span style=\"color: #800000\"><strong><a style=\"color: #800000\" href=\"https:\/\/homolog.saopaulo.sp.leg.br\/escoladoparlamento\/wp-content\/uploads\/sites\/5\/2021\/09\/DECLARAC\u0327A\u0303O-PPSEB_01.docx\">Declara\u00e7\u00e3o\u00a0 PPSEB_01<\/a><\/strong><\/span><\/h4>\n<p>========================<\/p>\n<h3><span style=\"color: #000000\"><strong>Links importantes:<\/strong><\/span><\/h3>\n<p><span style=\"color: #800000\"><a style=\"color: #800000\" href=\"https:\/\/homolog.saopaulo.sp.leg.br\/escoladoparlamento\/wp-content\/uploads\/sites\/5\/2021\/10\/ResultadoPreliminar_PPSEB.pdf\"><mark><strong>Publica\u00e7\u00e3o do Resultado Preliminar do Processo de Credenciamento (Publica\u00e7\u00e3o DOC 05.10.21 pp. 107)<\/strong><\/mark><\/a><\/span><\/p>\n<p><span style=\"color: #800000\"><a style=\"color: #800000\" href=\"https:\/\/homolog.saopaulo.sp.leg.br\/escoladoparlamento\/wp-content\/uploads\/sites\/5\/2021\/10\/RecursoeResultadoFinal_PPSEB.pdf\"><mark><strong>Publica\u00e7\u00e3o da Delibera\u00e7\u00e3o de Recursos e do Resultado Final do Processo de Credenciamento (Publica\u00e7\u00e3o DOC 09.10.21 pp. 165)<\/strong><\/mark><\/a><\/span><\/p>\n<h3 style=\"text-align: left\"><strong>Cronograma relativo ao Edital:<\/strong><\/h3>\n<table class=\" aligncenter\">\n<tbody>\n<tr>\n<td width=\"397\">EVENTO<\/td>\n<td width=\"176\">DATA<\/td>\n<\/tr>\n<tr>\n<td width=\"397\">Publica\u00e7\u00e3o do Edital de Credenciamento no Di\u00e1rio Oficial do Munic\u00edpio<\/td>\n<td width=\"176\">02\/09\/2021<\/td>\n<\/tr>\n<tr>\n<td width=\"397\">Per\u00edodo de Inscri\u00e7\u00e3o<\/td>\n<td width=\"176\">das 10h do dia 03\/09\/2021 at\u00e9 \u00e0s 23h59 do dia 16\/09\/2021<\/td>\n<\/tr>\n<tr>\n<td width=\"397\">Publica\u00e7\u00e3o da lista de inscri\u00e7\u00f5es habilitadas<\/td>\n<td width=\"176\">18\/09\/2021<\/td>\n<\/tr>\n<tr>\n<td width=\"397\">Interposi\u00e7\u00e3o de recurso contra n\u00e3o-habilita\u00e7\u00e3o de inscri\u00e7\u00e3o<\/td>\n<td width=\"176\">das 10h do dia 19\/09\/2021 at\u00e9 \u00e0s 23h59 do dia 20\/09\/2021<\/td>\n<\/tr>\n<tr>\n<td width=\"397\">Publica\u00e7\u00e3o da an\u00e1lise de recursos contra n\u00e3o-habilita\u00e7\u00e3o de inscri\u00e7\u00e3o<\/td>\n<td width=\"176\">25\/09\/2021<\/td>\n<\/tr>\n<tr>\n<td width=\"397\">Publica\u00e7\u00e3o do Resultado preliminar do processo de credenciamento<\/td>\n<td width=\"176\">05\/10\/2021<\/td>\n<\/tr>\n<tr>\n<td width=\"397\">Interposi\u00e7\u00e3o de recurso contra resultado preliminar<\/td>\n<td width=\"176\">das 10h do dia 06\/10\/2021 at\u00e9 \u00e0s 23h59 do dia 07\/10\/2021<\/td>\n<\/tr>\n<tr>\n<td width=\"397\">Publica\u00e7\u00e3o do Resultado final do processo de credenciamento<\/td>\n<td width=\"176\">09\/10\/2021<\/td>\n<\/tr>\n<\/tbody>\n<\/table>\n","protected":false},"excerpt":{"rendered":"<p>Descri\u00e7\u00e3o da Atividade O curso destina-se a estudantes, servidores p\u00fablicos, profissionais do terceiro setor e ativistas interessados por e\/ou envolvidos com as tem\u00e1ticas de representa\u00e7\u00e3o pol\u00edtica, partidos pol\u00edticos, elei\u00e7\u00f5es, mandatos pol\u00edticos, e pol\u00edtica de maneira mais geral. Tem por objetivo geral apresentar, discutir e problematizar as quest\u00f5es te\u00f3ricas e pr\u00e1ticas que decorrem dos desafios do [&hellip;]<\/p>\n","protected":false},"author":297,"featured_media":0,"parent":18324,"menu_order":112,"comment_status":"closed","ping_status":"closed","template":"","meta":{"_acf_changed":false,"footnotes":""},"class_list":["post-26570","page","type-page","status-publish","hentry"],"acf":[],"_links":{"self":[{"href":"https:\/\/homolog.saopaulo.sp.leg.br\/escoladoparlamento\/wp-json\/wp\/v2\/pages\/26570","targetHints":{"allow":["GET"]}}],"collection":[{"href":"https:\/\/homolog.saopaulo.sp.leg.br\/escoladoparlamento\/wp-json\/wp\/v2\/pages"}],"about":[{"href":"https:\/\/homolog.saopaulo.sp.leg.br\/escoladoparlamento\/wp-json\/wp\/v2\/types\/page"}],"author":[{"embeddable":true,"href":"https:\/\/homolog.saopaulo.sp.leg.br\/escoladoparlamento\/wp-json\/wp\/v2\/users\/297"}],"replies":[{"embeddable":true,"href":"https:\/\/homolog.saopaulo.sp.leg.br\/escoladoparlamento\/wp-json\/wp\/v2\/comments?post=26570"}],"version-history":[{"count":4,"href":"https:\/\/homolog.saopaulo.sp.leg.br\/escoladoparlamento\/wp-json\/wp\/v2\/pages\/26570\/revisions"}],"predecessor-version":[{"id":26800,"href":"https:\/\/homolog.saopaulo.sp.leg.br\/escoladoparlamento\/wp-json\/wp\/v2\/pages\/26570\/revisions\/26800"}],"up":[{"embeddable":true,"href":"https:\/\/homolog.saopaulo.sp.leg.br\/escoladoparlamento\/wp-json\/wp\/v2\/pages\/18324"}],"wp:attachment":[{"href":"https:\/\/homolog.saopaulo.sp.leg.br\/escoladoparlamento\/wp-json\/wp\/v2\/media?parent=26570"}],"curies":[{"name":"wp","href":"https:\/\/api.w.org\/{rel}","templated":true}]}}