{"id":26753,"date":"2021-10-01T15:12:35","date_gmt":"2021-10-01T18:12:35","guid":{"rendered":"https:\/\/homolog.saopaulo.sp.leg.br\/escoladoparlamento\/?page_id=26753"},"modified":"2022-01-19T15:53:35","modified_gmt":"2022-01-19T18:53:35","slug":"educacao-das-pessoas-com-deficiencia-na-perspectiva-inclusiva","status":"publish","type":"page","link":"https:\/\/homolog.saopaulo.sp.leg.br\/escoladoparlamento\/cursos\/cursos-anteriores\/cursos-realizados-em-2021\/educacao-das-pessoas-com-deficiencia-na-perspectiva-inclusiva\/","title":{"rendered":"Educa\u00e7\u00e3o das Pessoas com Defici\u00eancia na perspectiva inclusiva"},"content":{"rendered":"<p style=\"font-weight: 400\"><u>Justificativa<\/u>:<\/p>\n<p style=\"font-weight: 400\">No artigo 26 da Declara\u00e7\u00e3o Universal dos Direitos Humanos, de 1948, temos proclamado que: \u201cTodos os seres humanos t\u00eam direito \u00e0 educa\u00e7\u00e3o\u201d.<\/p>\n<p style=\"font-weight: 400\">Pessoas com Defici\u00eancia s\u00e3o \u201cSeres Humanos\u201d e, portanto, sujeito de direitos.<\/p>\n<p style=\"font-weight: 400\">Esta afirma\u00e7\u00e3o nos parece \u00f3bvia.<\/p>\n<p style=\"font-weight: 400\">Entretanto, presenciamos, ainda nos dias atuais, que nossa constru\u00e7\u00e3o social ao longo da hist\u00f3ria n\u00e3o tem garantido, na sua integralidade, que as pessoas com defici\u00eancia tenham efetivados seus Direitos Humanos de Educa\u00e7\u00e3o numa Perspectiva Inclusiva.<\/p>\n<p style=\"font-weight: 400\">Isto \u00e9, uma Educa\u00e7\u00e3o que: respeite cada pessoa como sujeito, independentemente de suas caracter\u00edsticas f\u00edsicas, intelectuais, sensoriais, \u00e9tnicas, culturais e de g\u00eanero; invista nas suas possibilidades de estar, pensar e agir no mundo; valorize suas potencialidades de desenvolvimento e de aprendizagem dentro de contextos comuns de educa\u00e7\u00e3o, com pr\u00e1ticas diversificadas e com acessibilidade.<\/p>\n<p style=\"font-weight: 400\">Esta perspectiva j\u00e1 est\u00e1 presente em normas legais, como a Conven\u00e7\u00e3o dos Direitos das Pessoas com Defici\u00eancia e a Lei de Inclus\u00e3o, dentre outras.<\/p>\n<p style=\"font-weight: 400\">Portanto, ter estes direitos efetivados, no cotidiano das pr\u00e1ticas educativas \u00e9 um direito humano e de cidadania das pessoas com defici\u00eancia.<\/p>\n<p style=\"font-weight: 400\"><u>Objetivos<\/u>:<\/p>\n<ul style=\"font-weight: 400\">\n<li>Favorecer a reflex\u00e3o e, consequentemente, o engajamento coletivo para colaborar para a efetiva\u00e7\u00e3o da garantia dos direitos da educa\u00e7\u00e3o das pessoas com defici\u00eancia na perspectiva inclusiva.<\/li>\n<li>Identificar as vis\u00f5es, conceitos e paradigmas envolvidos na constru\u00e7\u00e3o hist\u00f3rica das pessoas com defici\u00eancia como sujeitos de direitos na sociedade e suas implica\u00e7\u00f5es na Educa\u00e7\u00e3o.<\/li>\n<li>Conhecer os marcos normativos legais mundiais, nacionais e municipais que asseguram os direitos das pessoas com defici\u00eancia na perspectiva inclusiva.<\/li>\n<li>Compreender os fundamentos te\u00f3ricos e pr\u00e1ticos da Educa\u00e7\u00e3o de Pessoas com Defici\u00eancia e da Educa\u00e7\u00e3o Especial na perspectiva Inclusiva.<\/li>\n<li>Identificar os desafios e as possibilidades de desenvolver e construir, no cotidiano, no exerc\u00edcio da cidadania, atitudes, pr\u00e1ticas, a\u00e7\u00f5es e pol\u00edticas que garantam estes direitos j\u00e1 garantidos no plano das leis.<\/li>\n<li>Fortalecer a mobiliza\u00e7\u00e3o social para que se efetive a Participa\u00e7\u00e3o das Pessoas com Defici\u00eancia na Educa\u00e7\u00e3o como Direito Humano e de Cidadania.<\/li>\n<\/ul>\n<p style=\"font-weight: 400\"><u>Carga Hor\u00e1ria<\/u>:<\/p>\n<p style=\"font-weight: 400\">Total: 30 horas, sendo 14 horas-aula (on-line, de forma s\u00edncrona) e 16 horas de estudo complementar.<\/p>\n<p>&nbsp;<\/p>\n<p style=\"font-weight: 400\"><strong>PROGRAMA\u00c7\u00c3O:<\/strong><strong>\u00a0<\/strong><\/p>\n<h3 style=\"font-weight: 400\"><span style=\"color: #ff0000\"><strong>A aula do dia 15.10 foi cancelada e a primeira aula ser\u00e1 no dia 22.10<\/strong><\/span><\/h3>\n<p style=\"font-weight: 400\">Aula sempre \u00e0s\u00a0<strong>SEXTAS-FEIRAS<\/strong>, das\u00a0<strong>10h \u00e0s 12h<\/strong><\/p>\n<p style=\"font-weight: 400\"><strong>22.10; 29.10; 19.11;<\/strong><\/p>\n<p style=\"font-weight: 400\"><strong>26.11; 03.12; 10.12; 17.12 de 2021<\/strong><\/p>\n<p style=\"font-weight: 400\"><b>DOCENTE:<\/b>\u00a0Deigles Giacomelli Amaro<\/p>\n<p style=\"font-weight: 400\"><u>Conte\u00fados e Cronograma<\/u>:<\/p>\n<p style=\"font-weight: 400\"><strong>1\u00b0 e 2\u00b0\u00a0<\/strong><b>Aula<\/b><strong>s &#8211; 22.10.21 e 29.10.21<\/strong><\/p>\n<ul>\n<li style=\"font-weight: 400\">A constru\u00e7\u00e3o hist\u00f3rica das pessoas com defici\u00eancia como sujeitos de direitos na sociedade e na Educa\u00e7\u00e3o: conceitos e paradigmas.<\/li>\n<li style=\"font-weight: 400\">As vis\u00f5es sobre a defici\u00eancia: do paradigma da segrega\u00e7\u00e3o ao paradigma inclusivo, na Sociedade e na Educa\u00e7\u00e3o.<\/li>\n<li style=\"font-weight: 400\">Modelo social da defici\u00eancia.<\/li>\n<li style=\"font-weight: 400\">Conceitos, terminologias e Nomenclaturas no percurso das pessoas com defici\u00eancia.<\/li>\n<\/ul>\n<p style=\"font-weight: 400\"><strong>3\u00b0\u00a0<\/strong><b>Aula<\/b><strong>\u00a0&#8211; 19.11.2021<\/strong><\/p>\n<ul>\n<li style=\"font-weight: 400\">\u00a0 \u00a0 \u00a0Marcos normativos mundiais, nacionais e municipais da Educa\u00e7\u00e3o de Pessoas com Defici\u00eancia na Perspectiva inclusiva.<\/li>\n<\/ul>\n<p style=\"font-weight: 400\"><strong>4\u00b0\u00a0<\/strong><b>Aula<\/b><strong>\u00a0&#8211; 26.11.2021<\/strong><\/p>\n<ul>\n<li style=\"font-weight: 400\">\u00a0Fundamentos te\u00f3ricos e pr\u00e1ticos da Educa\u00e7\u00e3o Inclusiva: desafios e possibilidades, acessibilidade e design universal de aprendizagem.<\/li>\n<\/ul>\n<p style=\"font-weight: 400\"><strong>5\u00b0 Aula &#8211; 03.12.2021<\/strong><\/p>\n<ul>\n<li style=\"font-weight: 400\">Pol\u00edtica Nacional da Educa\u00e7\u00e3o Especial na Perspectiva inclusiva:<\/li>\n<li style=\"font-weight: 400\">Atendimento Educacional Especializado: finalidade e atribui\u00e7\u00f5es.<\/li>\n<li style=\"font-weight: 400\">Estrutura e Profissionais de Apoio ao Processo Inclusivo.<\/li>\n<\/ul>\n<p style=\"font-weight: 400\"><strong>6\u00b0 Aula &#8211; 10.12.2021<\/strong><\/p>\n<p style=\"font-weight: 400\">Pol\u00edticas P\u00fablicas para as pessoas com defici\u00eancia na Educa\u00e7\u00e3o.<\/p>\n<p style=\"font-weight: 400\"><strong>7\u00b0 Aula &#8211; 17.12.2021<\/strong><\/p>\n<p style=\"font-weight: 400\">Mobiliza\u00e7\u00e3o Social e Participa\u00e7\u00e3o das Pessoas com Defici\u00eancia na Educa\u00e7\u00e3o como Direito Humano e de Cidadania.<\/p>\n<p style=\"font-weight: 400\"><strong>MATERIAL DE APOIO:\u00a0<\/strong><strong><a href=\"https:\/\/drive.google.com\/drive\/folders\/1S0YK7zjY4Eyco7OwBYxi46xQKkpjMXJd?usp=sharing\">DRIVE COM OS MATERIAIS<br \/>\n<\/a><\/strong><\/p>\n<p>&nbsp;<\/p>\n<table style=\"font-weight: 400\" width=\"576\">\n<tbody>\n<tr>\n<td width=\"576\"><u>Sites<\/u>:<\/p>\n<p><a href=\"https:\/\/www.prefeitura.sp.gov.br\/cidade\/secretarias\/pessoa_com_deficiencia\/\">https:\/\/www.prefeitura.sp.gov.br\/cidade\/secretarias\/pessoa_com_deficiencia\/<\/a><\/p>\n<p><a href=\"https:\/\/www.pessoacomdeficiencia.sp.gov.br\/\">https:\/\/www.pessoacomdeficiencia.sp.gov.br\/<\/a><\/p>\n<p><a href=\"https:\/\/portal.museudainclusao.org.br\/\">https:\/\/portal.museudainclusao.org.br\/<\/a><\/p>\n<p><a href=\"https:\/\/diversa.org.br\/\">https:\/\/diversa.org.br\/<\/a><\/td>\n<\/tr>\n<tr>\n<td width=\"576\"><a href=\"https:\/\/maisdiferencas.org.br\/\">https:\/\/maisdiferencas.org.br\/<\/a><\/p>\n<p><a href=\"https:\/\/www.modoparites.com.br\/\">https:\/\/www.modoparites.com.br\/<\/a><\/p>\n<p><a href=\"https:\/\/homolog.saopaulo.sp.leg.br\/escoladoparlamento\/publicacoes\/\">https:\/\/homolog.saopaulo.sp.leg.br\/escoladoparlamento\/publicacoes\/<\/a><\/p>\n<p><a href=\"https:\/\/www.prefeitura.sp.gov.br\/cidade\/secretarias\/pessoa_com_deficiencia\/legislacao\/index.php?p=14156\">https:\/\/www.prefeitura.sp.gov.br\/cidade\/secretarias\/pessoa_com_deficiencia\/legislacao\/index.php?p=14156<\/a><\/td>\n<\/tr>\n<\/tbody>\n<\/table>\n","protected":false},"excerpt":{"rendered":"<p>Justificativa: No artigo 26 da Declara\u00e7\u00e3o Universal dos Direitos Humanos, de 1948, temos proclamado que: \u201cTodos os seres humanos t\u00eam direito \u00e0 educa\u00e7\u00e3o\u201d. Pessoas com Defici\u00eancia s\u00e3o \u201cSeres Humanos\u201d e, portanto, sujeito de direitos. Esta afirma\u00e7\u00e3o nos parece \u00f3bvia. Entretanto, presenciamos, ainda nos dias atuais, que nossa constru\u00e7\u00e3o social ao longo da hist\u00f3ria n\u00e3o tem [&hellip;]<\/p>\n","protected":false},"author":297,"featured_media":0,"parent":25320,"menu_order":105,"comment_status":"closed","ping_status":"closed","template":"","meta":{"_acf_changed":false,"footnotes":""},"class_list":["post-26753","page","type-page","status-publish","hentry"],"acf":[],"_links":{"self":[{"href":"https:\/\/homolog.saopaulo.sp.leg.br\/escoladoparlamento\/wp-json\/wp\/v2\/pages\/26753","targetHints":{"allow":["GET"]}}],"collection":[{"href":"https:\/\/homolog.saopaulo.sp.leg.br\/escoladoparlamento\/wp-json\/wp\/v2\/pages"}],"about":[{"href":"https:\/\/homolog.saopaulo.sp.leg.br\/escoladoparlamento\/wp-json\/wp\/v2\/types\/page"}],"author":[{"embeddable":true,"href":"https:\/\/homolog.saopaulo.sp.leg.br\/escoladoparlamento\/wp-json\/wp\/v2\/users\/297"}],"replies":[{"embeddable":true,"href":"https:\/\/homolog.saopaulo.sp.leg.br\/escoladoparlamento\/wp-json\/wp\/v2\/comments?post=26753"}],"version-history":[{"count":5,"href":"https:\/\/homolog.saopaulo.sp.leg.br\/escoladoparlamento\/wp-json\/wp\/v2\/pages\/26753\/revisions"}],"predecessor-version":[{"id":27131,"href":"https:\/\/homolog.saopaulo.sp.leg.br\/escoladoparlamento\/wp-json\/wp\/v2\/pages\/26753\/revisions\/27131"}],"up":[{"embeddable":true,"href":"https:\/\/homolog.saopaulo.sp.leg.br\/escoladoparlamento\/wp-json\/wp\/v2\/pages\/25320"}],"wp:attachment":[{"href":"https:\/\/homolog.saopaulo.sp.leg.br\/escoladoparlamento\/wp-json\/wp\/v2\/media?parent=26753"}],"curies":[{"name":"wp","href":"https:\/\/api.w.org\/{rel}","templated":true}]}}