{"id":26781,"date":"2021-10-05T18:30:43","date_gmt":"2021-10-05T21:30:43","guid":{"rendered":"https:\/\/homolog.saopaulo.sp.leg.br\/escoladoparlamento\/?page_id=26781"},"modified":"2021-11-16T20:25:11","modified_gmt":"2021-11-16T23:25:11","slug":"semana-municipal-de-ciencia-tecnologia-inovacao-e-desenvolvimento","status":"publish","type":"page","link":"https:\/\/homolog.saopaulo.sp.leg.br\/escoladoparlamento\/cursos\/cursos-anteriores\/cursos-realizados-em-2021\/semana-municipal-de-ciencia-tecnologia-inovacao-e-desenvolvimento\/","title":{"rendered":"Semana Municipal de Ci\u00eancia, Tecnologia, Inova\u00e7\u00e3o e Desenvolvimento"},"content":{"rendered":"<p>Clique <a href=\"https:\/\/www.youtube.com\/watch?v=pwuTI-5oaiE\">AQUI<\/a> para rever a mesa de abertura &#8211; 19\/10 &#8211; 11h30<br \/>\nClique <a href=\"https:\/\/www.youtube.com\/watch?v=2Syt0_zl4wg\">AQUI<\/a> para rever a mesa de 19\/10 &#8211; 14h30<br \/>\nClique <a href=\"https:\/\/www.youtube.com\/watch?v=TsIkfB6shEE\">AQUI<\/a> para rever a mesa de 20\/10 &#8211; 11h30<br \/>\nClique <a href=\"https:\/\/www.youtube.com\/watch?v=P3dc11kS9MU\">AQUI<\/a> para rever a mesa de 20\/10 &#8211; 14h30<br \/>\nClique <a href=\"https:\/\/www.youtube.com\/watch?v=JZ8oLc7Sfxo\">AQUI <\/a>para rever a mesa de 21\/10 &#8211; 11h30<br \/>\nClique <a href=\"https:\/\/www.youtube.com\/watch?v=eQn4KyvZAsI\">AQUI<\/a> para rever a mesa de 21\/10 &#8211; 14h30<br \/>\nClique <a href=\"https:\/\/www.youtube.com\/watch?v=VqZJkA4X7zk&amp;t=2874s\">AQUI<\/a> para rever a mesa de 22\/10 &#8211; 11h30<br \/>\nClique <a href=\"https:\/\/www.youtube.com\/watch?v=c1HOsNLExHg\">AQUI<\/a> para rever a mesa de 22\/10 &#8211; 14h30<\/p>\n<p><strong>Acompanhe a transmiss\u00e3o ao vivo dos encontros no <a href=\"https:\/\/www.youtube.com\/c\/C%C3%A2maraMunicipaldeS%C3%A3oPaulo\">Canal Oficial da C\u00e2mara Municipal de S\u00e3o Paulo no YouTube<\/a><\/strong><\/p>\n\n<!-- iframe plugin v.6.0 wordpress.org\/plugins\/iframe\/ -->\n<iframe loading=\"lazy\" src=\"https:\/\/www.sympla.com.br\/semana-municipal-de-ciencia-tecnologia-inovacao-e-desenvolvimento__1373072\" width=\"100%\" height=\"1000\" scrolling=\"yes\" class=\"iframe-class\" frameborder=\"0\"><\/iframe>\n\n","protected":false},"excerpt":{"rendered":"<p>Clique AQUI para rever a mesa de abertura &#8211; 19\/10 &#8211; 11h30 Clique AQUI para rever a mesa de 19\/10 &#8211; 14h30 Clique AQUI para rever a mesa de 20\/10 &#8211; 11h30 Clique AQUI para rever a mesa de 20\/10 &#8211; 14h30 Clique AQUI para rever a mesa de 21\/10 &#8211; 11h30 Clique AQUI para [&hellip;]<\/p>\n","protected":false},"author":522,"featured_media":0,"parent":25320,"menu_order":104,"comment_status":"closed","ping_status":"closed","template":"","meta":{"_acf_changed":false,"footnotes":""},"class_list":["post-26781","page","type-page","status-publish","hentry"],"acf":[],"_links":{"self":[{"href":"https:\/\/homolog.saopaulo.sp.leg.br\/escoladoparlamento\/wp-json\/wp\/v2\/pages\/26781","targetHints":{"allow":["GET"]}}],"collection":[{"href":"https:\/\/homolog.saopaulo.sp.leg.br\/escoladoparlamento\/wp-json\/wp\/v2\/pages"}],"about":[{"href":"https:\/\/homolog.saopaulo.sp.leg.br\/escoladoparlamento\/wp-json\/wp\/v2\/types\/page"}],"author":[{"embeddable":true,"href":"https:\/\/homolog.saopaulo.sp.leg.br\/escoladoparlamento\/wp-json\/wp\/v2\/users\/522"}],"replies":[{"embeddable":true,"href":"https:\/\/homolog.saopaulo.sp.leg.br\/escoladoparlamento\/wp-json\/wp\/v2\/comments?post=26781"}],"version-history":[{"count":5,"href":"https:\/\/homolog.saopaulo.sp.leg.br\/escoladoparlamento\/wp-json\/wp\/v2\/pages\/26781\/revisions"}],"predecessor-version":[{"id":26819,"href":"https:\/\/homolog.saopaulo.sp.leg.br\/escoladoparlamento\/wp-json\/wp\/v2\/pages\/26781\/revisions\/26819"}],"up":[{"embeddable":true,"href":"https:\/\/homolog.saopaulo.sp.leg.br\/escoladoparlamento\/wp-json\/wp\/v2\/pages\/25320"}],"wp:attachment":[{"href":"https:\/\/homolog.saopaulo.sp.leg.br\/escoladoparlamento\/wp-json\/wp\/v2\/media?parent=26781"}],"curies":[{"name":"wp","href":"https:\/\/api.w.org\/{rel}","templated":true}]}}