{"id":27573,"date":"2022-04-20T16:22:31","date_gmt":"2022-04-20T19:22:31","guid":{"rendered":"https:\/\/homolog.saopaulo.sp.leg.br\/escoladoparlamento\/?page_id=27573"},"modified":"2022-05-03T13:07:01","modified_gmt":"2022-05-03T16:07:01","slug":"cinema-e-jornalismo-luzes-sobre-sao-paulo-leituras-diversas-da-maior-metropole-brasileira","status":"publish","type":"page","link":"https:\/\/homolog.saopaulo.sp.leg.br\/escoladoparlamento\/cursos\/cursos-anteriores\/cursos-realizados-em-2022\/cinema-e-jornalismo-luzes-sobre-sao-paulo-leituras-diversas-da-maior-metropole-brasileira\/","title":{"rendered":"Lan\u00e7amento do e-book &#8220;CINEMA E JORNALISMO: LUZES SOBRE S\u00c3O PAULO&#8221;"},"content":{"rendered":"<p>&nbsp;<\/p>\n<p><img decoding=\"async\" src=\"https:\/\/homolog.saopaulo.sp.leg.br\/escoladoparlamento\/wp-content\/uploads\/sites\/5\/2022\/04\/obore-2.png\" \/><\/p>\n<p>&nbsp;<\/p>\n<p style=\"font-weight: 400\"><b><strong>INTRODU\u00c7\u00c3O<\/strong><\/b><\/p>\n<p style=\"font-weight: 400\">\u00a0Como falar das complexidades presentes na maior cidade brasileira? Sob quais aspectos e pontos de vista? \u00c9 poss\u00edvel traduzi-la?\u00a0Estas e outras quest\u00f5es ser\u00e3o abordadas\u00a0durante este encontro que conta com a participa\u00e7\u00e3o de especialistas de diferentes \u00e1reas do conhecimento dialogando sobre tradu\u00e7\u00f5es\u00a0poss\u00edveis da cidade de S\u00e3o Paulo. Durante o encontro ser\u00e1 lan\u00e7ado o ebook Cinema e Jornalismo: Luzes sobre S\u00e3o Paulo que \u00e9 resultado do curso de mesmo nome promovido pelo Instituto de Pesquisa, Forma\u00e7\u00e3o e Difus\u00e3o em Pol\u00edticas P\u00fablicas e Sociais (IPFD), em parceria com a OBOR\u00c9, no \u00e2mbito do Projeto Rep\u00f3rter do Futuro. Ele re\u00fane 19 obras audiovisuais in\u00e9ditas sobre a cidade de S\u00e3o Paulo produzidas pelos participantes do curso. Nele, ainda, voc\u00ea encontra impress\u00f5es sobre o percurso de forma\u00e7\u00e3o, metodologia e avalia\u00e7\u00e3o desta experi\u00eancia.<\/p>\n<p style=\"font-weight: 400\"><b><strong>CONVIDADOS:<\/strong><\/b><\/p>\n<ul style=\"font-weight: 400\">\n<li>Alexsandro do Nascimento Santos, diretor-presidente da Escola do Parlamento da C\u00e2mara Municipal de S\u00e3o Paulo<\/li>\n<li>Ciro Pirondi, arquiteto e urbanista, um dos fundadores da Escola da Cidade e seu diretor de 1996 a 2019. \u00c9 o atual diretor da F\u00e1brica \u2013 Escola de Humanidades, institui\u00e7\u00e3o de ensino m\u00e9dio t\u00e9cnico da Escola da Cidade, e integra a dire\u00e7\u00e3o da Funda\u00e7\u00e3o Oscar Niemeyer<\/li>\n<li>Sergio Gomes, jornalista formado pela ECA\/USP, onde lecionou entre 1986 e 1992. Foi um dos fundadores da OBOR\u00c9, em 1978. Concebeu e dirige, desde 1994, o Projeto Rep\u00f3rter do Futuro \u2013 cursos e atividades de complementa\u00e7\u00e3o universit\u00e1ria para estudantes de jornalismo<\/li>\n<li>Oswaldo Luiz Colibri Vitta, jornalista e produtor cultural. Atualmente, dirige a R\u00e1dio Brasil Atual (98,9FM) e apresenta o programa musical Hora do Rango (Pr\u00eamio APCA 2018 \/ Associa\u00e7\u00e3o Paulista de Cr\u00edticos de Arte)<\/li>\n<\/ul>\n<p style=\"font-weight: 400\"><b><strong>MEDIADORAS:<\/strong><\/b><\/p>\n<ul style=\"font-weight: 400\">\n<li>Ana Luisa Zaniboni Gomes, jornalista e pesquisadora, diretora da OBOR\u00c9 e presidente do IPFD.<\/li>\n<li>Luana Copini, jornalista, gestora de projetos e integrante da coordena\u00e7\u00e3o executiva do curso Cinema e Jornalismo.<\/li>\n<\/ul>\n<p style=\"font-weight: 400\"><b><strong>P\u00daBLICO ALVO:<\/strong><\/b><\/p>\n<p style=\"font-weight: 400\">Participantes do curso Rep\u00f3rter do Futuro, alunos do curso de P\u00f3s Gradua\u00e7\u00e3o da Escola do Parlamento, p\u00fablico em geral<\/p>\n<p style=\"font-weight: 400\"><b><strong>VAGAS:<\/strong><\/b>\u00a0500 vagas<\/p>\n<p style=\"font-weight: 400\"><b><strong>CARGA HOR\u00c1RIA TOTAL<\/strong><\/b>: 2 horas.<\/p>\n<p style=\"font-weight: 300\"><b><strong>INFRAESTRUTURA:<\/strong><\/b><\/p>\n<p style=\"font-weight: 300\">Plataforma remota de aprendizado (Zoom)<\/p>\n<p style=\"font-weight: 300\">Transmiss\u00e3o online com grava\u00e7\u00e3o em v\u00eddeo (YouTube)<\/p>\n<p><strong>INSCRI\u00c7\u00d5ES: <a href=\"https:\/\/www.sympla.com.br\/cinema-e-jornalismo-luzes-sobre-sao-paulo----leituras-diversas-da-maior-metropole-brasileira__1554540\">CLIQUE AQUI<\/a><\/strong><\/p>\n","protected":false},"excerpt":{"rendered":"<p>&nbsp; &nbsp; INTRODU\u00c7\u00c3O \u00a0Como falar das complexidades presentes na maior cidade brasileira? Sob quais aspectos e pontos de vista? \u00c9 poss\u00edvel traduzi-la?\u00a0Estas e outras quest\u00f5es ser\u00e3o abordadas\u00a0durante este encontro que conta com a participa\u00e7\u00e3o de especialistas de diferentes \u00e1reas do conhecimento dialogando sobre tradu\u00e7\u00f5es\u00a0poss\u00edveis da cidade de S\u00e3o Paulo. Durante o encontro ser\u00e1 lan\u00e7ado o [&hellip;]<\/p>\n","protected":false},"author":661,"featured_media":0,"parent":27234,"menu_order":75,"comment_status":"closed","ping_status":"closed","template":"","meta":{"_acf_changed":false,"footnotes":""},"class_list":["post-27573","page","type-page","status-publish","hentry"],"acf":[],"_links":{"self":[{"href":"https:\/\/homolog.saopaulo.sp.leg.br\/escoladoparlamento\/wp-json\/wp\/v2\/pages\/27573","targetHints":{"allow":["GET"]}}],"collection":[{"href":"https:\/\/homolog.saopaulo.sp.leg.br\/escoladoparlamento\/wp-json\/wp\/v2\/pages"}],"about":[{"href":"https:\/\/homolog.saopaulo.sp.leg.br\/escoladoparlamento\/wp-json\/wp\/v2\/types\/page"}],"author":[{"embeddable":true,"href":"https:\/\/homolog.saopaulo.sp.leg.br\/escoladoparlamento\/wp-json\/wp\/v2\/users\/661"}],"replies":[{"embeddable":true,"href":"https:\/\/homolog.saopaulo.sp.leg.br\/escoladoparlamento\/wp-json\/wp\/v2\/comments?post=27573"}],"version-history":[{"count":5,"href":"https:\/\/homolog.saopaulo.sp.leg.br\/escoladoparlamento\/wp-json\/wp\/v2\/pages\/27573\/revisions"}],"predecessor-version":[{"id":27587,"href":"https:\/\/homolog.saopaulo.sp.leg.br\/escoladoparlamento\/wp-json\/wp\/v2\/pages\/27573\/revisions\/27587"}],"up":[{"embeddable":true,"href":"https:\/\/homolog.saopaulo.sp.leg.br\/escoladoparlamento\/wp-json\/wp\/v2\/pages\/27234"}],"wp:attachment":[{"href":"https:\/\/homolog.saopaulo.sp.leg.br\/escoladoparlamento\/wp-json\/wp\/v2\/media?parent=27573"}],"curies":[{"name":"wp","href":"https:\/\/api.w.org\/{rel}","templated":true}]}}