{"id":27798,"date":"2022-07-22T15:30:06","date_gmt":"2022-07-22T18:30:06","guid":{"rendered":"https:\/\/homolog.saopaulo.sp.leg.br\/escoladoparlamento\/?page_id=27798"},"modified":"2022-08-24T13:54:10","modified_gmt":"2022-08-24T16:54:10","slug":"cidades-inteligentes-cooperam-entre-si","status":"publish","type":"page","link":"https:\/\/homolog.saopaulo.sp.leg.br\/escoladoparlamento\/cursos\/cursos-anteriores\/cursos-realizados-em-2022\/cidades-inteligentes-cooperam-entre-si\/","title":{"rendered":"Cidades Inteligentes cooperam entre si"},"content":{"rendered":"<p class=\"p1\"><b>Workshop \u201cCidades Inteligentes cooperam entre si\u201d<\/b><\/p>\n<p class=\"p3\"><b>UMA PARCERIA ENTRE A ESCOLA DO PARLAMENTO E A ESCOLA DO LEGISLATIVO DE BALNE\u00c1RIO CAMBORI\u00da<\/b><\/p>\n<p class=\"p3\"><b>DIRETOR RESPONS\u00c1VEL<\/b><\/p>\n<p class=\"p3\">Rubem Romancini \u2013 EP (CMSP)<\/p>\n<p class=\"p3\"><b>COORDENA\u00c7\u00c3O DO EVENTO<\/b><\/p>\n<p class=\"p3\">Pedro Henrique Lopes Campos \u2013 EP<\/p>\n<p class=\"p3\">Tamine Couto \u2013 ELBC<\/p>\n<p class=\"p3\"><b>APRESENTA\u00c7\u00c3O<\/b><\/p>\n<p class=\"p7\">Como pensar e como agir para o desenvolvimento urbano a fim de erradicar a pobreza extrema para todas as pessoas em todos os lugares, \u00a0aproveitando o tempo presente, de transforma\u00e7\u00e3o digital, que seja sustent\u00e1vel em termos econ\u00f4micos, ambientais e socioculturais de planejada, inovadora e inclusiva?<\/p>\n<p class=\"p7\">Esse conjunto de quest\u00f5es norteia a discuss\u00e3o que esse workshop pretende provocar para abordar, a partir do conjunto dos 17 Objetivos de Desenvolvimento Sustent\u00e1vel (ODS) formulados pela Organiza\u00e7\u00e3o das Na\u00e7\u00f5es Unidas (ONU) e das metas propostas pela Agenda 2030, os desafios postos \u00e0s cidades, a promo\u00e7\u00e3o das ideias e da pr\u00e1tica de cidades inteligentes e da coopera\u00e7\u00e3o entre as cidades.<span class=\"Apple-converted-space\">\u00a0<\/span><\/p>\n<p class=\"p7\">A batalha pelo desenvolvimento sustent\u00e1vel ser\u00e1 vencida ou perdida nas cidades. Nesse contexto, buscamos tornar as cidades e comunidades mais inclusivas, seguras, resilientes e sustent\u00e1veis.<\/p>\n<p class=\"p7\"><b>OBJETIVOS<\/b><\/p>\n<ul class=\"ul1\">\n<li class=\"li3\">Entender os conceitos de Cidades Inteligentes;<\/li>\n<li class=\"li3\">Entender o conceito de pessoa e de povo, no contexto de uma cidade inteligente \u00e0 luz da transforma\u00e7\u00e3o digital;<\/li>\n<li class=\"li3\">Entender como o conceito de Cidade Inteligente est\u00e1 sendo tratado no \u00e2mbito do Poder Legislativo;<\/li>\n<li class=\"li3\">Entender o sistema de rankings e tentativas de padroniza\u00e7\u00e3o;<\/li>\n<li class=\"li3\">Conhecer os estudos para a cria\u00e7\u00e3o de um Plano de Cidade Inteligente para a capital paulista, institu\u00edda pela C\u00e2mara Municipal de S\u00e3o Paulo<\/li>\n<li class=\"li3\">Sobre os incentivos \u00e0 inova\u00e7\u00e3o e \u00e0 pesquisa cient\u00edfica e tecnol\u00f3gica e o Conselho Municipal de Inova\u00e7\u00e3o objetivando ambientes produtivos e Cidade Inteligente (Smart City)\u00a0de Balne\u00e1rio Cambori\u00fa;<\/li>\n<li class=\"li3\">Entender a utilidade de um Plano de Mobilidade Urbana e Sustentabilidade e o papel do gestor p\u00fablico como agente de inova\u00e7\u00e3o nesse meio;<\/li>\n<li class=\"li3\">Entender o vi\u00e9s de sustentabilidade dentro das cidades;<\/li>\n<li class=\"li3\">Debater sobre mobilidade urbana dentro dos munic\u00edpios;<\/li>\n<li class=\"li3\">Entender o papel do [gestor p\u00fablico] nesse contexto e como a inova\u00e7\u00e3o pode e deve ser feita.<\/li>\n<li class=\"li3\">Parcerias e meios de implementa\u00e7\u00e3o<\/li>\n<li class=\"li3\">Refor\u00e7ar os meios de implementa\u00e7\u00e3o e revitalizar a parceria global para o desenvolvimento sustent\u00e1vel<\/li>\n<\/ul>\n<p class=\"p7\"><b>METODOLOGIA<\/b><\/p>\n<p class=\"p7\">Aulas expositivas e debates mediados, em regime s\u00edncrono, formato online, dentro da plataforma Zoom.<\/p>\n<p class=\"p7\"><b>P\u00daBLICO ALVO<\/b><\/p>\n<p class=\"p7\">Agentes pol\u00edticos, especialmente do legislativo. Agentes P\u00fablicos. Gestores p\u00fablicos com rela\u00e7\u00e3o legislativa; Assessores legislativos; Estudantes de Arquitetura, Urbanismo, Direito, Gest\u00e3o de Pol\u00edticas P\u00fablicas. Pessoas interessadas no tema das cidades e da pol\u00edtica nacional de desenvolvimento urbano.<\/p>\n<p class=\"p7\"><b>DURA\u00c7\u00c3O DO CURSO:\u00a0<\/b>De 04\/08 a 19\/08<\/p>\n<p class=\"p7\"><b>PERIODICIDADE<\/b>: quintas e sextas-feiras, das 14h \u00e0s 16h<\/p>\n<p class=\"p7\"><b>VAGAS:\u00a0<\/b>500<\/p>\n<p class=\"p3\"><b>CARGA HOR\u00c1RIA TOTAL<\/b>: \u00a08 HORAS\u00a0<b>\u00a0<\/b><\/p>\n<p class=\"p3\"><b>CRIT\u00c9RIO DE CERTIFICA\u00c7\u00c3O<\/b>: Presen\u00e7a de 70% e formul\u00e1rio final de rea\u00e7\u00e3o.<\/p>\n<p>Inscri\u00e7\u00f5es <a href=\"https:\/\/www.sympla.com.br\/cidades-inteligentes-cooperam-entre-si__1656213\"><span style=\"color: #ff0000\"><strong>AQUI<\/strong><\/span><\/a><\/p>\n<p class=\"p3\"><b>CRONOGRAMA<\/b><\/p>\n<p class=\"p7\"><b>\u00a0<\/b><\/p>\n<table class=\"t1\" cellspacing=\"0\" cellpadding=\"0\">\n<tbody>\n<tr>\n<td class=\"td1\" valign=\"top\">\n<p class=\"p9\"><b>DATA E HOR\u00c1RIO<\/b><\/p>\n<\/td>\n<td class=\"td1\" valign=\"top\">\n<p class=\"p9\"><b>TEMA \/ AULA<\/b><\/p>\n<\/td>\n<td class=\"td1\" valign=\"top\">\n<p class=\"p9\"><b>PROFESSOR(ES)<\/b><\/p>\n<\/td>\n<\/tr>\n<tr>\n<td class=\"td1\" valign=\"top\">\n<p class=\"p7\">04 ago (14h \u00e0s 16h)<\/p>\n<\/td>\n<td class=\"td1\" valign=\"top\">\n<p class=\"p3\">Aula inaugural &#8211; Ranking e coopera\u00e7\u00e3o: Balne\u00e1rio Cambori\u00fa<\/p>\n<\/td>\n<td class=\"td1\" valign=\"top\">\n<p class=\"p3\">Jo\u00e3o Passos e Dr. Newton Cesar Pilau<\/p>\n<\/td>\n<\/tr>\n<tr>\n<td class=\"td1\" valign=\"top\">\n<p class=\"p7\">05 ago (14h \u00e0s 16h)<\/p>\n<\/td>\n<td class=\"td1\" valign=\"top\">\n<p class=\"p7\">Aula 2 \u2013 Pol\u00edticas p\u00fablicas integradas e o desenvolvimento urbano sustent\u00e1vel<\/p>\n<\/td>\n<td class=\"td1\" valign=\"top\">Prof. Dr Daniel Ribeiro e Prof Msc. \u00c9dson Carvalho.<\/td>\n<\/tr>\n<tr>\n<td class=\"td1\" valign=\"top\">\n<p class=\"p7\">11 ago (14h \u00e0s 16h)<\/p>\n<\/td>\n<td class=\"td1\" valign=\"top\">\n<p class=\"p7\">Aula 3 \u2013 Objetivos do Desenvolvimento Sustent\u00e1vel &#8211; ODSs 1, 2, 11, 16.<\/p>\n<\/td>\n<td class=\"td1\" valign=\"top\">Prof. Dr. Luiz Ernani Bonesso de Ara\u00fajo (ODS 2 e 11) e Prof. Dr. Cirino Adolfo Cabral Neto (ODS 1 e 16)<\/td>\n<\/tr>\n<tr>\n<td class=\"td1\" valign=\"top\">\n<p class=\"p7\">19 ago (14h \u00e0s 16h)<\/p>\n<\/td>\n<td class=\"td1\" valign=\"top\">\n<p class=\"p7\">Aula 4 \u2013 Ranking e coopera\u00e7\u00e3o: S\u00e3o Paulo &#8211;\u00a0Plano de Cidade Inteligente para a capital paulista, institu\u00edda pela C\u00e2mara Municipal de S\u00e3o Paulo<\/p>\n<\/td>\n<td class=\"td1\" valign=\"top\">\n<p class=\"p7\">Prof. Dr. Marcelo Arno Nerling<\/p>\n<\/td>\n<\/tr>\n<\/tbody>\n<\/table>\n<p class=\"p3\"><b>REFER\u00caNCIAS BIBLIOGR\u00c1FICAS<\/b><\/p>\n<ul class=\"ul1\">\n<li class=\"li11\"><span class=\"s2\"><a href=\"https:\/\/brasil.un.org\/pt-br\/sdgs\" target=\"_blank\" rel=\"nofollow noopener noreferrer\"><span class=\"s3\">Objetivos de Desenvolvimento Sustent\u00e1vel | As Na\u00e7\u00f5es Unidas no Brasil<\/span><\/a><\/span><\/li>\n<li class=\"li11\"><span class=\"s2\"><a href=\"https:\/\/brasil.un.org\/pt-br\/sdgs\/1\" target=\"_blank\" rel=\"nofollow noopener noreferrer\"><span class=\"s3\">Sustainable Development Goal 1: Erradica\u00e7\u00e3o da pobreza | As Na\u00e7\u00f5es Unidas no Brasil<\/span><\/a><\/span><\/li>\n<li class=\"li11\"><span class=\"s2\"><a href=\"https:\/\/brasil.un.org\/pt-br\/sdgs\/2\" target=\"_blank\" rel=\"nofollow noopener noreferrer\"><span class=\"s3\">Sustainable Development Goal 2: Fome zero e agricultura sustent\u00e1vel | As Na\u00e7\u00f5es Unidas no Brasil<\/span><\/a><\/span><\/li>\n<li class=\"li11\"><span class=\"s2\"><a href=\"https:\/\/brasil.un.org\/pt-br\/sdgs\/11\" target=\"_blank\" rel=\"nofollow noopener noreferrer\"><span class=\"s3\">Sustainable Development Goal 11: Cidades e comunidades sustent\u00e1veis | As Na\u00e7\u00f5es Unidas no Brasil<\/span><\/a><\/span><\/li>\n<li class=\"li11\"><span class=\"s2\"><a href=\"https:\/\/brasil.un.org\/pt-br\/sdgs\/16\" target=\"_blank\" rel=\"nofollow noopener noreferrer\"><span class=\"s3\">Sustainable Development Goal 16: Paz, Justi\u00e7a e Institui\u00e7\u00f5es Eficazes | As Na\u00e7\u00f5es Unidas no Brasil<\/span><\/a><\/span><\/li>\n<li class=\"li11\"><span class=\"s2\"><a href=\"https:\/\/brasil.un.org\/pt-br\/sdgs\/17\" target=\"_blank\" rel=\"nofollow noopener noreferrer\"><span class=\"s3\">Sustainable Development Goal 17: Parcerias e meios de implementa\u00e7\u00e3o | As Na\u00e7\u00f5es Unidas no Brasil<\/span><\/a><\/span><\/li>\n<li class=\"li11\"><span class=\"s2\"><a href=\"https:\/\/homolog.saopaulo.sp.leg.br\/blog\/comissao-de-estudos-para-plano-de-cidade-inteligente-debate-acoes-sustentaveis-para-a-capital\/\" target=\"_blank\" rel=\"nofollow noopener noreferrer\"><span class=\"s3\">Comiss\u00e3o de Estudos para Plano de Cidade Inteligente debate a\u00e7\u00f5es sustent\u00e1veis para a capital &#8211; C\u00e2mara Municipal de S\u00e3o Paulo (saopaulo.sp.leg.br)<\/span><\/a><\/span><\/li>\n<li class=\"li11\"><span class=\"s2\"><a href=\"https:\/\/www.bing.com\/search?q=COMISS%C3%83O+DE+ESTUDOS+PARA+A+CRIA%C3%87%C3%83O+DE+UM+PLANO+DE++CIDADE+INTELIGENTE+%28SMART+CITY%29+PARA+A+CIDADE+DE+S%C3%83O+PAULO&amp;%20target=\" target=\"_blank\" rel=\"nofollow noopener noreferrer\"><span class=\"s3\">COMISS\u00c3O DE ESTUDOS PARA A CRIA\u00c7\u00c3O DE UM PLANO DE CIDADE INTELIGENTE (SMART CITY) PARA A CIDADE DE S\u00c3O PAULO &#8211; Search (bing.com)<\/span><\/a><\/span><\/li>\n<li class=\"li11\"><span class=\"s2\"><a href=\"https:\/\/leismunicipais.com.br\/a\/sc\/b\/balneario-camboriu\/lei-ordinaria\/2021\/452\/4511\/lei-ordinaria-n-4511-2021-dispoe-sobre-incentivos-a-inovacao-e-a-pesquisa-cientifica-e-tecnologica-criacao-do-conselho-municipal-de-inovacao-objetivando-ambientes-produtivos-e-cidade-inteligente-smart-city-e-da-outras-providencias-no-ambito-do-municipio-de-balneario-camboriu-conforme-o-disposto-na-lei-federal-n-10973-de-2-de-dezembro-de-2004-e-suas-alteracoes\" target=\"_blank\" rel=\"nofollow noopener noreferrer\"><span class=\"s3\">Lei Ordin\u00e1ria 4511 2021 de Balne\u00e1rio Cambori\u00fa SC (leismunicipais.com.br)<\/span><\/a><\/span><\/li>\n<\/ul>\n","protected":false},"excerpt":{"rendered":"<p>Workshop \u201cCidades Inteligentes cooperam entre si\u201d UMA PARCERIA ENTRE A ESCOLA DO PARLAMENTO E A ESCOLA DO LEGISLATIVO DE BALNE\u00c1RIO CAMBORI\u00da DIRETOR RESPONS\u00c1VEL Rubem Romancini \u2013 EP (CMSP) COORDENA\u00c7\u00c3O DO EVENTO Pedro Henrique Lopes Campos \u2013 EP Tamine Couto \u2013 ELBC APRESENTA\u00c7\u00c3O Como pensar e como agir para o desenvolvimento urbano a fim de erradicar [&hellip;]<\/p>\n","protected":false},"author":297,"featured_media":0,"parent":27234,"menu_order":69,"comment_status":"closed","ping_status":"closed","template":"","meta":{"_acf_changed":false,"footnotes":""},"class_list":["post-27798","page","type-page","status-publish","hentry"],"acf":[],"_links":{"self":[{"href":"https:\/\/homolog.saopaulo.sp.leg.br\/escoladoparlamento\/wp-json\/wp\/v2\/pages\/27798","targetHints":{"allow":["GET"]}}],"collection":[{"href":"https:\/\/homolog.saopaulo.sp.leg.br\/escoladoparlamento\/wp-json\/wp\/v2\/pages"}],"about":[{"href":"https:\/\/homolog.saopaulo.sp.leg.br\/escoladoparlamento\/wp-json\/wp\/v2\/types\/page"}],"author":[{"embeddable":true,"href":"https:\/\/homolog.saopaulo.sp.leg.br\/escoladoparlamento\/wp-json\/wp\/v2\/users\/297"}],"replies":[{"embeddable":true,"href":"https:\/\/homolog.saopaulo.sp.leg.br\/escoladoparlamento\/wp-json\/wp\/v2\/comments?post=27798"}],"version-history":[{"count":4,"href":"https:\/\/homolog.saopaulo.sp.leg.br\/escoladoparlamento\/wp-json\/wp\/v2\/pages\/27798\/revisions"}],"predecessor-version":[{"id":27984,"href":"https:\/\/homolog.saopaulo.sp.leg.br\/escoladoparlamento\/wp-json\/wp\/v2\/pages\/27798\/revisions\/27984"}],"up":[{"embeddable":true,"href":"https:\/\/homolog.saopaulo.sp.leg.br\/escoladoparlamento\/wp-json\/wp\/v2\/pages\/27234"}],"wp:attachment":[{"href":"https:\/\/homolog.saopaulo.sp.leg.br\/escoladoparlamento\/wp-json\/wp\/v2\/media?parent=27798"}],"curies":[{"name":"wp","href":"https:\/\/api.w.org\/{rel}","templated":true}]}}