{"id":27839,"date":"2022-07-29T15:22:13","date_gmt":"2022-07-29T18:22:13","guid":{"rendered":"https:\/\/homolog.saopaulo.sp.leg.br\/escoladoparlamento\/?page_id=27839"},"modified":"2022-11-21T14:39:56","modified_gmt":"2022-11-21T17:39:56","slug":"transparencia-responsabilidade-e-participacao-democratica","status":"publish","type":"page","link":"https:\/\/homolog.saopaulo.sp.leg.br\/escoladoparlamento\/cursos\/cursos-anteriores\/cursos-realizados-em-2022\/transparencia-responsabilidade-e-participacao-democratica\/","title":{"rendered":"Transpar\u00eancia, responsabilidade e participa\u00e7\u00e3o democr\u00e1tica"},"content":{"rendered":"<h4><a href=\"https:\/\/votoconsciente.org.br\/wp-content\/uploads\/KA-Transparencia_web.pdf\"><img loading=\"lazy\" decoding=\"async\" class=\"alignleft wp-image-27865\" src=\"https:\/\/homolog.saopaulo.sp.leg.br\/escoladoparlamento\/wp-content\/uploads\/sites\/5\/2022\/07\/KA-Transparencia_web-1-1_page-0001-1.jpg\" alt=\"\" width=\"112\" height=\"161\" srcset=\"https:\/\/homolog.saopaulo.sp.leg.br\/escoladoparlamento\/wp-content\/uploads\/sites\/5\/2022\/07\/KA-Transparencia_web-1-1_page-0001-1.jpg 945w, https:\/\/homolog.saopaulo.sp.leg.br\/escoladoparlamento\/wp-content\/uploads\/sites\/5\/2022\/07\/KA-Transparencia_web-1-1_page-0001-1-209x300.jpg 209w, https:\/\/homolog.saopaulo.sp.leg.br\/escoladoparlamento\/wp-content\/uploads\/sites\/5\/2022\/07\/KA-Transparencia_web-1-1_page-0001-1-712x1024.jpg 712w, https:\/\/homolog.saopaulo.sp.leg.br\/escoladoparlamento\/wp-content\/uploads\/sites\/5\/2022\/07\/KA-Transparencia_web-1-1_page-0001-1-768x1104.jpg 768w\" sizes=\"auto, (max-width: 112px) 100vw, 112px\" \/><\/a>Lan\u00e7amento do livro \u2013 <em>Transpar\u00eancia, responsabilidade e participa\u00e7\u00e3o democr\u00e1tica \u2013 reflex\u00f5es com base em conceitos e pol\u00edticas p\u00fablicas de educa\u00e7\u00e3o, <\/em>da Editora Konrad-Adenauer<\/h4>\n<h4><strong>Baixe gratuitamente o seu exemplar clicando na imagem ou <a href=\"https:\/\/votoconsciente.org.br\/wp-content\/uploads\/KA-Transparencia_web.pdf\">AQUI<\/a><\/strong><\/h4>\n<p>Com o objetivo de mostrar como as auditorias c\u00edvicas ocorrem no ambiente escolar, a obra foi organizada em 2 partes. A <strong>primeira <\/strong>re\u00fane artigos de servidores da Controladoria Geral do Estado de Goi\u00e1s e da Secretaria de Educa\u00e7\u00e3o do Estado de Goi\u00e1s, bem como os pesquisadores da FAPEG &#8211; Funda\u00e7\u00e3o de Amparo \u00e0 Pesquisa do Estado de Goi\u00e1s que est\u00e3o envolvidos em compreender os impactos desses projetos na realidade escolar, al\u00e9m de demais acad\u00eamicos convidados que, em 6 cap\u00edtulos, buscam analisar as dimens\u00f5es e desafios de a\u00e7\u00f5es dessa natureza. A <strong>segunda parte<\/strong> traz 6 casos de auditorias c\u00edvicas em ambiente escolar como pol\u00edticas p\u00fablicas espalhados pelo Brasil \u2013 em Goi\u00e1s, Distrito Federal, Mato Grosso do Sul, Paran\u00e1, Macap\u00e1 e Belo Horizonte.<\/p>\n<p>Diante da relev\u00e2ncia do tema e para disseminar, ampliar e estabelecer um compromisso a partir dos resultados apresentados, a <em>Escola do Parlamento<\/em> recebe os autores e organizadores da publica\u00e7\u00e3o para, em um evento \u00fanico, debater as principais quest\u00f5es que surgiram ao longo do processo de pesquisa que resultou no livro, e definir caminhos que possam ser trilhados para estabelecer uma rede de pessoas compromissadas com o car\u00e1ter t\u00e9cnico e pedag\u00f3gico das auditorias.<\/p>\n<p><strong>Organiza\u00e7\u00e3o:<\/strong> Prof. Dr. Humberto Dantas<\/p>\n<p><strong>P\u00fablico-alvo:\u00a0<\/strong>Estudantes e professores, pesquisadores e ativistas do campo da Educa\u00e7\u00e3o, gestores p\u00fablicos e interessados em geral.<\/p>\n<h3>Evento virtual pelo Zoom com transmiss\u00e3o pelo YouTube.<br \/>\n<a href=\"https:\/\/www.youtube.com\/watch?v=PfjAfbIOcoY\"><strong>REVEJA O SEMIN\u00c1RIO CLICANDO AQUI<\/strong><\/a><\/h3>\n<p>Ter\u00e1 direito \u00e0 certifica\u00e7\u00e3o quem fizer a inscri\u00e7\u00e3o e acessar o link que ser\u00e1 enviado pelo email a todos os inscritos.<\/p>\n<h3><strong><span style=\"color: #ff0000\">Programa\u00e7\u00e3o: <\/span>23 de agosto das 18h30 \u00e0s 21h30<\/strong><\/h3>\n<p><strong><span style=\"color: #0000ff\">18h30 \u00e0s 18h50<\/span> \u2013 Abertura<\/strong><\/p>\n<p style=\"padding-left: 40px\"><strong>Henrique Ziller<\/strong> (organizador da obra)<br \/>\n<strong>Carmen Leimann-L\u00f3pez<\/strong>\u00a0(KAS-Brasil)<br \/>\n<strong>Alexsandro Santos<\/strong> (Escola do Parlamento)<\/p>\n<hr \/>\n<p><strong><span style=\"color: #0000ff\">18h50 \u00e0s 20h10<\/span> &#8211; Parte 1<br \/>\n<\/strong><strong>Aspectos estrat\u00e9gicos para a implementa\u00e7\u00e3o de um projeto de auditoria c\u00edvica em escolas p\u00fablicas<br \/>\n<\/strong>Media\u00e7\u00e3o: Humberto Dantas (organizador da obra)<\/p>\n<p style=\"padding-left: 40px\"><strong>Renato Eliseu<\/strong> \/ <strong>Fernando Coelho<\/strong> &#8211; Gest\u00e3o P\u00fablica<br \/>\n<strong>Marjorie Lynn<\/strong> &#8211; Democracia<br \/>\n<strong>Isabela Almeida<\/strong> &#8211; Comunica\u00e7\u00e3o<br \/>\n<strong>Rita de C\u00e1ssia Ferreira<\/strong> &#8211; Educa\u00e7\u00e3o<br \/>\n<strong>Gabriel Madeira<\/strong> \/ <strong>Maria Barretos<\/strong> \u2013 Avalia\u00e7\u00e3o<br \/>\n<strong>Diego Ramalho<\/strong> &#8211; Articula\u00e7\u00e3o Institucional<\/p>\n<hr \/>\n<p><strong><span style=\"color: #0000ff\">20h20 &#8211; 21h30<\/span> &#8211; Parte 2<br \/>\n<\/strong><strong>Casos aplicados de auditoria c\u00edvica em escolas p\u00fablicas<br \/>\n<\/strong>Media\u00e7\u00e3o: Isabela Almeida (organizadora da obra)<\/p>\n<p style=\"padding-left: 40px\"><strong>Andrea Correa<\/strong> &#8211; Macap\u00e1 (APz<br \/>\n<strong>Danilo Okuma<\/strong> \/ <strong>Leonardo Ferraz<\/strong> &#8211; Belo Horizonte (MG)<br \/>\n<strong>Reinaldo Feitosa<\/strong> &#8211; Mato Grosso do Sul (MS)<br \/>\n<strong>Diego Ramalho<\/strong> &#8211; Goi\u00e1s (GO)<\/p>\n","protected":false},"excerpt":{"rendered":"<p>Lan\u00e7amento do livro \u2013 Transpar\u00eancia, responsabilidade e participa\u00e7\u00e3o democr\u00e1tica \u2013 reflex\u00f5es com base em conceitos e pol\u00edticas p\u00fablicas de educa\u00e7\u00e3o, da Editora Konrad-Adenauer Baixe gratuitamente o seu exemplar clicando na imagem ou AQUI Com o objetivo de mostrar como as auditorias c\u00edvicas ocorrem no ambiente escolar, a obra foi organizada em 2 partes. A primeira [&hellip;]<\/p>\n","protected":false},"author":522,"featured_media":0,"parent":27234,"menu_order":67,"comment_status":"closed","ping_status":"closed","template":"","meta":{"_acf_changed":false,"footnotes":""},"class_list":["post-27839","page","type-page","status-publish","hentry"],"acf":[],"_links":{"self":[{"href":"https:\/\/homolog.saopaulo.sp.leg.br\/escoladoparlamento\/wp-json\/wp\/v2\/pages\/27839","targetHints":{"allow":["GET"]}}],"collection":[{"href":"https:\/\/homolog.saopaulo.sp.leg.br\/escoladoparlamento\/wp-json\/wp\/v2\/pages"}],"about":[{"href":"https:\/\/homolog.saopaulo.sp.leg.br\/escoladoparlamento\/wp-json\/wp\/v2\/types\/page"}],"author":[{"embeddable":true,"href":"https:\/\/homolog.saopaulo.sp.leg.br\/escoladoparlamento\/wp-json\/wp\/v2\/users\/522"}],"replies":[{"embeddable":true,"href":"https:\/\/homolog.saopaulo.sp.leg.br\/escoladoparlamento\/wp-json\/wp\/v2\/comments?post=27839"}],"version-history":[{"count":5,"href":"https:\/\/homolog.saopaulo.sp.leg.br\/escoladoparlamento\/wp-json\/wp\/v2\/pages\/27839\/revisions"}],"predecessor-version":[{"id":28022,"href":"https:\/\/homolog.saopaulo.sp.leg.br\/escoladoparlamento\/wp-json\/wp\/v2\/pages\/27839\/revisions\/28022"}],"up":[{"embeddable":true,"href":"https:\/\/homolog.saopaulo.sp.leg.br\/escoladoparlamento\/wp-json\/wp\/v2\/pages\/27234"}],"wp:attachment":[{"href":"https:\/\/homolog.saopaulo.sp.leg.br\/escoladoparlamento\/wp-json\/wp\/v2\/media?parent=27839"}],"curies":[{"name":"wp","href":"https:\/\/api.w.org\/{rel}","templated":true}]}}