{"id":28192,"date":"2022-11-26T19:16:59","date_gmt":"2022-11-26T22:16:59","guid":{"rendered":"https:\/\/homolog.saopaulo.sp.leg.br\/escoladoparlamento\/?page_id=28192"},"modified":"2023-03-09T16:36:22","modified_gmt":"2023-03-09T19:36:22","slug":"lancamento-do-glossario-coletivo-de-enfrentamento-ao-idadismo","status":"publish","type":"page","link":"https:\/\/homolog.saopaulo.sp.leg.br\/escoladoparlamento\/cursos\/cursos-anteriores\/cursos-realizados-em-2022\/lancamento-do-glossario-coletivo-de-enfrentamento-ao-idadismo\/","title":{"rendered":"Lan\u00e7amento &#8211; Gloss\u00e1rio Coletivo de Enfrentamento ao Idadismo"},"content":{"rendered":"<p><strong><a href=\"https:\/\/homolog.saopaulo.sp.leg.br\/escoladoparlamento\/wp-content\/uploads\/sites\/5\/2022\/11\/logo-novo-longevida.png\"><img loading=\"lazy\" decoding=\"async\" class=\"wp-image-28196 alignright\" src=\"https:\/\/homolog.saopaulo.sp.leg.br\/escoladoparlamento\/wp-content\/uploads\/sites\/5\/2022\/11\/logo-novo-longevida.png\" alt=\"\" width=\"160\" height=\"107\" srcset=\"https:\/\/homolog.saopaulo.sp.leg.br\/escoladoparlamento\/wp-content\/uploads\/sites\/5\/2022\/11\/logo-novo-longevida.png 1884w, https:\/\/homolog.saopaulo.sp.leg.br\/escoladoparlamento\/wp-content\/uploads\/sites\/5\/2022\/11\/logo-novo-longevida-300x201.png 300w, https:\/\/homolog.saopaulo.sp.leg.br\/escoladoparlamento\/wp-content\/uploads\/sites\/5\/2022\/11\/logo-novo-longevida-1024x686.png 1024w, https:\/\/homolog.saopaulo.sp.leg.br\/escoladoparlamento\/wp-content\/uploads\/sites\/5\/2022\/11\/logo-novo-longevida-768x514.png 768w, https:\/\/homolog.saopaulo.sp.leg.br\/escoladoparlamento\/wp-content\/uploads\/sites\/5\/2022\/11\/logo-novo-longevida-1536x1029.png 1536w\" sizes=\"auto, (max-width: 160px) 100vw, 160px\" \/><\/a><\/strong><\/p>\n<p><strong>Evento de Lan\u00e7amento da 2\u00aa Edi\u00e7\u00e3o do Gloss\u00e1rio Coletivo de Enfrentamento ao Idadismo.<\/strong><\/p>\n<p><strong>Na ocasi\u00e3o tamb\u00e9m ser\u00e1 lan\u00e7ado o Selo Comemorativo de mesmo nome.<\/strong><\/p>\n<p>&nbsp;<\/p>\n<h3><strong>Confira como foi o evento em <a href=\"https:\/\/www.youtube.com\/watch?v=ziJalUYNsV8\">https:\/\/www.youtube.com\/watch?v=ziJalUYNsV8\u00a0<\/a><\/strong><\/h3>\n<h3><strong>Baixe <a href=\"https:\/\/homolog.saopaulo.sp.leg.br\/escoladoparlamento\/wp-content\/uploads\/sites\/5\/2022\/12\/glossario_idadismo_2edicao.pdf\">AQUI<\/a> o seu exemplar<\/strong><\/h3>\n<p>&nbsp;<\/p>\n<p><strong>DIRETOR RESPONS\u00c1VEL<\/strong><\/p>\n<p>Prof. Dr. Alexsandro dos Santos<\/p>\n<p>&nbsp;<\/p>\n<p><strong>JUSTIFICATIVA<\/strong><\/p>\n<p>O <strong>Gloss\u00e1rio Coletivo de Enfrentamento ao Idadismo<\/strong> \u00e9 uma das a\u00e7\u00f5es \u00a0da Campanha <strong>\u201cLugar de pessoa idosa \u00e9 onde ela quiser\u201d<\/strong>, lan\u00e7ada em outubro de 2021 pela <em>Longevida<\/em> e importantes parceiros. De forma colaborativa e feito a muitas m\u00e3os, coletamos palavras, express\u00f5es, frases e depoimentos que expressam o preconceito et\u00e1rio contra as pessoas idosas nas cinco regi\u00f5es do pa\u00eds.<\/p>\n<p>Idadismo, assim como ageismo e etarismo, \u00e9 sin\u00f4nimo de preconceito pela idade e est\u00e1 enraizado em nossa cultura, afeta a sa\u00fade mental e f\u00edsica, principalmente de pessoas idosas do Brasil e no mundo. E \u00e9 mais frequente que imaginamos. Para tanto, campanhas educativas para coibir esses estere\u00f3tipos s\u00e3o fundamentais e o Gloss\u00e1rio Coletivo de Enfrentamento ao Idadismo tem esse importante papel.<\/p>\n<p>Com o objetivo de certificar os parceiros\u00a0que participam da referida companha, criamos o <strong>Selo do Gloss\u00e1rio Coletivo de Enfrentamento ao Idadismo<\/strong>, solidificando uma rede de a\u00e7\u00f5es contra o idadismo que devem ser conquistadas at\u00e9 2030.<\/p>\n<p>Realizar o lan\u00e7amento do Gloss\u00e1rio e do Selo na Escola do Parlamento da C\u00e2mara Municipal de S\u00e3o Paulo ratifica o compromisso de zelar pelos direitos das pessoas idosas.\u00a0O tema \u00e9 consonante com um dos pilares da Escola do Parlamento, que \u00e9 promover a Educa\u00e7\u00e3o para a Cidadania.<\/p>\n<p>&nbsp;<\/p>\n<p><strong>OBJETIVO<\/strong><\/p>\n<p>Apresentar \u00e0 sociedade o Gloss\u00e1rio Coletivo de Enfrentamento ao Idadismo, que tem como meta cumprir a primeira a\u00e7\u00e3o proposta pela <strong>D\u00e9cada do Envelhecimento Saud\u00e1vel<\/strong> (2021-2030), proclamada pela ONU: mudar a forma como pensamos, sentimos e agimos com rela\u00e7\u00e3o \u00e0 idade e ao envelhecimento.<\/p>\n<p>&nbsp;<\/p>\n<p><strong>EMENTA<\/strong><\/p>\n<p>O Gloss\u00e1rio Coletivos de Enfrentamento ao Idadismo \u2013 2. Edi\u00e7\u00e3o tem como diretriz ouvir as pessoas idosas das cinco regi\u00f5es do Brasil para conhecer as diferentes formas da nossa l\u00edngua que expressam preconceitos ancorados em alguns estere\u00f3tipos, tais como: improdutividade, dificuldade de aprendizagem, incapacidade, al\u00e9m de aspectos em rela\u00e7\u00e3o a interseccionalidade (g\u00eanero, ra\u00e7a, classe, religi\u00e3o, defici\u00eancia&#8230;). Para tanto convidamos representantes de cada uma das regi\u00f5es:<\/p>\n<p>&#8211; Regi\u00e3o Norte: <strong>Dra Cynthia Charone<\/strong> \u2013 <em>Presidente do Grupo Cynthia Charone que atende a popula\u00e7\u00e3o idosa do Par\u00e1. M\u00e9dica especializada em oftalmologia, sua primeira especialidade com \u00eanfase em Glaucoma; e pelo Instituto Israelita Albert Einstein\u00a0 em gerontologia.<\/em><\/p>\n<p>&#8211; Regi\u00e3o Nordeste: <strong>Dra Adriana de Oliveira Alc\u00e2ntara<\/strong> &#8211; <em>Docente do Curso de Especializa\u00e7\u00e3o em Gerontologia da UNIFOR \u2013 Universidade de Fortaleza (CE).<\/em><\/p>\n<p>&#8211; Regi\u00e3o Centro-Oeste: <strong>Eduardo Meza<\/strong> &#8211; <em>Mestre em Estudos Culturais (2022) pela UFMS e criou o Programa de Promo\u00e7\u00e3o dos Direitos Humanos da Pessoa Idosa (2011), atual Programa Universidade Aberta \u00e0 Pessoa Idosa.<\/em><\/p>\n<p>&#8211; Regi\u00e3o Sudeste : <strong>Wallace Hetmanek dos Santos<\/strong> &#8211; <em>Geront\u00f3logo titulado pela Sociedade Brasileira de Geriatria e Gerontologia. Professor e supervisor de extens\u00e3o na UnATI\/UERJ.<\/em><\/p>\n<p>&#8211; Regi\u00e3o Sul : <strong>Jos\u00e9 Ara\u00fajo<\/strong> \u2013 <em>Presidente da Associa\u00e7\u00e3o Nacional de Gerontologia do Paran\u00e1 (ANG-PR) e refer\u00eancia na luta pelos direitos das pessoas idosas no Brasil.<\/em><\/p>\n<p>&nbsp;<\/p>\n<p><strong>P\u00daBLICO-ALVO<\/strong><\/p>\n<p>Parceiros, pessoas idosas, conselheiros dos Conselhos de Direitos das Pessoas Idosas, profissionais, professores, estudantes e familiares.<\/p>\n<p>&nbsp;<\/p>\n<h4><span style=\"color: #ff0000\"><strong>POL\u00cdTICA DE CERTIFICA\u00c7\u00c3O: <\/strong><\/span><\/h4>\n<h4><strong>Receber\u00e1 certificado somente quem fizer a inscri\u00e7\u00e3o via Sympla e, ap\u00f3s o evento, responder a um question\u00e1rio online que ser\u00e1 enviado exclusivamente para o email que foi utilizado no momento da inscri\u00e7\u00e3o. Fique atento!<\/strong><\/h4>\n<h4><strong>O evento ser\u00e1 transmitido no <a href=\"https:\/\/www.youtube.com\/c\/EscoladoParlamentoCMSP\">Canal da Escola do Parlamento no Youtube<\/a> e tamb\u00e9m nos canais da <a href=\"https:\/\/www.longevida.ong.br\/\">Longevida<\/a>.\u00a0<\/strong><\/h4>\n<h3><strong>INSCRI\u00c7\u00d5ES: <a href=\"https:\/\/www.sympla.com.br\/evento-online\/lancamento-do-glossario-coletivo-de-enfrentamento-ao-idadismo\/1805216\"><span style=\"color: #ff0000\">CLIQUE AQUI<\/span><\/a><\/strong><\/h3>\n<p>&nbsp;<\/p>\n<p><span style=\"color: #ff0000\"><strong>PROGRAMA\u00c7\u00c3O:<\/strong><\/span><\/p>\n<h3>05 de dezembro &#8211; 9h30 \u00e0s 11h<\/h3>\n<table>\n<tbody>\n<tr>\n<td width=\"55\"><strong>\u00a0<\/strong><\/td>\n<td width=\"190\"><strong>PARTICIPANTE<\/strong><\/td>\n<td width=\"321\"><strong>ATIVIDADE<\/strong><\/td>\n<\/tr>\n<tr>\n<td width=\"55\">09:30<\/td>\n<td width=\"190\"><strong>SANDRA GOMES<\/strong><\/p>\n<p>Diretora da <em>Longevida<\/em><\/td>\n<td width=\"321\">ABERTURA | BOAS-VINDAS<\/p>\n<p>&nbsp;<\/p>\n<p>RESGATE DA HIST\u00d3RIA DA CAMPANHA #LUGARDEPESSOAIDOSA\u00e9ONDEELAQUISER E DO GLOSS\u00c1RIO<\/td>\n<\/tr>\n<tr>\n<td width=\"55\">09:40<\/td>\n<td width=\"190\"><strong>Prof. Dr. ALEXSANDRO SANTOS <\/strong><\/p>\n<p>Diretor-Presidente da Escola do Parlamento<\/td>\n<td width=\"321\">PAPEL DA ESCOLA EM PARTICIPAR DO EVENTO<\/td>\n<\/tr>\n<tr>\n<td width=\"55\">09:45<\/td>\n<td width=\"190\"><strong>SANDRA GOMES<\/strong><\/td>\n<td width=\"321\">APRESENTA\u00c7\u00c3O DA SINOPSE DA 2\u00aa EDI\u00c7\u00c3O DO GLOSS\u00c1RIO.<\/td>\n<\/tr>\n<tr>\n<td width=\"55\">10:00<\/td>\n<td width=\"190\"><strong>APARECIDA DE SOUZA LIMA <\/strong>(a Cida do Portela)<\/p>\n<p>Presidente do Conselho Municipal dos Direitos da Pessoa Idosa<\/td>\n<td width=\"321\">DAR VOZ \u00c0 PESSOA IDOSA NO ENFRENTAMENTO AO IDADISMO<\/td>\n<\/tr>\n<tr>\n<td width=\"55\">10:05<\/td>\n<td width=\"190\"><strong>RENATO CINTRA<\/strong><\/p>\n<p>Coordenador de Pol\u00edticas para Pessoa Idosa &#8211; SMDHC<\/td>\n<td width=\"321\">O PAPEL DAS POL\u00cdTICAS P\u00daBLICAS NO ENFRENTAMENTO AO IDADISMO<\/td>\n<\/tr>\n<tr>\n<td width=\"55\">10:10<\/td>\n<td width=\"190\"><strong>Dra. CYNTHIA\u00a0 CHARONE<\/strong><\/p>\n<p>Regi\u00e3o Norte<\/td>\n<td width=\"321\">COMO SENSIBILIZAR A FAM\u00cdLIA POR MEIO DO GLOSS\u00c1RIO SOBRE O IDADISMO.<\/td>\n<\/tr>\n<tr>\n<td width=\"55\">10:15<\/td>\n<td width=\"190\"><strong>ADRIANA ALCANTARA<\/strong><\/p>\n<p>Regi\u00e3o Nordeste<\/td>\n<td width=\"321\">COMO TRABALHAR COM O GLOSS\u00c1RIO PARA SENSIBILIZAR O P\u00daBLICO JOVEM UNIVERSIT\u00c1RIO<\/td>\n<\/tr>\n<tr>\n<td width=\"55\">10:20<\/td>\n<td width=\"190\"><strong>EDUARDO MEZA<\/strong><\/p>\n<p>Regi\u00e3o Centro Oeste<\/td>\n<td width=\"321\">COMO TRABALHAR COM O GLOSS\u00c1RIO NOS CONSELHOS DE DIREITOS DAS PESSOAS IDOSAS<\/td>\n<\/tr>\n<tr>\n<td width=\"55\">10:25<\/td>\n<td width=\"190\"><strong>WALLACE<\/strong> <strong>HETMANEK DOS SANTOS<\/strong><\/p>\n<p>Regi\u00e3o Sudeste<\/td>\n<td width=\"321\">A UTILIZA\u00c7\u00c3O DO GLOSS\u00c1RIO COMO FERRAMENTA DE APRENDIZADO ANTI IDADISTA.<\/td>\n<\/tr>\n<tr>\n<td width=\"55\">10:30<\/td>\n<td width=\"190\"><strong>JOS\u00c9 ARA\u00daJO<\/strong><\/p>\n<p>Regi\u00e3o Sul<\/td>\n<td width=\"321\">O PAPEL DO GLOSS\u00c1RIO NA GARANTIA DE DIREITOS DA PESSOA IDOSA<\/td>\n<\/tr>\n<tr>\n<td width=\"55\">10:35<\/td>\n<td width=\"190\"><strong>SANDRA GOMES<\/strong><\/td>\n<td width=\"321\"><strong>APRESENTA\u00c7\u00c3O DO SELO <\/strong><\/td>\n<\/tr>\n<tr>\n<td width=\"55\">10:40<\/td>\n<td width=\"190\">Profa. Dra. <strong>MARIA CECILIA MINAYO<\/strong><\/p>\n<p>Soci\u00f3loga e Pesquisadora em\u00e9rita da Funda\u00e7\u00e3o Oswaldo Cruz<\/td>\n<td width=\"321\">IMPORT\u00c2NCIA DO GLOSS\u00c1RIO<\/td>\n<\/tr>\n<tr>\n<td width=\"55\">\n<p style=\"text-align: center\">10:50<\/p>\n<\/td>\n<td colspan=\"2\" width=\"511\">\n<p style=\"text-align: center\"><strong>HOMENAGEM A PROFESSORA MINAYO<\/strong><\/p>\n<\/td>\n<\/tr>\n<tr>\n<td width=\"55\">11:00<\/td>\n<td width=\"190\"><strong>SANDRA GOMES<\/strong><\/td>\n<td width=\"321\">ENCERRAMENTO<\/td>\n<\/tr>\n<\/tbody>\n<\/table>\n","protected":false},"excerpt":{"rendered":"<p>Evento de Lan\u00e7amento da 2\u00aa Edi\u00e7\u00e3o do Gloss\u00e1rio Coletivo de Enfrentamento ao Idadismo. Na ocasi\u00e3o tamb\u00e9m ser\u00e1 lan\u00e7ado o Selo Comemorativo de mesmo nome. &nbsp; Confira como foi o evento em https:\/\/www.youtube.com\/watch?v=ziJalUYNsV8\u00a0 Baixe AQUI o seu exemplar &nbsp; DIRETOR RESPONS\u00c1VEL Prof. Dr. Alexsandro dos Santos &nbsp; JUSTIFICATIVA O Gloss\u00e1rio Coletivo de Enfrentamento ao Idadismo \u00e9 [&hellip;]<\/p>\n","protected":false},"author":522,"featured_media":0,"parent":27234,"menu_order":55,"comment_status":"closed","ping_status":"closed","template":"","meta":{"_acf_changed":false,"footnotes":""},"class_list":["post-28192","page","type-page","status-publish","hentry"],"acf":[],"_links":{"self":[{"href":"https:\/\/homolog.saopaulo.sp.leg.br\/escoladoparlamento\/wp-json\/wp\/v2\/pages\/28192","targetHints":{"allow":["GET"]}}],"collection":[{"href":"https:\/\/homolog.saopaulo.sp.leg.br\/escoladoparlamento\/wp-json\/wp\/v2\/pages"}],"about":[{"href":"https:\/\/homolog.saopaulo.sp.leg.br\/escoladoparlamento\/wp-json\/wp\/v2\/types\/page"}],"author":[{"embeddable":true,"href":"https:\/\/homolog.saopaulo.sp.leg.br\/escoladoparlamento\/wp-json\/wp\/v2\/users\/522"}],"replies":[{"embeddable":true,"href":"https:\/\/homolog.saopaulo.sp.leg.br\/escoladoparlamento\/wp-json\/wp\/v2\/comments?post=28192"}],"version-history":[{"count":5,"href":"https:\/\/homolog.saopaulo.sp.leg.br\/escoladoparlamento\/wp-json\/wp\/v2\/pages\/28192\/revisions"}],"predecessor-version":[{"id":28210,"href":"https:\/\/homolog.saopaulo.sp.leg.br\/escoladoparlamento\/wp-json\/wp\/v2\/pages\/28192\/revisions\/28210"}],"up":[{"embeddable":true,"href":"https:\/\/homolog.saopaulo.sp.leg.br\/escoladoparlamento\/wp-json\/wp\/v2\/pages\/27234"}],"wp:attachment":[{"href":"https:\/\/homolog.saopaulo.sp.leg.br\/escoladoparlamento\/wp-json\/wp\/v2\/media?parent=28192"}],"curies":[{"name":"wp","href":"https:\/\/api.w.org\/{rel}","templated":true}]}}