{"id":28228,"date":"2023-01-17T16:01:36","date_gmt":"2023-01-17T19:01:36","guid":{"rendered":"https:\/\/homolog.saopaulo.sp.leg.br\/escoladoparlamento\/?page_id=28228"},"modified":"2023-03-24T11:17:59","modified_gmt":"2023-03-24T14:17:59","slug":"curso-de-extensao-universitaria-afrosampa-territorialidades-coletividades-identidades-e-movimento-social-de-pessoas-negras-na-cidade-de-sao-paulo","status":"publish","type":"page","link":"https:\/\/homolog.saopaulo.sp.leg.br\/escoladoparlamento\/selecao-de-docentes\/credenciamento-cursos-livres-extensao-pos\/curso-de-extensao-universitaria-afrosampa-territorialidades-coletividades-identidades-e-movimento-social-de-pessoas-negras-na-cidade-de-sao-paulo\/","title":{"rendered":"CURSO DE EXTENS\u00c3O UNIVERSIT\u00c1RIA AFROSAMPA: TERRITORIALIDADES, COLETIVIDADES, IDENTIDADES E MOVIMENTO SOCIAL DE PESSOAS NEGRAS NA CIDADE DE S\u00c3O PAULO"},"content":{"rendered":"<h2 class=\"western\" style=\"text-align: left\" align=\"center\"><span style=\"color: #000000\"><b>Descri\u00e7\u00e3o da Atividade<\/b><\/span><\/h2>\n<p style=\"text-align: left\" align=\"center\">Curso de extens\u00e3o universit\u00e1ria, desenvolvido em regime presencial ou de aprendizagem remota, com recursos de plataforma de transmiss\u00e3o virtual e com carga hor\u00e1ria total de 14 horas. O curso mobilizar\u00e1 o repert\u00f3rio te\u00f3rico, conceitual e anal\u00edtico interdisciplinar, notadamente das \u00e1reas da Antropologia, da Sociologia, da Ci\u00eancia Pol\u00edtica, da Geografia, da Hist\u00f3ria, da Arquitetura e Urbanismo, do Direito, da Gest\u00e3o\/Administra\u00e7\u00e3o\/Pol\u00edticas P\u00fablicas e dos Estudos Raciais para discutir, sistematizar e aprofundar a reflex\u00e3o cr\u00edtica sobre:<br \/>\na) A categoria social ra\u00e7a, o racismo estrutural e a compreens\u00e3o da experi\u00eancia hist\u00f3rica e social de pessoas negras no Brasil e na Cidade de S\u00e3o Paulo;<br \/>\nb) Territorialidades e rela\u00e7\u00f5es raciais na Cidade de S\u00e3o Paulo;<br \/>\nc) Movimentos Sociais Negros na metr\u00f3pole paulistana: hist\u00f3ria e atualidade;<br \/>\nd) Coletividades e Identidades afro-brasileiras na cena paulistana: Cultura, Pol\u00edtica, Sociabilidade e outras din\u00e2micas;<br \/>\ne) Pol\u00edticas P\u00fablicas e Rela\u00e7\u00f5es Raciais na Cidade de S\u00e3o Paulo: aus\u00eancias, lat\u00eancias e resist\u00eancias;<br \/>\nf) Enegrecendo o futuro da Cidade de S\u00e3o Paulo: utopias a partir do presente.<\/p>\n<p style=\"text-align: left\" align=\"center\">Nesta se\u00e7\u00e3o voc\u00ea encontra o cronograma, conjunto de links e materiais de refer\u00eancia importantes para a inscri\u00e7\u00e3o, preenchimento adequado de documentos e envio de recursos deste processo seletivo.<\/p>\n<p style=\"text-align: left\" align=\"center\">========================<\/p>\n<h3>Inscri\u00e7\u00f5es encerradas<\/h3>\n<p>&nbsp;<\/p>\n<p><strong><a href=\"https:\/\/homolog.saopaulo.sp.leg.br\/escoladoparlamento\/wp-content\/uploads\/sites\/5\/2023\/01\/EDITAL-01_2023_AFROSAMPA.pdf\">Edital de Credenciamento<\/a><\/strong><\/p>\n<p><strong><a href=\"https:\/\/homolog.saopaulo.sp.leg.br\/escoladoparlamento\/wp-content\/uploads\/sites\/5\/2023\/02\/DOC-2023-02-24-pg112.pdf\">Divulga\u00e7\u00e3o Preliminar de Inscri\u00e7\u00f5es Habilitadas<\/a><\/strong><\/p>\n<p><a href=\"https:\/\/homolog.saopaulo.sp.leg.br\/escoladoparlamento\/wp-content\/uploads\/sites\/5\/2023\/03\/habilitacoes-definitivas-Edital-EP-01-2023.pdf\"><strong>Divulga\u00e7\u00e3o Definitiva de Inscri\u00e7\u00f5es Habilitadas<\/strong><\/a><\/p>\n<p>&nbsp;<\/p>\n<p><a href=\"https:\/\/homolog.saopaulo.sp.leg.br\/escoladoparlamento\/wp-content\/uploads\/sites\/5\/2023\/03\/DOC14-03-2023-pg290.pdf\"><strong>Divulga\u00e7\u00e3o Preliminar de Resultado do Credenciamento <\/strong><\/a><\/p>\n<p><strong>Recurso contra Resultado Preliminar\u00a0 PRAZO ENCERRADO<br \/>\n<\/strong><\/p>\n<p><a href=\"https:\/\/homolog.saopaulo.sp.leg.br\/escoladoparlamento\/wp-content\/uploads\/sites\/5\/2023\/03\/Resultado-Final-DOC24-03-2023-pg250.pdf\"><strong>Resultado Final Credenciamento<\/strong><\/a><\/p>\n<p style=\"text-align: left\" align=\"center\">========================<\/p>\n<h2><strong>Documentos para inscri\u00e7\u00e3o:<\/strong><\/h2>\n<p><a href=\"https:\/\/homolog.saopaulo.sp.leg.br\/escoladoparlamento\/wp-content\/uploads\/sites\/5\/2023\/01\/ANEXO-II-Declaracao-de-autenticidade.docx\">Anexo II \u2013 Declara\u00e7\u00e3o de Autenticidade<\/a><\/p>\n<p><a href=\"https:\/\/homolog.saopaulo.sp.leg.br\/escoladoparlamento\/wp-content\/uploads\/sites\/5\/2023\/01\/ANEXO-III-Edital-Afrosampa-EP-01.2023.docx\">Anexo III \u2013 Declara\u00e7\u00e3o de apresenta\u00e7\u00e3o de comprovantes de experi\u00eancia profissional e produ\u00e7\u00e3o acad\u00eamica submetidos para an\u00e1lise<\/a><\/p>\n<p><a href=\"https:\/\/homolog.saopaulo.sp.leg.br\/escoladoparlamento\/wp-content\/uploads\/sites\/5\/2023\/01\/DECLARACAO-AFRO_01A.docx\">Declara\u00e7\u00e3o AFRO_01A<\/a><\/p>\n<p><a href=\"https:\/\/homolog.saopaulo.sp.leg.br\/escoladoparlamento\/wp-content\/uploads\/sites\/5\/2023\/01\/DECLARACAO-AFRO_02A.docx\">Declara\u00e7\u00e3o AFRO_02A<\/a><\/p>\n<p><a href=\"https:\/\/homolog.saopaulo.sp.leg.br\/escoladoparlamento\/wp-content\/uploads\/sites\/5\/2023\/01\/DECLARACAO-AFRO_03A.docx\">Declara\u00e7\u00e3o AFRO_03A<\/a><\/p>\n<p>========================<\/p>\n<h2><strong>Cronograma do Edital:<\/strong><\/h2>\n<table width=\"100%\" cellspacing=\"0\" cellpadding=\"7\">\n<tbody>\n<tr>\n<td width=\"69%\" height=\"11\">\n<p class=\"western\"><span style=\"color: #000000\">EVENTO <\/span><\/p>\n<\/td>\n<td width=\"31%\">\n<p class=\"western\" align=\"center\"><span style=\"color: #000000\">DATA<\/span><\/p>\n<\/td>\n<\/tr>\n<tr>\n<td width=\"69%\" height=\"12\">\n<p class=\"western\"><span style=\"color: #000000\">Publica\u00e7\u00e3o do Edital de Credenciamento no Di\u00e1rio Oficial do Munic\u00edpio <\/span><\/p>\n<\/td>\n<td width=\"31%\">\n<p class=\"western\" align=\"center\">18\/01\/2023<\/p>\n<\/td>\n<\/tr>\n<tr>\n<td width=\"69%\" height=\"12\">\n<p class=\"western\"><span style=\"color: #000000\">Per\u00edodo de Inscri\u00e7\u00e3o <\/span><\/p>\n<\/td>\n<td width=\"31%\">\n<p class=\"western\" align=\"center\">das 10h00 de 18\/01\/2023 at\u00e9 \u00e0s 23h59 de 17\/02\/2023<\/p>\n<\/td>\n<\/tr>\n<tr>\n<td width=\"69%\" height=\"12\">\n<p class=\"western\"><span style=\"color: #000000\">Publica\u00e7\u00e3o da lista de inscri\u00e7\u00f5es habilitadas<\/span><\/p>\n<\/td>\n<td width=\"31%\">\n<p class=\"western\" align=\"center\">24\/02\/2023<\/p>\n<\/td>\n<\/tr>\n<tr>\n<td width=\"69%\" height=\"12\">\n<p class=\"western\"><span style=\"color: #000000\">Interposi\u00e7\u00e3o de recurso contra n\u00e3o-habilita\u00e7\u00e3o de inscri\u00e7\u00e3o<\/span><\/p>\n<\/td>\n<td width=\"31%\">\n<p class=\"western\" align=\"center\">das 10h00 de 24\/02\/2023 at\u00e9 \u00e0s 23h59 de 26\/02\/2023<\/p>\n<\/td>\n<\/tr>\n<tr>\n<td width=\"69%\" height=\"12\">\n<p class=\"western\"><span style=\"color: #000000\">Publica\u00e7\u00e3o da an\u00e1lise de recursos contra n\u00e3o-habilita\u00e7\u00e3o de inscri\u00e7\u00e3o<\/span><\/p>\n<\/td>\n<td width=\"31%\">\n<p class=\"western\" align=\"center\">03\/03\/2023<\/p>\n<\/td>\n<\/tr>\n<tr>\n<td width=\"69%\" height=\"12\">\n<p class=\"western\"><span style=\"color: #000000\">Publica\u00e7\u00e3o do resultado preliminar do processo de credenciamento<\/span><\/p>\n<\/td>\n<td width=\"31%\">\n<p class=\"western\" align=\"center\">14\/03\/2023<\/p>\n<\/td>\n<\/tr>\n<tr>\n<td width=\"69%\" height=\"12\">\n<p class=\"western\"><span style=\"color: #000000\">Interposi\u00e7\u00e3o de recurso contra resultado preliminar <\/span><\/p>\n<\/td>\n<td width=\"31%\">\n<p class=\"western\" align=\"center\">das 10h00 de 14\/03\/2023 at\u00e9 \u00e0s 23h59 de 16\/03\/2023<\/p>\n<\/td>\n<\/tr>\n<tr>\n<td width=\"69%\" height=\"11\">\n<p class=\"western\"><span style=\"color: #000000\">Publica\u00e7\u00e3o do Resultado final do processo de credenciamento<\/span><\/p>\n<\/td>\n<td width=\"31%\">\n<p class=\"western\" align=\"center\">24\/03\/2023<\/p>\n<\/td>\n<\/tr>\n<\/tbody>\n<\/table>\n","protected":false},"excerpt":{"rendered":"<p>Descri\u00e7\u00e3o da Atividade Curso de extens\u00e3o universit\u00e1ria, desenvolvido em regime presencial ou de aprendizagem remota, com recursos de plataforma de transmiss\u00e3o virtual e com carga hor\u00e1ria total de 14 horas. O curso mobilizar\u00e1 o repert\u00f3rio te\u00f3rico, conceitual e anal\u00edtico interdisciplinar, notadamente das \u00e1reas da Antropologia, da Sociologia, da Ci\u00eancia Pol\u00edtica, da Geografia, da Hist\u00f3ria, da [&hellip;]<\/p>\n","protected":false},"author":745,"featured_media":0,"parent":18324,"menu_order":53,"comment_status":"closed","ping_status":"closed","template":"","meta":{"_acf_changed":false,"footnotes":""},"class_list":["post-28228","page","type-page","status-publish","hentry"],"acf":[],"_links":{"self":[{"href":"https:\/\/homolog.saopaulo.sp.leg.br\/escoladoparlamento\/wp-json\/wp\/v2\/pages\/28228","targetHints":{"allow":["GET"]}}],"collection":[{"href":"https:\/\/homolog.saopaulo.sp.leg.br\/escoladoparlamento\/wp-json\/wp\/v2\/pages"}],"about":[{"href":"https:\/\/homolog.saopaulo.sp.leg.br\/escoladoparlamento\/wp-json\/wp\/v2\/types\/page"}],"author":[{"embeddable":true,"href":"https:\/\/homolog.saopaulo.sp.leg.br\/escoladoparlamento\/wp-json\/wp\/v2\/users\/745"}],"replies":[{"embeddable":true,"href":"https:\/\/homolog.saopaulo.sp.leg.br\/escoladoparlamento\/wp-json\/wp\/v2\/comments?post=28228"}],"version-history":[{"count":5,"href":"https:\/\/homolog.saopaulo.sp.leg.br\/escoladoparlamento\/wp-json\/wp\/v2\/pages\/28228\/revisions"}],"predecessor-version":[{"id":28369,"href":"https:\/\/homolog.saopaulo.sp.leg.br\/escoladoparlamento\/wp-json\/wp\/v2\/pages\/28228\/revisions\/28369"}],"up":[{"embeddable":true,"href":"https:\/\/homolog.saopaulo.sp.leg.br\/escoladoparlamento\/wp-json\/wp\/v2\/pages\/18324"}],"wp:attachment":[{"href":"https:\/\/homolog.saopaulo.sp.leg.br\/escoladoparlamento\/wp-json\/wp\/v2\/media?parent=28228"}],"curies":[{"name":"wp","href":"https:\/\/api.w.org\/{rel}","templated":true}]}}