{"id":28254,"date":"2023-02-23T13:28:12","date_gmt":"2023-02-23T16:28:12","guid":{"rendered":"https:\/\/homolog.saopaulo.sp.leg.br\/escoladoparlamento\/?page_id=28254"},"modified":"2023-06-15T14:36:50","modified_gmt":"2023-06-15T17:36:50","slug":"ead-assembleias-cidadas-inovacao-democratica-na-pratica","status":"publish","type":"page","link":"https:\/\/homolog.saopaulo.sp.leg.br\/escoladoparlamento\/cursos\/cursos-anteriores\/cursos-realizados-em-2023\/ead-assembleias-cidadas-inovacao-democratica-na-pratica\/","title":{"rendered":"EAD Assembleias Cidad\u00e3s: inova\u00e7\u00e3o democr\u00e1tica na pr\u00e1tica"},"content":{"rendered":"<h2><span style=\"color: #ff0000\">ATEN\u00c7\u00c3O:<\/span> Informa\u00e7\u00f5es sobre como acessar o curso foram enviadas para o seu email cadastrado na inscri\u00e7\u00e3o. Se voc\u00ea n\u00e3o recebeu a mensagem ou ainda tem d\u00favidas, escreva para <a href=\"mailto:atendimento.ep@saopaulo.sp.leg.br\">atendimento.ep@saopaulo.sp.leg.br<\/a><\/h2>\n<p>&nbsp;<\/p>\n<p style=\"font-weight: 500\"><a href=\"https:\/\/homolog.saopaulo.sp.leg.br\/escoladoparlamento\/wp-content\/uploads\/sites\/5\/2023\/02\/Logo_DeCidadania2-removebg-preview.png\"><img loading=\"lazy\" decoding=\"async\" class=\"alignright wp-image-28256\" src=\"https:\/\/homolog.saopaulo.sp.leg.br\/escoladoparlamento\/wp-content\/uploads\/sites\/5\/2023\/02\/Logo_DeCidadania2-removebg-preview.png\" alt=\"\" width=\"199\" height=\"80\" \/><\/a><a href=\"https:\/\/homolog.saopaulo.sp.leg.br\/escoladoparlamento\/wp-content\/uploads\/sites\/5\/2023\/02\/Logo_Delibera_Brasil-removebg-preview.png\"><img loading=\"lazy\" decoding=\"async\" class=\"wp-image-28258 size-full alignright\" src=\"https:\/\/homolog.saopaulo.sp.leg.br\/escoladoparlamento\/wp-content\/uploads\/sites\/5\/2023\/02\/Logo_Delibera_Brasil-removebg-preview.png\" alt=\"\" width=\"188\" height=\"77\" \/><\/a><\/p>\n<p style=\"font-weight: 500\">O Coletivo\u00a0<em>Delibera<\/em>, organiza\u00e7\u00e3o sem fins lucrativos que contribui para o fortalecimento da democracia brasileira, apresenta o curso gratuito e\u00a0on-line\u00a0<em>Assembleias Cidad\u00e3s: inova\u00e7\u00e3o democr\u00e1tica na pr\u00e1tica<\/em>.\u00a0A iniciativa em parceria com a Escola do Parlamento oferece uma forma\u00e7\u00e3o introdut\u00f3ria sobre conceitos e as experi\u00eancias dessa metodologia desenvolvidas no Brasil para encorajar lideran\u00e7as p\u00fablicas a incorpor\u00e1-la entre as possibilidades de participa\u00e7\u00e3o social.<\/p>\n<p>A Assembleia Cidad\u00e3 \u00e9 um formato de participa\u00e7\u00e3o social que oferece contribui\u00e7\u00f5es para o poder p\u00fablico conciliar diferentes pontos de vista e entrega recomenda\u00e7\u00f5es sobre caminhos poss\u00edveis. Cidad\u00e3s e cidad\u00e3os s\u00e3o sorteados na popula\u00e7\u00e3o e convocados por governos e parlamentos locais ou nacionais para deliberar sobre decis\u00f5es dif\u00edceis e complexas, a partir de informa\u00e7\u00f5es.<\/p>\n<blockquote><p>\u201cA Assembleia Cidad\u00e3 possibilita o incentivo \u00e0 participa\u00e7\u00e3o popular de pessoas que normalmente n\u00e3o participam ou n\u00e3o sabem como participar. \u00c9 uma metodologia que mostra que, se as pessoas estiverem bem informadas, elas podem dar solu\u00e7\u00f5es e contribui\u00e7\u00f5es para problemas complexos da sociedade&#8221;, afirma Fernanda Imp\u00e9rio, cofundadora do\u00a0<em>Delibera Brasil<\/em>.<\/p><\/blockquote>\n<p>O curso gratuito e as experi\u00eancias das Assembleias Cidad\u00e3s do Clima em Salvador-BA, Francisco Morato-SP e Toritama-PE s\u00e3o realizados por meio do Decidadania, programa do Delibera Brasil para promover a participa\u00e7\u00e3o cidad\u00e3 informada nos processos de tomada de decis\u00e3o p\u00fablica no Brasil, financiado pelo National Endowment for Democracy (NED). Em sua segunda edi\u00e7\u00e3o (2021-2023), conta com a parceria estrat\u00e9gica do ICLEI Am\u00e9rica do Sul e da Escola do Parlamento.<\/p>\n<p>&nbsp;<\/p>\n<p><strong>METODOLOGIA<\/strong><\/p>\n<p>As aulas ser\u00e3o divididas em\u00a0<strong>quatro m\u00f3dulos<\/strong> gravados. <strong>O link e as informa\u00e7\u00f5es para acesso ser\u00e3o enviados para quem efetivar a inscri\u00e7\u00e3o at\u00e9 o dia 17\/03<\/strong>. Ser\u00e1 disponibilizado tamb\u00e9m o acesso a um f\u00f3rum de trocas entre alunos e monitores e a uma ferramenta de planejamento de uma Assembleia Cidad\u00e3 desenvolvida pela\u00a0<em>People Powered<\/em>\u00a0com apoio do <em>Delibera Brasil<\/em>. <strong>O conte\u00fado ser\u00e1 ofertado como\u00a0curso de extens\u00e3o com certificado para quem fizer pelo menos 70% das atividades<\/strong>. <strong>Ao todo, ser\u00e3o 20 horas de dedica\u00e7\u00e3o.<\/strong><\/p>\n<p>&nbsp;<\/p>\n<p><strong>P\u00daBLICO-ALVO<\/strong><\/p>\n<p>Qualquer pessoa interessada pode se inscrever, prioritariamente vereadores, assessores parlamentares, secret\u00e1rios e outros funcion\u00e1rios do Executivo, gestores de organiza\u00e7\u00f5es sociais, facilitadores de processos participativos. O objetivo \u00e9 contribuir para que as lideran\u00e7as p\u00fablicas municipais entendam o valor e saibam incorporar a delibera\u00e7\u00e3o cidad\u00e3 nos processos de tomada de decis\u00e3o.<\/p>\n<p>&nbsp;<\/p>\n<p><strong>PROGRAMA\u00c7\u00c3O:<\/strong><\/p>\n<p>Inscri\u00e7\u00f5es a partir do dia <strong>27\/02 at\u00e9 17\/03 &#8211; <span style=\"color: #ff0000\">ENCERRADAS<\/span><\/strong><\/p>\n<p>Dura\u00e7\u00e3o do Curso:\u00a0<strong>20\/03 a 20\/04<\/strong><\/p>\n<p>Encontro S\u00edncrono de Fechamento:\u00a0<strong>04\/05 das 18h \u00e0s 20h<\/strong><\/p>\n<p>Fechamento da Avalia\u00e7\u00e3o e Certifica\u00e7\u00e3o:\u00a0<strong>05\/05<\/strong><\/p>\n<pre style=\"text-align: center\">Disponibiliza\u00e7\u00e3o dos m\u00f3dulos do curso\r\nm\u00f3dulo 0 e 1 - 20\/03\r\nm\u00f3dulo 2\u00a0-\u00a027\/3\r\nm\u00f3dulo 3\u00a0-\u00a003\/04\r\nm\u00f3dulo 4\u00a0-\u00a010\/04<\/pre>\n","protected":false},"excerpt":{"rendered":"<p>ATEN\u00c7\u00c3O: Informa\u00e7\u00f5es sobre como acessar o curso foram enviadas para o seu email cadastrado na inscri\u00e7\u00e3o. Se voc\u00ea n\u00e3o recebeu a mensagem ou ainda tem d\u00favidas, escreva para atendimento.ep@saopaulo.sp.leg.br &nbsp; O Coletivo\u00a0Delibera, organiza\u00e7\u00e3o sem fins lucrativos que contribui para o fortalecimento da democracia brasileira, apresenta o curso gratuito e\u00a0on-line\u00a0Assembleias Cidad\u00e3s: inova\u00e7\u00e3o democr\u00e1tica na pr\u00e1tica.\u00a0A iniciativa [&hellip;]<\/p>\n","protected":false},"author":522,"featured_media":0,"parent":28305,"menu_order":52,"comment_status":"closed","ping_status":"closed","template":"","meta":{"_acf_changed":false,"footnotes":""},"class_list":["post-28254","page","type-page","status-publish","hentry"],"acf":[],"_links":{"self":[{"href":"https:\/\/homolog.saopaulo.sp.leg.br\/escoladoparlamento\/wp-json\/wp\/v2\/pages\/28254","targetHints":{"allow":["GET"]}}],"collection":[{"href":"https:\/\/homolog.saopaulo.sp.leg.br\/escoladoparlamento\/wp-json\/wp\/v2\/pages"}],"about":[{"href":"https:\/\/homolog.saopaulo.sp.leg.br\/escoladoparlamento\/wp-json\/wp\/v2\/types\/page"}],"author":[{"embeddable":true,"href":"https:\/\/homolog.saopaulo.sp.leg.br\/escoladoparlamento\/wp-json\/wp\/v2\/users\/522"}],"replies":[{"embeddable":true,"href":"https:\/\/homolog.saopaulo.sp.leg.br\/escoladoparlamento\/wp-json\/wp\/v2\/comments?post=28254"}],"version-history":[{"count":5,"href":"https:\/\/homolog.saopaulo.sp.leg.br\/escoladoparlamento\/wp-json\/wp\/v2\/pages\/28254\/revisions"}],"predecessor-version":[{"id":28392,"href":"https:\/\/homolog.saopaulo.sp.leg.br\/escoladoparlamento\/wp-json\/wp\/v2\/pages\/28254\/revisions\/28392"}],"up":[{"embeddable":true,"href":"https:\/\/homolog.saopaulo.sp.leg.br\/escoladoparlamento\/wp-json\/wp\/v2\/pages\/28305"}],"wp:attachment":[{"href":"https:\/\/homolog.saopaulo.sp.leg.br\/escoladoparlamento\/wp-json\/wp\/v2\/media?parent=28254"}],"curies":[{"name":"wp","href":"https:\/\/api.w.org\/{rel}","templated":true}]}}