{"id":28919,"date":"2024-02-20T13:12:18","date_gmt":"2024-02-20T16:12:18","guid":{"rendered":"https:\/\/homolog.saopaulo.sp.leg.br\/escoladoparlamento\/?page_id=28919"},"modified":"2024-12-02T12:28:31","modified_gmt":"2024-12-02T15:28:31","slug":"cursos-realizados-em-2024","status":"publish","type":"page","link":"https:\/\/homolog.saopaulo.sp.leg.br\/escoladoparlamento\/cursos\/cursos-anteriores\/cursos-realizados-em-2024\/","title":{"rendered":"Cursos Realizados em 2024"},"content":{"rendered":"<p><strong>Fevereiro<\/strong><\/p>\n<p><a href=\"https:\/\/homolog.saopaulo.sp.leg.br\/escoladoparlamento\/cursos\/cursos-anteriores\/cursos-realizados-em-2024\/os-50-anos-do-incendio-no-edificio-joelma-memorias-e-avancos-regulatorios\">Os 50 anos do inc\u00eandio no Edif\u00edcio Joelma &#8211; mem\u00f3rias e avan\u00e7os regulat\u00f3rios<\/a><\/p>\n<p>&nbsp;<\/p>\n<p><strong>Mar\u00e7o<\/strong><\/p>\n<p><a href=\"https:\/\/homolog.saopaulo.sp.leg.br\/escoladoparlamento\/cursos\/cursos-anteriores\/cursos-realizados-em-2024\/ii-congresso-luso-brasileiro-de-legistica\/\">II Congresso Luso-brasileiro de Leg\u00edstica<\/a><\/p>\n<p>&nbsp;<\/p>\n<p><strong>Abril<\/strong><\/p>\n<p><a href=\"https:\/\/homolog.saopaulo.sp.leg.br\/escoladoparlamento\/cursos\/cursos-anteriores\/cursos-realizados-em-2024\/inteligencia-artificial-no-processo-eleitoral\/\">Intelig\u00eancia Artificial no Processo Eleitoral: Desafios e Oportunidades<\/a><\/p>\n<p><a href=\"https:\/\/homolog.saopaulo.sp.leg.br\/escoladoparlamento\/slider-home\/o-papel-das-bibliotecas-parlamentares-como-impulsionadoras-do-exercicio-da-cidadania-e-democracia\/\">O papel das Bibliotecas Parlamentares como impulsionadoras do exerc\u00edcio da cidadania e democracia<\/a><\/p>\n<p>&nbsp;<\/p>\n<p><strong>Maio<\/strong><\/p>\n<p><a href=\"https:\/\/homolog.saopaulo.sp.leg.br\/escoladoparlamento\/cursos\/cursos-anteriores\/cursos-realizados-em-2024\/viii-jornada-paulista-de-cerimonial\/\">VIII Jornada Paulista de Cerimonial<\/a><\/p>\n<p><a href=\"https:\/\/homolog.saopaulo.sp.leg.br\/escoladoparlamento\/cursos\/cursos-anteriores\/cursos-realizados-em-2024\/cpi-municipal-teoria-e-pratica\/\">CPI Municipal &#8211; Teoria e Pr\u00e1tica<\/a><\/p>\n<p>&nbsp;<\/p>\n<p><strong>Junho<\/strong><\/p>\n<p><a href=\"https:\/\/homolog.saopaulo.sp.leg.br\/escoladoparlamento\/cursos\/cursos-anteriores\/cursos-realizados-em-2024\/a-cidade-constitucional-e-organica\/\">A Cidade Constitucional e org\u00e2nica &#8211; 1\u00ba semestre 2024<\/a><\/p>\n<p><a href=\"https:\/\/homolog.saopaulo.sp.leg.br\/escoladoparlamento\/cursos\/cursos-anteriores\/cursos-realizados-em-2024\/arquivos-publicos-municipais-gestao-e-cultura-a-servico-do-cidadao\/\">Arquivos P\u00fablicos Municipais: Gest\u00e3o e Cultura a Servi\u00e7o do Cidad\u00e3o<\/a><\/p>\n<p><a href=\"https:\/\/homolog.saopaulo.sp.leg.br\/escoladoparlamento\/cursos\/cursos-anteriores\/cursos-realizados-em-2024\/16-descobrir-sao-paulo-descobrir-se-reporter-projeto-reporter-do-futuro-2024\/\">16\u00b0 Descobrir S\u00e3o Paulo, Descobrir-se Rep\u00f3rter &#8211; Projeto Rep\u00f3rter do Futuro<\/a><\/p>\n<p>&nbsp;<\/p>\n<p><strong>Julho<\/strong><\/p>\n<p><a href=\"https:\/\/homolog.saopaulo.sp.leg.br\/escoladoparlamento\/cursos\/cursos-anteriores\/cursos-realizados-em-2024\/oficinas-de-agentes-de-governo-aberto-edicao-2024\/\">Oficinas de Agentes de Governo Aberto &#8211; Edi\u00e7\u00e3o 2024<\/a><\/p>\n<p>&nbsp;<\/p>\n<p><strong>Agosto<\/strong><\/p>\n<p><a href=\"https:\/\/homolog.saopaulo.sp.leg.br\/escoladoparlamento\/cursos\/cursos-anteriores\/cursos-realizados-em-2024\/condutas-e-deveres-dos-candidatos-a-perspectiva-do-ministerio-publico-eleitoral-mpe-para-as-eleicoes-de-2024\/\">Condutas e Deveres dos Candidatos: A perspectiva do Minist\u00e9rio P\u00fablico Eleitoral (MPE) para as Elei\u00e7\u00f5es de 2024<\/a><\/p>\n<p>&nbsp;<\/p>\n<p><strong>Outubro<\/strong><\/p>\n<p><a href=\"https:\/\/homolog.saopaulo.sp.leg.br\/escoladoparlamento\/cursos\/cursos-anteriores\/cursos-realizados-em-2024\/politicas-educacionais-e-seus-processos-de-implementacao\/\">Pol\u00edticas Educacionais e seus Processos de Implementa\u00e7\u00e3o<\/a><\/p>\n<p><a href=\"https:\/\/homolog.saopaulo.sp.leg.br\/escoladoparlamento\/cursos\/cursos-anteriores\/cursos-realizados-em-2024\/seminario-escolas-do-legislativo-para-cidades-inteligentes-e-organicas\/\">Semin\u00e1rio \u201cEscolas do Legislativo para Cidades Inteligentes e Org\u00e2nicas\u201d<\/a><\/p>\n<p>&nbsp;<\/p>\n<p><strong>Novembro<\/strong><\/p>\n<p><a href=\"https:\/\/homolog.saopaulo.sp.leg.br\/escoladoparlamento\/cursos\/cursos-anteriores\/cursos-realizados-em-2024\/acervos-pessoais-em-bibliotecas-aureliano-leite-entre-lutas-e-livros\/\">Acervos Pessoais em Bibliotecas: Aureliano Leite, Entre Lutas e Livros<\/a><\/p>\n<p><a href=\"https:\/\/homolog.saopaulo.sp.leg.br\/escoladoparlamento\/cursos\/cursos-anteriores\/cursos-realizados-em-2024\/a-cidade-constitucional-e-organica-2o-semestre-de-2024\/\">A Cidade Constitucional e Org\u00e2nica &#8211; 2\u00ba Semestre de 2024<\/a><\/p>\n","protected":false},"excerpt":{"rendered":"<p>Fevereiro Os 50 anos do inc\u00eandio no Edif\u00edcio Joelma &#8211; mem\u00f3rias e avan\u00e7os regulat\u00f3rios &nbsp; Mar\u00e7o II Congresso Luso-brasileiro de Leg\u00edstica &nbsp; Abril Intelig\u00eancia Artificial no Processo Eleitoral: Desafios e Oportunidades O papel das Bibliotecas Parlamentares como impulsionadoras do exerc\u00edcio da cidadania e democracia &nbsp; Maio VIII Jornada Paulista de Cerimonial CPI Municipal &#8211; Teoria [&hellip;]<\/p>\n","protected":false},"author":745,"featured_media":0,"parent":169,"menu_order":26,"comment_status":"closed","ping_status":"closed","template":"","meta":{"_acf_changed":false,"footnotes":""},"class_list":["post-28919","page","type-page","status-publish","hentry"],"acf":[],"_links":{"self":[{"href":"https:\/\/homolog.saopaulo.sp.leg.br\/escoladoparlamento\/wp-json\/wp\/v2\/pages\/28919","targetHints":{"allow":["GET"]}}],"collection":[{"href":"https:\/\/homolog.saopaulo.sp.leg.br\/escoladoparlamento\/wp-json\/wp\/v2\/pages"}],"about":[{"href":"https:\/\/homolog.saopaulo.sp.leg.br\/escoladoparlamento\/wp-json\/wp\/v2\/types\/page"}],"author":[{"embeddable":true,"href":"https:\/\/homolog.saopaulo.sp.leg.br\/escoladoparlamento\/wp-json\/wp\/v2\/users\/745"}],"replies":[{"embeddable":true,"href":"https:\/\/homolog.saopaulo.sp.leg.br\/escoladoparlamento\/wp-json\/wp\/v2\/comments?post=28919"}],"version-history":[{"count":6,"href":"https:\/\/homolog.saopaulo.sp.leg.br\/escoladoparlamento\/wp-json\/wp\/v2\/pages\/28919\/revisions"}],"predecessor-version":[{"id":29254,"href":"https:\/\/homolog.saopaulo.sp.leg.br\/escoladoparlamento\/wp-json\/wp\/v2\/pages\/28919\/revisions\/29254"}],"up":[{"embeddable":true,"href":"https:\/\/homolog.saopaulo.sp.leg.br\/escoladoparlamento\/wp-json\/wp\/v2\/pages\/169"}],"wp:attachment":[{"href":"https:\/\/homolog.saopaulo.sp.leg.br\/escoladoparlamento\/wp-json\/wp\/v2\/media?parent=28919"}],"curies":[{"name":"wp","href":"https:\/\/api.w.org\/{rel}","templated":true}]}}