{"id":28960,"date":"2024-03-06T13:51:47","date_gmt":"2024-03-06T16:51:47","guid":{"rendered":"https:\/\/homolog.saopaulo.sp.leg.br\/escoladoparlamento\/?page_id=28960"},"modified":"2024-06-27T13:20:32","modified_gmt":"2024-06-27T16:20:32","slug":"16-descobrir-sao-paulo-descobrir-se-reporter-projeto-reporter-do-futuro-2024","status":"publish","type":"page","link":"https:\/\/homolog.saopaulo.sp.leg.br\/escoladoparlamento\/cursos\/cursos-anteriores\/cursos-realizados-em-2024\/16-descobrir-sao-paulo-descobrir-se-reporter-projeto-reporter-do-futuro-2024\/","title":{"rendered":"16\u00b0 Descobrir S\u00e3o Paulo, Descobrir-se Rep\u00f3rter &#8211; Projeto Rep\u00f3rter do Futuro 2024"},"content":{"rendered":"<p>&nbsp;<\/p>\n<blockquote><p><em><strong>At\u00e9 31 de mar\u00e7o<\/strong>, o Projeto Rep\u00f3rter do Futuro recebe inscri\u00e7\u00f5es para o\u00a0<strong>16\u00ba curso Descobrir S\u00e3o Paulo, Descobrir-se Rep\u00f3rter<\/strong>, m\u00f3dulo promovido pela OBOR\u00c9 em parceria com a Escola do Parlamento da C\u00e2mara Municipal de S\u00e3o Paulo. \u00a0Os encontros ocorrer\u00e3o entre os dias 6 de abril e 15 de junho, sempre aos s\u00e1bados pela manh\u00e3. Ao todo, ser\u00e3o selecionados 20 estudantes universit\u00e1rios de gradua\u00e7\u00e3o que tenham interesse nessa \u00e1rea do jornalismo.\u00a0<\/em><\/p><\/blockquote>\n<p>&nbsp;<\/p>\n<p>Entender os principais temas que desafiam as gest\u00f5es de megal\u00f3poles como S\u00e3o Paulo \u00e9 vital para quem pretende ser rep\u00f3rter.\u00a0 O curso <em>Descobrir S\u00e3o Paulo, Descobrir-se Rep\u00f3rter<\/em>, que neste ano completa 16 edi\u00e7\u00f5es, aposta na pr\u00e1tica reflexiva da atividade jornal\u00edstica a partir da cobertura do funcionamento da cidade.<\/p>\n<p>Na metodologia especialmente desenvolvida para este projeto de forma\u00e7\u00e3o, os estudantes selecionados participam de Confer\u00eancias de Imprensa com convidados destacados em suas \u00e1reas de atua\u00e7\u00e3o, seguidas de coletivas de imprensa &#8211; momento em que os alunos vivenciar\u00e3o situa\u00e7\u00f5es muito comuns do cotidiano profissional. Eles tamb\u00e9m ser\u00e3o estimulados a produzir uma pe\u00e7a jornal\u00edstica a cada encontro, recebendo orienta\u00e7\u00f5es por meio de atendimentos individuais prestados por jornalistas experientes que integram a coordena\u00e7\u00e3o do projeto. Por fim, o m\u00f3dulo prop\u00f5e a realiza\u00e7\u00e3o de uma reportagem de f\u00f4lego sobre um ou mais temas discutidos ao longo do curso e produzida em duplas. Trata-se da \u201cOpera\u00e7\u00e3o Ponto Final\u201d, que tem audi\u00e7\u00e3o p\u00fablica no encerramento das atividades.<\/p>\n<p>O m\u00f3dulo deste ano tem o apoio da Associa\u00e7\u00e3o Brasileira de Jornalismo Investigativo \u2013 Abraji; Escola da Cidade &#8211;\u00a0 EC; Instituto de Estudos Avan\u00e7ados da Universidade de S\u00e3o Paulo &#8211; IEA\/USP; Instituto de Pesquisa, Forma\u00e7\u00e3o e Difus\u00e3o em Pol\u00edticas P\u00fablicas e Sociais \u2013 IPFD e Laborat\u00f3rio de Tecnologias Livres da Universidade Federal do ABC \u2013 LabLivre \/ UFABC. A coordena\u00e7\u00e3o pedag\u00f3gica desta edi\u00e7\u00e3o ser\u00e1 dos jornalistas Ronald Sclavi e Sergio Gomes.<\/p>\n<h3><\/h3>\n<h3>As inscri\u00e7\u00f5es s\u00e3o gratuitas e podem ser feitas at\u00e9 o dia 31 de mar\u00e7o <a href=\"https:\/\/forms.gle\/JGHCgNywPEZ8XhGr5\">neste link<\/a>.<\/h3>\n<p>&nbsp;<\/p>\n<h2><span style=\"color: #ff0000\">ATEN\u00c7\u00c3O:<\/span><\/h2>\n<p><strong>O Encontro de Confraterniza\u00e7\u00e3o e Sele\u00e7\u00e3o ser\u00e1 no s\u00e1bado, 6 de abril, das 10h \u00e0s 13h, no Audit\u00f3rio Vladimir Herzog do Sindicato dos Jornalistas Profissionais no Estado de S. Paulo (Rua Rego Freitas, 530 \u2013 sobreloja \u2013 Vila Buarque, perto da esta\u00e7\u00e3o Rep\u00fablica do Metr\u00f4) &#8211; <a href=\"https:\/\/www.google.com\/maps\/place\/R.+Rego+Freitas,+530+-+Rep%C3%BAblica,+S%C3%A3o+Paulo+-+SP,+01220-010\/@-23.5466102,-46.6494376,17z\/data=!3m1!4b1!4m6!3m5!1s0x94ce58494a2aaf33:0xf76d3a17e70868d6!8m2!3d-23.5466151!4d-46.6468627!16s%2Fg%2F11csj2rfss?authuser=0&amp;entry=ttu\">CLIQUE AQUI<\/a> para ver o mapa.<\/strong><\/p>\n<p>Os demais encontros acontecem na C\u00e2mara Municipal de S\u00e3o Paulo.<\/p>\n<p>Somente os estudantes que preencherem o formul\u00e1rio de inscri\u00e7\u00e3o at\u00e9 o dia 31 de mar\u00e7o poder\u00e3o participar da sele\u00e7\u00e3o!<\/p>\n<p>Os candidatos ser\u00e3o avaliados pelo grau de interesse no tema, dom\u00ednio da l\u00edngua portuguesa e potencial de aproveitamento manifestado no dia da sele\u00e7\u00e3o.<\/p>\n<p>&nbsp;<\/p>\n<hr \/>\n<p>&nbsp;<\/p>\n<p><span style=\"color: #ff0000\"><strong>CONHE\u00c7A A PROGAMA\u00c7\u00c3O<\/strong><\/span><\/p>\n<p><strong><u>6\/4\/24 | <\/u><\/strong><strong><u>ENCONTRO DE CONFRATERNIZA\u00c7\u00c3O E SELE\u00c7\u00c3O <\/u><\/strong><\/p>\n<p>&#8211; <strong>Aula Magna com<\/strong> <strong>Andr\u00e9 Deak<\/strong>, jornalista. Diretor da Liquid Media Lab, produtora audiovisual\u00a0 respons\u00e1vel pelo programa\u00a0Caf\u00e9 Filos\u00f3fico CPFL, transmitido pela TV Cultura. \u00c9 professor de cinema e jornalismo na ESPM e tem doutorado pelo programa de Design da Faculdade de Arquitetura e Urbanismo da USP sobre o futuro das cidades. \u00c9 representante brasileiro no cons\u00f3rcio global de\u00a0<em>world building<\/em>\u00a0universit\u00e1rio JUNK PLANET, voltado a pensar o mundo daqui 300 anos.<\/p>\n<p>&#8211; Apresenta\u00e7\u00e3o do m\u00f3dulo, atividade de sensibiliza\u00e7\u00e3o do grupo sobre quest\u00f5es que envolvem a cidade de SP e aplica\u00e7\u00e3o do teste de sele\u00e7\u00e3o.<\/p>\n<p><strong>\u00a0<\/strong><\/p>\n<p><strong><u>20\/4\/24 | \u00a0CONFER\u00caNCIA DE IMPRENSA \/ ENTREVISTA COLETIVA<\/u><\/strong><\/p>\n<p><strong>Tema 1\u00a0 | Seguran\u00e7a P\u00fablica e Viol\u00eancia Urbana<\/strong><\/p>\n<p><strong>Bruno Paes Manso<\/strong>, economista e\u00a0 jornalista. Doutor em Ci\u00eancia Pol\u00edtica e pesquisador do N\u00facleo de Estudos da Viol\u00eancia da Universidade de S\u00e3o Paulo \u2013 NEV\/USP.<\/p>\n<p><strong>Sala Oscar Pedroso Horta &#8211; CMSP &#8211; 1\u00ba subsolo\u00a0<\/strong><\/p>\n<p>&nbsp;<\/p>\n<p><strong><u>27\/4\/24 | CONFER\u00caNCIA DE IMPRENSA \/\u00a0 ENTREVISTA COLETIVA<\/u><\/strong><\/p>\n<p><strong>Tema 2\u00a0 |\u00a0 Sustentabilidade: Vamos falar de florestas urbanas. <\/strong><\/p>\n<p><strong>Marcos Buckeridge, <\/strong>bi\u00f3logo, professor e pesquisador. Diretor do Instituto de Bioci\u00eancias da USP e diretor do <strong>\u00a0<\/strong>Centro de S\u00edntese USP &#8211; Cidades Globais no Instituto de Estudos Avan\u00e7ados\u00a0 &#8211; IEA\/USP. Membro titular da Academia Brasileira de Ci\u00eancias \u00a0(ABC).<\/p>\n<p><strong>Sala S\u00e9rgio Vieira de Mello &#8211; CMSP &#8211; 1\u00ba subsolo<\/strong><\/p>\n<p><strong>\u00a0<\/strong><\/p>\n<p><strong><u>4\/5\/24 | BATE-PAPO SOBRE JORNALISMO: <\/u><\/strong><strong><u>O QUE \u00c9 UMA PAUTA E COMO TRANSFORM\u00c1-LA EM UMA BOA REPORTAGEM + DESAFIOS DE OLHAR\u00a0 E VER\u00a0 <\/u><\/strong><strong><u>A CIDADE COMO ELA \u00c9<\/u><\/strong><strong>\u00a0\u00a0\u00a0 <\/strong><\/p>\n<p><strong>Convidados: Marcelo Amadei (Cac\u00e1), <\/strong>editor-chefe da Rede C\u00e2mara\u00a0e <strong>Jorge Ara\u00fajo<\/strong>, fotojornalista, presidente de Honra da ARFOC &#8211; Associa\u00e7\u00e3o de Rep\u00f3rteres Fotogr\u00e1ficos e Cinematogr\u00e1ficos de S\u00e3o Paulo e \u00a0um dos idealizadores do Fotos P\u00fablicas &#8211; site de fotos nacionais e internacionais de acesso e uso gratuitos.<\/p>\n<p><strong>Sala Oscar Pedroso Horta &#8211; CMSP &#8211; 1\u00ba subsolo<\/strong><\/p>\n<p>&nbsp;<\/p>\n<p><strong><u>11\/5\/24 | \u00a0CONFER\u00caNCIA DE IMPRENSA \/\u00a0 ENTREVISTA COLETIVA<\/u><\/strong><\/p>\n<p><strong>Tema 3\u00a0 | <\/strong><strong>Sociedade dataficada e tecnopol\u00edtica: desmistificando a Intelig\u00eancia Artificial<\/strong><\/p>\n<p><strong>Sergio Amadeu<\/strong>, soci\u00f3logo. Docente, pesquisador e coordenador do Laborat\u00f3rio de Tecnologias Livres da Universidade Federal do ABC \u2013 LabLivre UFABC.<\/p>\n<p><strong>Sala S\u00e9rgio Vieira de Mello &#8211; CMSP &#8211; 1\u00ba subsolo<\/strong><\/p>\n<p><strong>\u00a0<\/strong><\/p>\n<p><strong><u>18\/5\/24 \u00a0| CONFER\u00caNCIA DE IMPRENSA \/\u00a0 ENTREVISTA COLETIVA<\/u><\/strong><\/p>\n<p><strong>Tema 4\u00a0 | Sa\u00fade em tempos de globaliza\u00e7\u00e3o vir\u00f3tica<\/strong><\/p>\n<p><strong>Gonzalo Vecina, <\/strong>m\u00e9dico sanitarista. Docente da Faculdade de Sa\u00fade P\u00fablica (USP) e da EAESP (FGV). Foi Secret\u00e1rio da Sa\u00fade de SP (2003-2004) e primeiro diretor-presidente da Ag\u00eancia Nacional de Vigil\u00e2ncia Sanit\u00e1ria do Minist\u00e9rio da Sa\u00fade (Anvisa), entre 1999 e 2003.<\/p>\n<p><strong>Sala Oscar Pedroso Horta &#8211; CMSP &#8211; 1\u00ba subsolo\u00a0<\/strong><\/p>\n<p><strong>\u00a0<\/strong><\/p>\n<p><strong><u>15\/6\/24 &#8211; <\/u><\/strong><strong><u>ENCONTRO DE AVALIA\u00c7\u00c3O E ENCERRAMENTO<\/u><\/strong><\/p>\n<p>Feira de Amostras da Opera\u00e7\u00e3o Ponto Final<\/p>\n<p><strong>Sala S\u00e9rgio Vieira de Mello &#8211; CMSP &#8211; 1\u00ba subsolo<\/strong><\/p>\n<p>&nbsp;<\/p>\n<hr \/>\n<p>&nbsp;<\/p>\n<p style=\"text-align: left\"><strong>Sobre o Rep\u00f3rter do Futuro<\/strong><\/p>\n<p>Projeto de forma\u00e7\u00e3o iniciado em 1994 pela OBOR\u00c9 visando complementar as atividades laboratoriais de alunos matriculados nos cursos de Jornalismo. Seu foco \u00e9 o exerc\u00edcio da reportagem e o est\u00edmulo \u00e0 pr\u00e1tica reflexiva. Ao longo dessas tr\u00eas d\u00e9cadas, desenvolveu e aperfei\u00e7oou metodologia pr\u00f3pria para conduzir pedagogicamente suas atividades por meio de Confer\u00eancias de Imprensa seguidas de Entrevistas Coletivas.<\/p>\n<p>Os alunos s\u00e3o acompanhados, de forma individual, na produ\u00e7\u00e3o de seus textos e, ao final do m\u00f3dulo, desenvolvem uma produ\u00e7\u00e3o jornal\u00edstica &#8211; impressa, radiof\u00f4nica, televisiva ou multim\u00eddia &#8211; a partir de uma reportagem de f\u00f4lego, com foco no empenho para sua publica\u00e7\u00e3o. \u00c9 a chamada Opera\u00e7\u00e3o Ponto Final, que neste m\u00f3dulo sobre a cidade de S\u00e3o Paulo \u00e9 desenvolvida em duplas no bairro de livre escolha dos estudantes.<\/p>\n<p>Com esta proposta pedag\u00f3gica, s\u00e3o igualmente beneficiados por esta forma\u00e7\u00e3o os estagi\u00e1rios de comunica\u00e7\u00e3o que atuam nos gabinetes dos vereadores da C\u00e2mara Municipal.<\/p>\n<p>As produ\u00e7\u00f5es em v\u00eddeo originadas da opera\u00e7\u00e3o Ponto Final s\u00e3o transmitidas no programa Rep\u00f3rter do Futuro\u00a0exibido todas as segundas-feiras, \u00e0s 16h30, no canal 8.3 da TV aberta digital e pelo site da Rede C\u00e2mara. A iniciativa nasceu\u00a0 para destacar o trabalho dos participantes do Projeto Rep\u00f3rter do Futuro e \u00e9 fruto de um acordo operacional entre a OBOR\u00c9, a Escola do Parlamento e a Rede C\u00e2mara TV.<\/p>\n<p>&nbsp;<\/p>\n<hr \/>\n<p>&nbsp;<\/p>\n<p><strong>PROJETO REP\u00d3RTER DO FUTURO 2024<\/strong><\/p>\n<p><strong>16\u00ba m\u00f3dulo \u2018Descobrir S\u00e3o Paulo, Descobrir-se Rep\u00f3rter\u2019<\/strong><\/p>\n<p><strong>\u00a0<\/strong><\/p>\n<p><strong>Datas: <\/strong>6 de abril a 15 de junho, aos s\u00e1bados, das 10h \u00e0s 13h<\/p>\n<p><strong>Modalidade: <\/strong>presencial<\/p>\n<p><strong>Vagas: <\/strong>20, das quais 5 reservadas a estagi\u00e1rios de comunica\u00e7\u00e3o de gabinetes e estruturas da CMSP e 2 reservadas \u00e0 Abraji<\/p>\n<p><strong>Carga hor\u00e1ria<\/strong>: 84 horas, sendo 24h\/aula de atividades presenciais + 12h de leituras + 48h de atividades pr\u00e1ticas de produ\u00e7\u00e3o de textos e de reportagens.<\/p>\n<p><strong>Crit\u00e9rio de certifica\u00e7\u00e3o:<\/strong> certificado concedido apenas aos que obtiverem presen\u00e7a em 100% dos encontros, entrega de 4 textos produzidos a partir das 4 palestras\/entrevistas coletivas programadas e entrega da reportagem da Opera\u00e7\u00e3o Ponto Final feita em dupla.<\/p>\n<p><strong>Inscri\u00e7\u00f5es gratuitas at\u00e9 o dia 31 de mar\u00e7o. Acesse <\/strong><strong><a href=\"https:\/\/forms.gle\/JGHCgNywPEZ8XhGr5\">AQUI<\/a><\/strong><strong> e fa\u00e7a a sua inscri\u00e7\u00e3o! <\/strong><\/p>\n<p><strong>Encontro de confraterniza\u00e7\u00e3o e sele\u00e7\u00e3o<\/strong>: 6 de abril, s\u00e1bado, das 10h \u00e0s 13h, na Audit\u00f3rio Vladimir Herzog \/ Sindicato dos Jornalistas Profissionais no Estado de S. Paulo &#8211; Rua Rego Freitas, 530 \u2013 sobreloja \u2013 Vila Buarque (presen\u00e7a obrigat\u00f3ria)<\/p>\n<p><strong>Divulga\u00e7\u00e3o dos selecionados: <\/strong>16 de abril, por meio de contato individual no email e\/ou whatsapp indicado na ficha de inscri\u00e7\u00e3o. Lista definitiva de participantes estar\u00e1 dispon\u00edvel no site <a href=\"http:\/\/www.obore.com\">www.obore.com<\/a> no dia 18 de abril.<\/p>\n<p><strong>\u00a0<\/strong><\/p>\n<p><strong>Realiza\u00e7\u00e3o:<\/strong><\/p>\n<p>OBOR\u00c9 e Escola do Parlamento da C\u00e2mara Municipal de S\u00e3o Paulo<\/p>\n<p><strong>\u00a0<\/strong><\/p>\n<p><strong>Apoio:<\/strong><\/p>\n<ul>\n<li>Associa\u00e7\u00e3o Brasileira de Jornalismo Investigativo \u2013 Abraji<\/li>\n<li>Escola da Cidade &#8211; EC<\/li>\n<li>Instituto de Estudos Avan\u00e7ados da Universidade de S\u00e3o Paulo &#8211; IEA\/USP<\/li>\n<li>Instituto de Pesquisa, Forma\u00e7\u00e3o e Difus\u00e3o em Pol\u00edticas P\u00fablicas e Sociais \u2013 IPFD.<\/li>\n<li>Laborat\u00f3rio de Tecnologias Livres da Universidade Federal do ABC \u2013 LabLivre \/ UFABC<\/li>\n<\/ul>\n<p>&nbsp;<\/p>\n<p><strong>Mais informa\u00e7\u00f5es:<\/strong><\/p>\n<p><a href=\"mailto:reporterdofuturo@obore.com\">reporterdofuturo@obore.com<\/a><\/p>\n<p>Telefone: (11) 2847.4567<\/p>\n<p>Whatsapp: (11) 99320.0068.<\/p>\n<p><a href=\"http:\/\/www.obore.com\">www.obore.com<\/a><\/p>\n<p>Para ficar por dentro de todas as novidades, siga a OBOR\u00c9 nas redes sociais: <u><a href=\"https:\/\/www.instagram.com\/_obore\/\">Instagram<\/a><\/u>,<u><a href=\"https:\/\/www.facebook.com\/oboreprojetos\/\">\u00a0Facebook<\/a><\/u>,<u><a href=\"https:\/\/twitter.com\/reporterfuturo\">\u00a0Twitter<\/a><\/u>,<u><a href=\"https:\/\/www.linkedin.com\/company\/83013444\/admin\/\">\u00a0LinkedIn<\/a><\/u>,<u><a href=\"https:\/\/www.youtube.com\/@OBOREProjetosEspeciais\">\u00a0YouTube<\/a><\/u>,<u><a href=\"https:\/\/www.tiktok.com\/@_obore\">\u00a0TikTok<\/a><\/u><u>.<\/u><\/p>\n","protected":false},"excerpt":{"rendered":"<p>&nbsp; At\u00e9 31 de mar\u00e7o, o Projeto Rep\u00f3rter do Futuro recebe inscri\u00e7\u00f5es para o\u00a016\u00ba curso Descobrir S\u00e3o Paulo, Descobrir-se Rep\u00f3rter, m\u00f3dulo promovido pela OBOR\u00c9 em parceria com a Escola do Parlamento da C\u00e2mara Municipal de S\u00e3o Paulo. \u00a0Os encontros ocorrer\u00e3o entre os dias 6 de abril e 15 de junho, sempre aos s\u00e1bados pela manh\u00e3. [&hellip;]<\/p>\n","protected":false},"author":522,"featured_media":0,"parent":28919,"menu_order":24,"comment_status":"closed","ping_status":"closed","template":"","meta":{"_acf_changed":false,"footnotes":""},"class_list":["post-28960","page","type-page","status-publish","hentry"],"acf":[],"_links":{"self":[{"href":"https:\/\/homolog.saopaulo.sp.leg.br\/escoladoparlamento\/wp-json\/wp\/v2\/pages\/28960","targetHints":{"allow":["GET"]}}],"collection":[{"href":"https:\/\/homolog.saopaulo.sp.leg.br\/escoladoparlamento\/wp-json\/wp\/v2\/pages"}],"about":[{"href":"https:\/\/homolog.saopaulo.sp.leg.br\/escoladoparlamento\/wp-json\/wp\/v2\/types\/page"}],"author":[{"embeddable":true,"href":"https:\/\/homolog.saopaulo.sp.leg.br\/escoladoparlamento\/wp-json\/wp\/v2\/users\/522"}],"replies":[{"embeddable":true,"href":"https:\/\/homolog.saopaulo.sp.leg.br\/escoladoparlamento\/wp-json\/wp\/v2\/comments?post=28960"}],"version-history":[{"count":5,"href":"https:\/\/homolog.saopaulo.sp.leg.br\/escoladoparlamento\/wp-json\/wp\/v2\/pages\/28960\/revisions"}],"predecessor-version":[{"id":29100,"href":"https:\/\/homolog.saopaulo.sp.leg.br\/escoladoparlamento\/wp-json\/wp\/v2\/pages\/28960\/revisions\/29100"}],"up":[{"embeddable":true,"href":"https:\/\/homolog.saopaulo.sp.leg.br\/escoladoparlamento\/wp-json\/wp\/v2\/pages\/28919"}],"wp:attachment":[{"href":"https:\/\/homolog.saopaulo.sp.leg.br\/escoladoparlamento\/wp-json\/wp\/v2\/media?parent=28960"}],"curies":[{"name":"wp","href":"https:\/\/api.w.org\/{rel}","templated":true}]}}