{"id":29242,"date":"2024-10-23T15:40:02","date_gmt":"2024-10-23T18:40:02","guid":{"rendered":"https:\/\/homolog.saopaulo.sp.leg.br\/escoladoparlamento\/?page_id=29242"},"modified":"2024-11-14T15:42:25","modified_gmt":"2024-11-14T18:42:25","slug":"acervos-pessoais-em-bibliotecas-aureliano-leite-entre-lutas-e-livros","status":"publish","type":"page","link":"https:\/\/homolog.saopaulo.sp.leg.br\/escoladoparlamento\/cursos\/cursos-anteriores\/cursos-realizados-em-2024\/acervos-pessoais-em-bibliotecas-aureliano-leite-entre-lutas-e-livros\/","title":{"rendered":"Acervos pessoais em bibliotecas: Aureliano Leite, entre lutas e livros"},"content":{"rendered":"<h2>Semin\u00e1rio \u201cAcervos pessoais em bibliotecas: Aureliano Leite, entre lutas e livros&#8221;<\/h2>\n<p>&nbsp;<\/p>\n<p>Organiza\u00e7\u00e3o: Escola do Parlamento e Secretaria de Documenta\u00e7\u00e3o da C\u00e2mara Municipal de S\u00e3o Paulo, Centro de Mem\u00f3ria do Tribunal Regional Eleitoral (SP), Tribunal Regional Federal, Instituto Hist\u00f3rico e Geogr\u00e1fico de S\u00e3o Paulo<\/p>\n<p><strong>Data: 04 de novembro de 2024 (segunda-feira)<\/strong><br \/>\n<strong>Hor\u00e1rio: Das 12h00 \u00e0s 18h00<\/strong><br \/>\n<strong>Local: Audit\u00f3rio Prestes Maia &#8211; 1\u00ba andar &#8211; C\u00e2mara Municipal de S\u00e3o Paulo \u2013 SP <\/strong><br \/>\n<strong>Modalidade: Presencial e transmiss\u00e3o online<\/strong><br \/>\n<strong>Certifica\u00e7\u00e3o: 4 horas<\/strong><\/p>\n<p>O semin\u00e1rio tem como objetivo destacar a import\u00e2ncia de acervos pessoais custodiados em bibliotecas p\u00fablicas e privadas, a partir da perspectiva do tratamento dado \u00e0 biblioteca de Aureliano Leite pela Secretaria de Documenta\u00e7\u00e3o da C\u00e2mara Municipal de S\u00e3o Paulo. Tamb\u00e9m ser\u00e3o discutidos epis\u00f3dios cruciais da Hist\u00f3ria do Brasil e de S\u00e3o Paulo ao longo do s\u00e9culo XX, por meio da trajet\u00f3ria biogr\u00e1fica de Aureliano Leite.<\/p>\n<p>Aureliano Leite (1886-1976) tornou-se uma grande personalidade da hist\u00f3ria pol\u00edtica e social do Brasil no s\u00e9culo XX. Participou ativamente dos movimentos armados de 1924 (Revolta Tenentista), 1930 (Revolu\u00e7\u00e3o Outubrista) e 1932 (Revolu\u00e7\u00e3o Constitucionalista). Foi deputado federal na legislatura de 1935 a 1937 e deputado federal constituinte em 1946.<\/p>\n<p>Foi um grande intelectual, jurista e historiador, com in\u00fameras obras liter\u00e1rias, hist\u00f3ricas e memorial\u00edsticas. Trata-se de um autor que merece ser revisitado pelas novas gera\u00e7\u00f5es. Foi tamb\u00e9m presidente do Instituto Hist\u00f3rico e Geogr\u00e1fico de S\u00e3o Paulo e membro da Academia Paulista de Letras.<\/p>\n<p>Contribuiu decisivamente para os estudos sobre Hist\u00f3ria do Legislativo Paulistano e seu apre\u00e7o pela institui\u00e7\u00e3o o levou a doar, em 1974, ainda em vida, seu vasto acervo bibliogr\u00e1fico pessoal para a biblioteca da Edilidade.<\/p>\n<p>&nbsp;<\/p>\n<p><strong>Objetivos do Curso:<\/strong><\/p>\n<ul>\n<li>Aprofundar a discuss\u00e3o sobre os acervos pessoais em bibliotecas<\/li>\n<li>Analisar a hist\u00f3ria de S\u00e3o Paulo e da C\u00e2mara Municipal de S\u00e3o Paulo<\/li>\n<li>Refletir sobre as contribui\u00e7\u00f5es de Aureliano Leite para institui\u00e7\u00f5es de refer\u00eancia em S\u00e3o Paulo, tais como o Instituto Hist\u00f3rico e Geogr\u00e1fico de S\u00e3o Paulo e Academia Paulista de Letras<\/li>\n<li>Divulgar o acervo da Biblioteca da CMSP<\/li>\n<\/ul>\n<p>&nbsp;<\/p>\n<p><strong>Descri\u00e7\u00e3o das Atividades:<\/strong><\/p>\n<p><em><strong>Mesa de Abertura: apresenta\u00e7\u00e3o dos organizadores e breve contextualiza\u00e7\u00e3o sobre o semin\u00e1rio.<\/strong><\/em><\/p>\n<p><strong><em>Primeira mesa: Olhares que constroem cole\u00e7\u00f5es &#8211; Reflex\u00f5es novas e revisitadas sobre acervos pessoais em bibliotecas<\/em><\/strong><br \/>\nPalestrante: Luciana Maria Napoleone<\/p>\n<p><em>Graduada em Biblioteconomia e Documenta\u00e7\u00e3o pela USP, Especialista em Data Science e Analytics pela Escola Superior de Agronomia Luiz de Queiroz da USP. Bibliotec\u00e1ria do Museu de Arte de S\u00e3o Paulo Assis Chateaubriand &#8211; MASP (1994 a 1997), da Faculdade de Direito da USP (1997 a 2010) e do Tribunal Regional Federal da 3 Regi\u00e3o (2010 at\u00e9 o momento). Foi Coordenadora do GT2 &#8211; Mem\u00f3ria e Patrim\u00f4nio Bibliogr\u00e1fico da Rede BiblioMemojus (2022-2024), Coordenadora da Comiss\u00e3o Tempor\u00e1ria de Patrim\u00f4nio Bibliogr\u00e1fico e Documental e da Comiss\u00e3o Tempor\u00e1ria de Pol\u00edticas P\u00fablicas para Bibliotecas e Bibliotec\u00e1rios do CRB-8 (2018-2020), \u00e9 integrante do Projeto de Pesquisa &#8220;Marcas de Proveni\u00eancia e Cultura Material&#8221; vinculado ao Grupo de Pesquisa e Estudos em Patrim\u00f4nio Bibliogr\u00e1fico e Documental<\/em><\/p>\n<p>Mediador: Ubirajara de Farias Prestes Filho<br \/>\nDoutor em Hist\u00f3ria pela USP, Consultor T\u00e9cnico Legislativo e Secret\u00e1rio de Documenta\u00e7\u00e3o na C\u00e2mara Municipal de S\u00e3o Paulo.<\/p>\n<p><strong><em>Segunda Mesa: Aureliano Leite &#8211; entre lutas e livros<\/em><\/strong><br \/>\nPalestrante: Jos\u00e9 D&#8217;Amico Bauab<\/p>\n<p><em>Analista Judici\u00e1rio do Tribunal Regional Eleitoral de S\u00e3o Paulo. Bacharel em Direito pela Faculdade de Direito da Universidade de S\u00e3o Paulo (USP), mestre em Direito Civil pela USP, membro do Instituto Hist\u00f3rico e Geogr\u00e1fico de S\u00e3o Paulo, membro do Conselho de Orienta\u00e7\u00e3o Art\u00edstica da Rede de Casas-Museus Liter\u00e1rios de S\u00e3o Paulo da Secretaria de Estado da Cultura, gestor respons\u00e1vel pelo Centro de Mem\u00f3ria Eleitoral do Tribunal Regional Eleitoral de S\u00e3o Paulo (CEMEL-TRE\/SP), com certifica\u00e7\u00e3o nos 1\u00ba e 2\u00ba N\u00facleos de Estudo em Hist\u00f3ria e Mem\u00f3ria da Escola Paulista da Magistratura. Vencedor do I Concurso Nacional de Monografias do Supremo Tribunal Federal com o trabalho \u00a8A toga no Catete\u00a8, (2008). Organizador das obras \u201cPaulist\u00e2nia Eleitoral \u2013 Ensaios, Mem\u00f3rias e Imagens\u201d (2011) e \u201cVoto \u00e9 Mem\u00f3ria \u2013 a imagem da democracia brasileira em S\u00e3o Paulo\u201d (2019). Produtor executivo do document\u00e1rio \u201cOper\u00e1rios do Voto \u2013 Mem\u00f3rias de um lugar\u201d (2015). Roteirista do document\u00e1rio \u201cAna Maria Scartezzini \u2013 Mulher, M\u00e3e, Magistrada\u201d (2024).<\/em><\/p>\n<p>Mediador: Ubirajara de Farias Prestes Filho<\/p>\n<p><em><strong>Terceira Mesa: Memorias Imag\u00e9ticas de Aureliano Leite<\/strong><\/em><br \/>\nPalestrante: Jos\u00e9 D&#8217;Amico Bauab<\/p>\n<p><em><strong>Quarta Mesa: Aureliano Leite e o Instituto Hist\u00f3rico e Geogr\u00e1fico de S\u00e3o Paulo<\/strong><\/em><br \/>\nPalestrante: Dr. Jo\u00e3o Tomas do Amaral<br \/>\n<em>Possui gradua\u00e7\u00e3o em ENGENHARIA &#8211; ENGENHARIA CIVIL pela Universidade de Mogi das Cruzes (1978), gradua\u00e7\u00e3o em PEDAGOGIA pela Universidade Nove de Julho (1979), gradua\u00e7\u00e3o em CI\u00caNCIAS &#8211; LICENCIATURA PLENA &#8211; MATEM\u00c1TICA pela Universidade de Mogi das Cruzes (1976), mestrado em Educa\u00e7\u00e3o Matem\u00e1tica pela Pontif\u00edcia Universidade Cat\u00f3lica de S\u00e3o Paulo (1991) e doutorado em Educa\u00e7\u00e3o &#8211; Ensino de Matem\u00e1tica e Ci\u00eancias &#8211; pela Universidade de S\u00e3o Paulo (2014). Presidente do Instituto Hist\u00f3rico e Geogr\u00e1fico de S\u00e3o Paulo.<\/em><\/p>\n<p>Mediador: Ubirajara de Farias Prestes Filho<\/p>\n<p><em><strong>Quinta Mesa: O acervo de Aureliano Leite na biblioteca da C\u00e2mara Municipal de S\u00e3o Paulo<\/strong><\/em><br \/>\nPalestrante: Fernanda Fernandes Takitani<br \/>\n<em>Graduada em Hist\u00f3ria pela Universidade Estadual de Londrina, T\u00e9cnica Legislativa da C\u00e2mara Municipal de S\u00e3o Paulo.<\/em><\/p>\n<p>Mediador: Ubirajara de Farias Prestes Filho<\/p>\n<p><strong>Encerramento<\/strong><\/p>\n<p>P\u00fablico-Alvo: Bibliotec\u00e1rios; historiadores; arquivistas; jornalistas; estudantes; interessados no tema.<\/p>\n<p><span style=\"color: #ff0000\"><strong>Inscri\u00e7\u00f5es:<\/strong><\/span><br \/>\nRealizadas online, com a possibilidade de emiss\u00e3o de certificado ap\u00f3s o semin\u00e1rio.<\/p>\n<p><span style=\"color: #ff0000\">Link de inscri\u00e7\u00e3o: https:\/\/www.sympla.com.br\/seminario-acervos-pessoais-em-bibliotecas-aureliano-leite-entre-lutas-e-livros__2686061<\/span><\/p>\n<p>&nbsp;<\/p>\n","protected":false},"excerpt":{"rendered":"<p>Semin\u00e1rio \u201cAcervos pessoais em bibliotecas: Aureliano Leite, entre lutas e livros&#8221; &nbsp; Organiza\u00e7\u00e3o: Escola do Parlamento e Secretaria de Documenta\u00e7\u00e3o da C\u00e2mara Municipal de S\u00e3o Paulo, Centro de Mem\u00f3ria do Tribunal Regional Eleitoral (SP), Tribunal Regional Federal, Instituto Hist\u00f3rico e Geogr\u00e1fico de S\u00e3o Paulo Data: 04 de novembro de 2024 (segunda-feira) Hor\u00e1rio: Das 12h00 \u00e0s [&hellip;]<\/p>\n","protected":false},"author":731,"featured_media":0,"parent":28919,"menu_order":10,"comment_status":"closed","ping_status":"closed","template":"","meta":{"_acf_changed":false,"footnotes":""},"class_list":["post-29242","page","type-page","status-publish","hentry"],"acf":[],"_links":{"self":[{"href":"https:\/\/homolog.saopaulo.sp.leg.br\/escoladoparlamento\/wp-json\/wp\/v2\/pages\/29242","targetHints":{"allow":["GET"]}}],"collection":[{"href":"https:\/\/homolog.saopaulo.sp.leg.br\/escoladoparlamento\/wp-json\/wp\/v2\/pages"}],"about":[{"href":"https:\/\/homolog.saopaulo.sp.leg.br\/escoladoparlamento\/wp-json\/wp\/v2\/types\/page"}],"author":[{"embeddable":true,"href":"https:\/\/homolog.saopaulo.sp.leg.br\/escoladoparlamento\/wp-json\/wp\/v2\/users\/731"}],"replies":[{"embeddable":true,"href":"https:\/\/homolog.saopaulo.sp.leg.br\/escoladoparlamento\/wp-json\/wp\/v2\/comments?post=29242"}],"version-history":[{"count":2,"href":"https:\/\/homolog.saopaulo.sp.leg.br\/escoladoparlamento\/wp-json\/wp\/v2\/pages\/29242\/revisions"}],"predecessor-version":[{"id":29244,"href":"https:\/\/homolog.saopaulo.sp.leg.br\/escoladoparlamento\/wp-json\/wp\/v2\/pages\/29242\/revisions\/29244"}],"up":[{"embeddable":true,"href":"https:\/\/homolog.saopaulo.sp.leg.br\/escoladoparlamento\/wp-json\/wp\/v2\/pages\/28919"}],"wp:attachment":[{"href":"https:\/\/homolog.saopaulo.sp.leg.br\/escoladoparlamento\/wp-json\/wp\/v2\/media?parent=29242"}],"curies":[{"name":"wp","href":"https:\/\/api.w.org\/{rel}","templated":true}]}}