{"id":2961,"date":"2016-02-18T15:34:48","date_gmt":"2016-02-18T17:34:48","guid":{"rendered":"http:\/\/homolog.saopaulo.sp.leg.br\/escoladoparlamento\/?page_id=2961"},"modified":"2016-02-18T16:54:57","modified_gmt":"2016-02-18T18:54:57","slug":"seminario-consciencia-negra","status":"publish","type":"page","link":"https:\/\/homolog.saopaulo.sp.leg.br\/escoladoparlamento\/cursos\/cursos-anteriores\/cursos-realizados-em-2014\/seminario-consciencia-negra\/","title":{"rendered":"Semin\u00e1rio Consci\u00eancia Negra"},"content":{"rendered":"<p><strong>Objetivos: <\/strong>O semin\u00e1rio \u201cConsci\u00eancia Negra\u201d abordar\u00e1 temas pertinentes \u00e0s conquistas alcan\u00e7adas em prol da promo\u00e7\u00e3o da igualdade racial. Este semin\u00e1rio est\u00e1 estruturado em 3 meses de debate: \u201cExperi\u00eancias Negras\u201d; \u201cDireitos da Popula\u00e7\u00e3o Negra\u201d e \u201cO (n\u00e3o) lugar do negro nas artes\u201d.<\/p>\n<p>A realiza\u00e7\u00e3o de a\u00e7\u00f5es educacionais voltadas para a an\u00e1lise cr\u00edtica das rela\u00e7\u00f5es de domina\u00e7\u00e3o nas quest\u00f5es raciais e para o fortalecimento do papel da popula\u00e7\u00e3o negra nos espa\u00e7os sociais e pol\u00edticos \u00e9 fruto de um processo hist\u00f3rico de transforma\u00e7\u00f5es do Estado brasileiro. Assumindo que uma sociedade democr\u00e1tica caracteriza-se pelo reconhecimento da heterogeneidade social e pelo reconhecimento de seus sujeitos de direito, a promo\u00e7\u00e3o de iniciativas em prol da participa\u00e7\u00e3o da popula\u00e7\u00e3o negra e da defesa de seus direitos, tal como esta iniciativa pretende ser, fortalece o processo democr\u00e1tico e o exerc\u00edcio pleno da cidadania.<\/p>\n<p>Aproveitando o ensejo do Dia da Consci\u00eancia Negra, celebrado no Brasil em 20 de Novembro, a Escola do Parlamento da C\u00e2mara Municipal de S\u00e3o Paulo oferecer\u00e1, pelo terceiro ano consecutivo, o evento \u201cConsci\u00eancia Negra\u201d, este ano no formato de semin\u00e1rio.<\/p>\n<p><strong>P\u00fablico Alvo:<\/strong> cidad\u00e3os em geral.<br \/>\n<strong>Diretor Respons\u00e1vel:<\/strong> Karina Florido<br \/>\n<strong>Coordena\u00e7\u00e3o:<\/strong> Camila Breitenvieser<br \/>\n<strong>Inscri\u00e7\u00f5es:<\/strong> 11 \u00e0 14 de novembro de 2014<br \/>\n<strong>Crit\u00e9rio de Certifica\u00e7\u00e3o:<\/strong> 75% m\u00ednimo de presen\u00e7a<br \/>\n<strong>Vagas:<\/strong> 300 (trezentas)<br \/>\n<strong>Carga Hor\u00e1ria:<\/strong>\u00a0 08 \u00a0horas-aula<br \/>\n<strong>Programa\u00e7\u00e3o:<\/strong><br \/>\nTodas as mesas ser\u00e3o no Sal\u00e3o Nobre.<\/p>\n<table>\n<tbody>\n<tr>\n<td><strong>Data<\/strong><\/td>\n<td><strong>Hora<\/strong><\/td>\n<td><strong>Palestrante<\/strong><\/td>\n<td><strong>Tema da palestra\/aula<\/strong><\/td>\n<\/tr>\n<tr>\n<td><strong>18\/11<\/strong><\/td>\n<td>9h00 \u2013 10h30<\/td>\n<td><em>Vereador Jos\u00e9 Am\u00e9rico (presidente da CMSP)<\/em><br \/>\nVereador Netinho de Paula<br \/>\nNayla Carvalho Costa<\/td>\n<td><em>Mesa de abertura: \u201cExperi\u00eancias Negras\u201d<\/em><\/td>\n<\/tr>\n<tr>\n<td><strong>18\/11<\/strong><\/td>\n<td>10h30 \u2013 13h<\/td>\n<td><em>Antonio Pinto<\/em><br \/>\nSecret\u00e1rio da Secretaria Municipal Promo\u00e7\u00e3o da Igualdade Racial (SMPIR)<br \/>\n\u201cCotas no funcionalismo p\u00fablico municipal\u201d<br \/>\n<em>Maur\u00edcio Pestana<\/em><br \/>\nSecret\u00e1rio Adjunto da Secretaria Municipal Promo\u00e7\u00e3o da Igualdade Racial (SMPIR)<br \/>\n\u201cPrograma S\u00e3o Paulo Diverso\u201d<br \/>\n<em>Vander Ferreira de Andrade<\/em><br \/>\nCoordenador do curso de Direito da Universidade Zumbi dos Palmares<\/td>\n<td><em>Mesa: Direitos da Popula\u00e7\u00e3o Negra <\/em><\/td>\n<\/tr>\n<tr>\n<td><strong>18\/11<\/strong><\/td>\n<td>14h \u00e0s 17h<\/td>\n<td><em>Jos\u00e9 Vicente<\/em><br \/>\nReitor da Universidade Zumbi dos Palmares<br \/>\n<em>Emanoel Ara\u00fajo <\/em><br \/>\nDiretor do Museu Afro-Brasil<br \/>\n<em>M\u00e1rcio Farias <\/em>(Museu Afro-Brasil)<\/td>\n<td>Mesa: Cultura \u2013 O (n\u00e3o) Lugar do Negro nas Artes<\/td>\n<\/tr>\n<\/tbody>\n<\/table>\n","protected":false},"excerpt":{"rendered":"<p>Objetivos: O semin\u00e1rio \u201cConsci\u00eancia Negra\u201d abordar\u00e1 temas pertinentes \u00e0s conquistas alcan\u00e7adas em prol da promo\u00e7\u00e3o da igualdade racial. Este semin\u00e1rio est\u00e1 estruturado em 3 meses de debate: \u201cExperi\u00eancias Negras\u201d; \u201cDireitos da Popula\u00e7\u00e3o Negra\u201d e \u201cO (n\u00e3o) lugar do negro nas artes\u201d. A realiza\u00e7\u00e3o de a\u00e7\u00f5es educacionais voltadas para a an\u00e1lise cr\u00edtica das rela\u00e7\u00f5es de domina\u00e7\u00e3o [&hellip;]<\/p>\n","protected":false},"author":127,"featured_media":0,"parent":1334,"menu_order":613,"comment_status":"closed","ping_status":"closed","template":"","meta":{"_acf_changed":false,"footnotes":""},"class_list":["post-2961","page","type-page","status-publish","hentry"],"acf":[],"_links":{"self":[{"href":"https:\/\/homolog.saopaulo.sp.leg.br\/escoladoparlamento\/wp-json\/wp\/v2\/pages\/2961","targetHints":{"allow":["GET"]}}],"collection":[{"href":"https:\/\/homolog.saopaulo.sp.leg.br\/escoladoparlamento\/wp-json\/wp\/v2\/pages"}],"about":[{"href":"https:\/\/homolog.saopaulo.sp.leg.br\/escoladoparlamento\/wp-json\/wp\/v2\/types\/page"}],"author":[{"embeddable":true,"href":"https:\/\/homolog.saopaulo.sp.leg.br\/escoladoparlamento\/wp-json\/wp\/v2\/users\/127"}],"replies":[{"embeddable":true,"href":"https:\/\/homolog.saopaulo.sp.leg.br\/escoladoparlamento\/wp-json\/wp\/v2\/comments?post=2961"}],"version-history":[{"count":4,"href":"https:\/\/homolog.saopaulo.sp.leg.br\/escoladoparlamento\/wp-json\/wp\/v2\/pages\/2961\/revisions"}],"predecessor-version":[{"id":2969,"href":"https:\/\/homolog.saopaulo.sp.leg.br\/escoladoparlamento\/wp-json\/wp\/v2\/pages\/2961\/revisions\/2969"}],"up":[{"embeddable":true,"href":"https:\/\/homolog.saopaulo.sp.leg.br\/escoladoparlamento\/wp-json\/wp\/v2\/pages\/1334"}],"wp:attachment":[{"href":"https:\/\/homolog.saopaulo.sp.leg.br\/escoladoparlamento\/wp-json\/wp\/v2\/media?parent=2961"}],"curies":[{"name":"wp","href":"https:\/\/api.w.org\/{rel}","templated":true}]}}