{"id":2984,"date":"2016-02-18T17:44:16","date_gmt":"2016-02-18T19:44:16","guid":{"rendered":"http:\/\/homolog.saopaulo.sp.leg.br\/escoladoparlamento\/?page_id=2984"},"modified":"2016-02-19T15:52:28","modified_gmt":"2016-02-19T17:52:28","slug":"direito-eleitoral-e-as-eleicoes-de-2014","status":"publish","type":"page","link":"https:\/\/homolog.saopaulo.sp.leg.br\/escoladoparlamento\/cursos\/cursos-anteriores\/cursos-realizados-em-2014\/direito-eleitoral-e-as-eleicoes-de-2014\/","title":{"rendered":"Direito Eleitoral e as Elei\u00e7\u00f5es de 2014"},"content":{"rendered":"<p><strong>Objetivos:<\/strong> O objetivo do ciclo \u00e9 apresentar e discutir as disposi\u00e7\u00f5es normativas aplic\u00e1veis ao pleito de 2014. Para que o debate alcance o objetivo proposto, convidamos palestrantes renomados, especialistas no tema a ser abordado.<\/p>\n<p><strong>P\u00fablico Alvo<\/strong>: candidatos a cargos eletivos, advogados, assessores, membros de partidos pol\u00edticos, servidores p\u00fablicos, estudantes e cidad\u00e3os em geral.<\/p>\n<p><strong>Vagas<\/strong>: 250<\/p>\n<p><strong>Carga Hor\u00e1ria<\/strong>: 15 horas-aula (10 encontros)<\/p>\n<p><strong>Certifica\u00e7\u00e3o:<\/strong> ser\u00e1 concedido certificado de participa\u00e7\u00e3o para quem tiver, no m\u00ednimo, 75% de frequ\u00eancia.<\/p>\n<p><strong>Programa\u00e7\u00e3o<\/strong>:<\/p>\n<table>\n<tbody>\n<tr>\n<td colspan=\"3\"><strong>26\/05\/2014 &#8211; Sal\u00e3o Nobre<\/strong><\/td>\n<\/tr>\n<tr>\n<td><strong>Hor\u00e1rio<\/strong><\/td>\n<td><strong>Tema<\/strong><\/td>\n<td><strong>Palestrante<\/strong><\/td>\n<\/tr>\n<tr>\n<td>8h30-9h<\/td>\n<td>Credenciamento<\/td>\n<td><\/td>\n<\/tr>\n<tr>\n<td>9h-9h30<\/td>\n<td>Solenidade de Abertura<\/td>\n<td>Vereador Jos\u00e9 Am\u00e9rico, Presidente da C\u00e2mara Municipal de S\u00e3o Paulo<\/td>\n<\/tr>\n<tr>\n<td>9h30-11h<\/td>\n<td>Elei\u00e7\u00f5es de 2014 &#8211; Aspectos Relevantes e Perspectivas<\/td>\n<td>Dr. Walter de Almeida Guilherme<\/td>\n<\/tr>\n<tr>\n<td>11h-12h30<\/td>\n<td>Reforma Pol\u00edtica e\u00a0Reforma Eleitoral &#8211; Lei 12.891\/13<\/td>\n<td>Dr. Luiz Carlos dos Santos Gon\u00e7alves. Procurador Regional da Rep\u00fablica. Ex-Procurador Regional. Eleitoral do TRE-SP. Mestre e Doutor em Direito Constitucional<\/td>\n<\/tr>\n<tr>\n<td colspan=\"3\"><strong>27\/05\/2014 &#8211; Sal\u00e3o Nobre<\/strong><\/td>\n<\/tr>\n<tr>\n<td>9h-10h30<\/td>\n<td width=\"284\">Partidos Pol\u00edticos<\/td>\n<td width=\"462\">\u00a0Dr. Paulo Hamilton Siqueira Junior. Ex-juiz do TRE-SP. Mestre em Direito das Rela\u00e7\u00f5es Sociais e Doutor em Direito do Estado.<\/td>\n<\/tr>\n<tr>\n<td>11h -12h30<\/td>\n<td>Elei\u00e7\u00f5es 2014: Pol\u00edtica, Copa do Mundo e Movimentos Sociais.<\/td>\n<td>Dr. Irineu Francisco Barreto J\u00fanior. Cientista Pol\u00edtico. Mestre e Doutor em Ci\u00eancias Sociais.<\/td>\n<\/tr>\n<tr>\n<td colspan=\"3\"><strong>28\/05\/2014 &#8211; Plen\u00e1rio<\/strong><\/td>\n<\/tr>\n<tr>\n<td>9h-10h30<\/td>\n<td>Arrecada\u00e7\u00e3o, Gastos e Presta\u00e7\u00e3o de Contas de Recursos de Campanhas<\/td>\n<td>Dr. Filippe Soares Lizardo. Analista Judici\u00e1rio do TRE-SP. Especialista em Contas Eleitorais.<\/td>\n<\/tr>\n<tr>\n<td colspan=\"3\"><strong>30\/05\/2014 &#8211; Sal\u00e3o Nobre<\/strong><\/td>\n<\/tr>\n<tr>\n<td>9h-10h30<\/td>\n<td>A\u00e7\u00f5es Eleitorais: Aspectos Principais<\/td>\n<td>Dr. Waldir Sebasti\u00e3o de Nuevo Campos Jr. Desembargador do TJ-SP. Juiz Substituto do TRE\/SP<\/td>\n<\/tr>\n<tr>\n<td>11h-12h30<\/td>\n<td>Recursos Eleitorais: Aspectos Principais<\/td>\n<td>Dr. Paulo Henrique dos Santos Lucon. Advogado. Ex-Juiz eleitoral do TRE\/SP. Mestre e Doutor em Direito Processual. Vice-Presidente do IASP.<\/td>\n<\/tr>\n<tr>\n<td colspan=\"3\"><strong>02\/06\/2014 &#8211; Sal\u00e3o Nobre<\/strong><\/td>\n<\/tr>\n<tr>\n<td>9h-10h30<\/td>\n<td>Registro e Substitui\u00e7\u00e3o de Candidaturas<\/td>\n<td>Dr. Carlos Gon\u00e7alves J\u00fanior Advogado. Mestre e Doutor em Direito do Estado.<\/td>\n<\/tr>\n<tr>\n<td>11h-12h30<\/td>\n<td>Lei de Inelegibilidade das Elei\u00e7\u00f5es\u00a02014<\/td>\n<td>Dr. Alexandre de Moraes. Advogado e Constitucionalista. Doutor em Direito do Estado e Livre-docente em Direito Constitucional.<\/td>\n<\/tr>\n<\/tbody>\n<\/table>\n","protected":false},"excerpt":{"rendered":"<p>Objetivos: O objetivo do ciclo \u00e9 apresentar e discutir as disposi\u00e7\u00f5es normativas aplic\u00e1veis ao pleito de 2014. Para que o debate alcance o objetivo proposto, convidamos palestrantes renomados, especialistas no tema a ser abordado. P\u00fablico Alvo: candidatos a cargos eletivos, advogados, assessores, membros de partidos pol\u00edticos, servidores p\u00fablicos, estudantes e cidad\u00e3os em geral. Vagas: 250 [&hellip;]<\/p>\n","protected":false},"author":127,"featured_media":0,"parent":1334,"menu_order":604,"comment_status":"closed","ping_status":"closed","template":"","meta":{"_acf_changed":false,"footnotes":""},"class_list":["post-2984","page","type-page","status-publish","hentry"],"acf":[],"_links":{"self":[{"href":"https:\/\/homolog.saopaulo.sp.leg.br\/escoladoparlamento\/wp-json\/wp\/v2\/pages\/2984","targetHints":{"allow":["GET"]}}],"collection":[{"href":"https:\/\/homolog.saopaulo.sp.leg.br\/escoladoparlamento\/wp-json\/wp\/v2\/pages"}],"about":[{"href":"https:\/\/homolog.saopaulo.sp.leg.br\/escoladoparlamento\/wp-json\/wp\/v2\/types\/page"}],"author":[{"embeddable":true,"href":"https:\/\/homolog.saopaulo.sp.leg.br\/escoladoparlamento\/wp-json\/wp\/v2\/users\/127"}],"replies":[{"embeddable":true,"href":"https:\/\/homolog.saopaulo.sp.leg.br\/escoladoparlamento\/wp-json\/wp\/v2\/comments?post=2984"}],"version-history":[{"count":3,"href":"https:\/\/homolog.saopaulo.sp.leg.br\/escoladoparlamento\/wp-json\/wp\/v2\/pages\/2984\/revisions"}],"predecessor-version":[{"id":3059,"href":"https:\/\/homolog.saopaulo.sp.leg.br\/escoladoparlamento\/wp-json\/wp\/v2\/pages\/2984\/revisions\/3059"}],"up":[{"embeddable":true,"href":"https:\/\/homolog.saopaulo.sp.leg.br\/escoladoparlamento\/wp-json\/wp\/v2\/pages\/1334"}],"wp:attachment":[{"href":"https:\/\/homolog.saopaulo.sp.leg.br\/escoladoparlamento\/wp-json\/wp\/v2\/media?parent=2984"}],"curies":[{"name":"wp","href":"https:\/\/api.w.org\/{rel}","templated":true}]}}