{"id":4142,"date":"2016-05-31T16:26:06","date_gmt":"2016-05-31T19:26:06","guid":{"rendered":"http:\/\/homolog.saopaulo.sp.leg.br\/escoladoparlamento\/?page_id=4142"},"modified":"2017-07-11T14:39:56","modified_gmt":"2017-07-11T17:39:56","slug":"curso-politicas-de-promocao-da-igualdade-racial","status":"publish","type":"page","link":"https:\/\/homolog.saopaulo.sp.leg.br\/escoladoparlamento\/cursos\/cursos-anteriores\/cursos-realizados-em-2016\/curso-politicas-de-promocao-da-igualdade-racial\/","title":{"rendered":"POL\u00cdTICAS DE PROMO\u00c7\u00c3O DA IGUALDADE RACIAL E A D\u00c9CADA INTERNACIONAL DOS AFRODESCENDENTES"},"content":{"rendered":"<p><iframe loading=\"lazy\" title=\"Igualdade racial \u00e9 tema de curso da Escola do Parlamento\" width=\"640\" height=\"480\" src=\"https:\/\/www.youtube.com\/embed\/0NBvDHWfodg?feature=oembed\" frameborder=\"0\" allow=\"accelerometer; autoplay; clipboard-write; encrypted-media; gyroscope; picture-in-picture; web-share\" referrerpolicy=\"strict-origin-when-cross-origin\" allowfullscreen><\/iframe><\/p>\n<p><iframe loading=\"lazy\" title=\"Escola do Parlamento faz \u00faltima aula de curso sobre igualdade racial\" width=\"640\" height=\"480\" src=\"https:\/\/www.youtube.com\/embed\/fXu_xKfls5w?feature=oembed\" frameborder=\"0\" allow=\"accelerometer; autoplay; clipboard-write; encrypted-media; gyroscope; picture-in-picture; web-share\" referrerpolicy=\"strict-origin-when-cross-origin\" allowfullscreen><\/iframe><\/p>\n<hr \/>\n<p><strong>Objetivos<\/strong>: Promover o fortalecimento e amplia\u00e7\u00e3o de conhecimentos dos participantes em rela\u00e7\u00e3o a transversalidade etnico-racial nas \u00e1reas de gest\u00e3o p\u00fablica e na sociedade, visando contribuir com o debate sobre a diversidade e a promo\u00e7\u00e3o da igualdade racial.<\/p>\n<p><strong>Diretora Respons\u00e1vel<\/strong>: Carolina Cutrupi Ferreira<\/p>\n<p><strong>Coordenadoras<\/strong>: Maril\u00e2ndia Fraz\u00e3o de Espinosa, Val\u00e9ria Le\u00e3o Ramos (SMPIR) e Alexsandro Santos (Escola do Parlamento)<\/p>\n<p align=\"justify\"><em>A Assembleia Geral da ONU proclamou o per\u00edodo entre 2015 e 2024 como a D\u00e9cada Internacional de Afrodescendentes (resolu\u00e7\u00e3o 68\/237), cujo tema para h\u00e1 essa D\u00e9cada \u00e9 \u201creconhecimento, justi\u00e7a e desenvolvimento\u201d. A D\u00e9cada tr\u00e1s uma oportunidade para se reconhecer a contribui\u00e7\u00e3o significativa feita pelos afrodescendentes \u00e0s nossas sociedades, bem como propor medidas concretas para promover sua inclus\u00e3o total e combater todas as formas de racismo, discrimina\u00e7\u00e3o racial, e qualquer tipo de intoler\u00e2ncia. Tamb\u00e9m foi aprovado a implementa\u00e7\u00e3o do Programa de Atividades da D\u00e9cada Internacional de Afrodescendentes, deve ser implementado em v\u00e1rios n\u00edveis (Federal, Estadual e Municipal). Deste modo, a n\u00edvel Municipal estamos propondo o Curso Promo\u00e7\u00e3o da Igualdade Racial, um curso de forma\u00e7\u00e3o para o Enfrentamento ao Racismo e Promo\u00e7\u00e3o da Igualdade Racial, destinados a desencadear um debate aberto sobre a luta contra o racismo, a discrimina\u00e7\u00e3o racial e a intoler\u00e2ncia correlata, com a participa\u00e7\u00e3o de representantes da sociedade civil, de indiv\u00edduos ou grupos, incluindo tamb\u00e9m representante do governo. Neste curso, daremos \u00eanfase \u00e0s quest\u00f5es de pol\u00edticas publicas para a igualdade \u00e9tnico-raciais e de enfrentamento ao racismo. O curso ser\u00e1 composto por 9 encontros.<\/em><\/p>\n<p align=\"justify\"><strong>P\u00fablico Alvo<\/strong>: Alunos, professores, funcion\u00e1rios p\u00fablicos e sociedade civil<\/p>\n<p><strong>Vagas<\/strong>:\u00a0360<\/p>\n<p><strong>Local<\/strong>: <a title=\"Sal\u00e3o Nobre Presidente Jo\u00e3o Brasil Vita\" href=\"http:\/\/homolog.saopaulo.sp.leg.br\/transparencia\/auditorios-online\/salao-nobre-presidente-joao-brasil-vita\/\">Sal\u00e3o Nobre Presidente Jo\u00e3o Brasil Vita<\/a>\u00a0(8o Andar)<\/p>\n<p><strong>Carga Hor\u00e1ria<\/strong>: 30 h\/a<\/p>\n<h3><strong>Inscri\u00e7\u00f5es:<\/strong> Encerradas.<\/h3>\n<p><strong>Programa\u00e7\u00e3o no <a title=\"Sal\u00e3o Nobre Presidente Jo\u00e3o Brasil Vita\" href=\"http:\/\/homolog.saopaulo.sp.leg.br\/transparencia\/auditorios-online\/salao-nobre-presidente-joao-brasil-vita\/\">Sal\u00e3o Nobre Presidente Jo\u00e3o Brasil Vita<\/a>:<\/strong><\/p>\n<table>\n<tbody>\n<tr>\n<td><strong>Data<\/strong><\/td>\n<td><strong>Hora<\/strong><\/td>\n<td><strong>Palestrante<\/strong><\/td>\n<td><strong>Tema<\/strong><\/td>\n<\/tr>\n<tr>\n<td><strong>05\/jul<\/strong><\/td>\n<td>\u00a018h \u00e0s 19h<\/td>\n<td>\n<p style=\"margin: 0cm;margin-bottom: .0001pt\">Sec. Mun. e vice prefeita N\u00e1dia Campe\u00e3o (SME)<br \/>\nSec. Mun. Maur\u00edcio Pestana (SMPIR)<br \/>\nSec. Mun. Robinson Barreirinha (SMNJ)<br \/>\nSec. Mun. Felipe de Paula (SMDHC)<\/p>\n<p style=\"margin: 0cm;margin-bottom: .0001pt\">Elisa Lucas (Coordena\u00e7\u00e3o de Pol\u00edticas para a Popula\u00e7\u00e3o Negra e Ind\u00edgena da SJDC)<br \/>\nSueli Carneiro (Geledes)<br \/>\nJudith Morrisson (Diretora de Ra\u00e7a\/Diversidade do BID)<br \/>\nDep. Est. Leci Brand\u00e3o<\/p>\n<\/td>\n<td><em>MESA DE ABERTURA<\/em><br \/>\n<em> Lan\u00e7amento Oficial das a\u00e7\u00f5es da D\u00e9cada dos Afrodescendentes na Cidade de S\u00e3o Paulo [<a href=\"http:\/\/camarasp.flashserverbr.com\/22220\">V\u00eddeo 1<\/a>] [<a href=\"http:\/\/camarasp.flashserverbr.com\/22221\">V\u00eddeo 2<\/a>]<\/em><\/td>\n<\/tr>\n<tr>\n<td><strong>05\/jul<\/strong><\/td>\n<td>19h \u00e0s 22h<\/td>\n<td>Profa. Dra. Matilde Ribeiro<\/td>\n<td><em>Pol\u00edtica Nacional de Promo\u00e7\u00e3o da Igualdade Racial [<a href=\"http:\/\/camarasp.flashserverbr.com\/22222\">V\u00eddeo 1<\/a>] [<a href=\"http:\/\/camarasp.flashserverbr.com\/22223\">V\u00eddeo 2<\/a>]<\/em><\/td>\n<\/tr>\n<tr>\n<td><strong>07\/jul<\/strong><\/td>\n<td>19h \u00e0s 22h<\/td>\n<td>Prof. Dr. Marcelo Jorge de Paula Paix\u00e3o<\/td>\n<td><em>Indicadores e Pol\u00edticas P\u00fablicas para a Igualdade Racial [<a href=\"http:\/\/camarasp.flashserverbr.com\/22240\">V\u00eddeo 1<\/a>] [<a href=\"http:\/\/camarasp.flashserverbr.com\/22239\">V\u00eddeo 2<\/a>] [<a href=\"http:\/\/camarasp.flashserverbr.com\/22241\">V\u00eddeo 3<\/a>] [<a href=\"http:\/\/camarasp.flashserverbr.com\/22220\">V\u00eddeo 4<\/a>]<\/em><\/td>\n<\/tr>\n<tr>\n<td><strong>12\/jul<\/strong><\/td>\n<td>19h \u00e0s 22h<\/td>\n<td>Prof. Dr. Dennis de Oliveira<\/td>\n<td><em>Enfrentamento ao Racismo no Brasil [<a href=\"http:\/\/camarasp.flashserverbr.com\/22257\">V\u00eddeo<\/a>]<\/em><\/td>\n<\/tr>\n<tr>\n<td><strong>14\/jul<\/strong><\/td>\n<td>19h \u00e0s 22h<\/td>\n<td>Zulu Araujo<\/td>\n<td><em>Cultura e Economia Criativa \u2013 Resist\u00eancia e Negritude [<a href=\"http:\/\/camarasp.flashserverbr.com\/22274\">V\u00eddeo<\/a>]<\/em><\/td>\n<\/tr>\n<tr>\n<td><strong>19\/jul<\/strong><\/td>\n<td>19h \u00e0s 22h<\/td>\n<td>Prof. Dr. Jos\u00e9 Vicente<\/td>\n<td><em>Acesso \u00e0 Justi\u00e7a, Pol\u00edticas da Seguran\u00e7a P\u00fablica e a Promo\u00e7\u00e3o da Igualdade Racial [<a href=\"http:\/\/camarasp.flashserverbr.com\/22302\">V\u00eddeo<\/a>] [<a href=\"http:\/\/camarasp.flashserverbr.com\/22279\">V\u00eddeo 2<\/a>]<\/em><\/td>\n<\/tr>\n<tr>\n<td><strong>21\/jul<\/strong><\/td>\n<td>19h \u00e0s 22h<\/td>\n<td>Prof. Dr. Juarez Tadeu de Paula Xavier<\/td>\n<td><em>Passado, Presente e Futuro das Religi\u00f5es de Matrizes Africanas. [<a href=\"http:\/\/camarasp.flashserverbr.com\/22286\">V\u00eddeo<\/a>]<\/em><\/td>\n<\/tr>\n<tr>\n<td><strong>26\/jul<\/strong><\/td>\n<td>19h \u00e0s 22h<\/td>\n<td>Profa. Dra. Petronilha Beatriz Gon\u00e7alves e Silva<\/td>\n<td><em>Pol\u00edticas Educacionais e Promo\u00e7\u00e3o da Igualdade Racial<\/em><\/td>\n<\/tr>\n<tr>\n<td><strong>28\/jul<\/strong><\/td>\n<td>19h \u00e0s 22h<\/td>\n<td>Profa. Dra. Cleide Vitorino<\/td>\n<td><em>Legisla\u00e7\u00e3o Migrat\u00f3ria com foco na Migra\u00e7\u00e3o Africana<\/em><\/td>\n<\/tr>\n<tr>\n<td><strong>02\/ago<\/strong><\/td>\n<td>19h \u00e0s 22h<\/td>\n<td>Prof. Dr. H\u00e9dio da Silva Junior<\/td>\n<td><em>Avan\u00e7os e Desafios da Legisla\u00e7\u00e3o na Pol\u00edtica de Igualdade Racial [<a href=\"http:\/\/camarasp.flashserverbr.com\/22336\">V\u00eddeo<\/a>]<\/em><\/td>\n<\/tr>\n<\/tbody>\n<\/table>\n<p>Programa\u00e7\u00e3o sujeita \u00e0 altera\u00e7\u00e3o.<\/p>\n","protected":false},"excerpt":{"rendered":"<p>Objetivos: Promover o fortalecimento e amplia\u00e7\u00e3o de conhecimentos dos participantes em rela\u00e7\u00e3o a transversalidade etnico-racial nas \u00e1reas de gest\u00e3o p\u00fablica e na sociedade, visando contribuir com o debate sobre a diversidade e a promo\u00e7\u00e3o da igualdade racial. Diretora Respons\u00e1vel: Carolina Cutrupi Ferreira Coordenadoras: Maril\u00e2ndia Fraz\u00e3o de Espinosa, Val\u00e9ria Le\u00e3o Ramos (SMPIR) e Alexsandro Santos (Escola [&hellip;]<\/p>\n","protected":false},"author":183,"featured_media":0,"parent":3097,"menu_order":705,"comment_status":"closed","ping_status":"closed","template":"","meta":{"_acf_changed":false,"footnotes":""},"class_list":["post-4142","page","type-page","status-publish","hentry"],"acf":[],"_links":{"self":[{"href":"https:\/\/homolog.saopaulo.sp.leg.br\/escoladoparlamento\/wp-json\/wp\/v2\/pages\/4142","targetHints":{"allow":["GET"]}}],"collection":[{"href":"https:\/\/homolog.saopaulo.sp.leg.br\/escoladoparlamento\/wp-json\/wp\/v2\/pages"}],"about":[{"href":"https:\/\/homolog.saopaulo.sp.leg.br\/escoladoparlamento\/wp-json\/wp\/v2\/types\/page"}],"author":[{"embeddable":true,"href":"https:\/\/homolog.saopaulo.sp.leg.br\/escoladoparlamento\/wp-json\/wp\/v2\/users\/183"}],"replies":[{"embeddable":true,"href":"https:\/\/homolog.saopaulo.sp.leg.br\/escoladoparlamento\/wp-json\/wp\/v2\/comments?post=4142"}],"version-history":[{"count":5,"href":"https:\/\/homolog.saopaulo.sp.leg.br\/escoladoparlamento\/wp-json\/wp\/v2\/pages\/4142\/revisions"}],"predecessor-version":[{"id":7249,"href":"https:\/\/homolog.saopaulo.sp.leg.br\/escoladoparlamento\/wp-json\/wp\/v2\/pages\/4142\/revisions\/7249"}],"up":[{"embeddable":true,"href":"https:\/\/homolog.saopaulo.sp.leg.br\/escoladoparlamento\/wp-json\/wp\/v2\/pages\/3097"}],"wp:attachment":[{"href":"https:\/\/homolog.saopaulo.sp.leg.br\/escoladoparlamento\/wp-json\/wp\/v2\/media?parent=4142"}],"curies":[{"name":"wp","href":"https:\/\/api.w.org\/{rel}","templated":true}]}}